{"id":77,"date":"2014-09-18T14:05:08","date_gmt":"2014-09-18T14:05:08","guid":{"rendered":"http:\/\/agora.xtec.cat\/escolamuntanyola\/?page_id=77"},"modified":"2025-09-15T09:36:31","modified_gmt":"2025-09-15T07:36:31","slug":"acollida","status":"publish","type":"page","link":"https:\/\/agora.xtec.cat\/escolamuntanyola\/serveis\/acollida\/","title":{"rendered":"Acollida"},"content":{"rendered":"<p style=\"font-weight: 400;\"><strong>L&#8217; acollida matinal comen\u00e7ar\u00e0 el dilluns 8 de setembre a les 7:30<\/strong>. <strong><u>\u00c9s molt important<\/u><\/strong>\u00a0que les fam\u00edlies que necessitin\u00a0<strong>acollida matinal<\/strong>, es dirigeixin a la Irene o la Bet per entrar al grup de WhatsApp.<\/p>\n<p style=\"font-weight: 400;\">A la seg\u00fcent taula teniu els preus orientatius del servei (el preu de la taula \u00e9s mensual):<\/p>\n<table style=\"font-weight: 400;\">\n<tbody>\n<tr>\n<td>Temps acollida<\/td>\n<td>30 min<\/td>\n<td>1h<\/td>\n<td>1h 15 min<\/td>\n<td>1h 30 min<\/td>\n<\/tr>\n<tr>\n<td>5 dies\/setmana<\/td>\n<td>15,0 \u20ac<\/td>\n<td>30,0 \u20ac<\/td>\n<td>38,0 \u20ac<\/td>\n<td>45,0 \u20ac<\/td>\n<\/tr>\n<tr>\n<td>4 dies\/setmana<\/td>\n<td>12,0 \u20ac<\/td>\n<td>25,0 \u20ac<\/td>\n<td>31,5 \u20ac<\/td>\n<td>37,0 \u20ac<\/td>\n<\/tr>\n<tr>\n<td>3 dies\/setmana<\/td>\n<td>10,0 \u20ac<\/td>\n<td>20,0 \u20ac<\/td>\n<td>25,0 \u20ac<\/td>\n<td>29,0 \u20ac<\/td>\n<\/tr>\n<tr>\n<td>2 dies\/setmana<\/td>\n<td>8,0 \u20ac<\/td>\n<td>15,0 \u20ac<\/td>\n<td>18,5 \u20ac<\/td>\n<td>21,0 \u20ac<\/td>\n<\/tr>\n<tr>\n<td>1 dia\/setmana<\/td>\n<td>6,0 \u20ac<\/td>\n<td>10,0 \u20ac<\/td>\n<td>12,0 \u20ac<\/td>\n<td>13,0 \u20ac<\/td>\n<\/tr>\n<tr>\n<td>espor\u00e0dic\/dia<\/td>\n<td>3,0 \u20ac<\/td>\n<td>3,0 \u20ac<\/td>\n<td>3,0 \u20ac<\/td>\n<td>3,0 \u20ac<\/td>\n<\/tr>\n<\/tbody>\n<\/table>\n<p style=\"font-weight: 400;\">*10% de descompte a partir dos fills.<\/p>\n","protected":false},"excerpt":{"rendered":"<p>L&#8217; acollida matinal comen\u00e7ar\u00e0 el dilluns 8 de setembre a les 7:30. \u00c9s molt important\u00a0que les fam\u00edlies que necessitin\u00a0acollida matinal, es dirigeixin a la Irene o la Bet per entrar al grup de WhatsApp.<br \/>\nA la seg\u00fcent taula teniu els preus orientatius del servei (el preu&hellip;  <a href=\"https:\/\/agora.xtec.cat\/escolamuntanyola\/serveis\/acollida\/\" title=\"Read Acollida\">Llegeix m\u00e9s\u00bb<\/a><\/p>\n","protected":false},"author":2,"featured_media":0,"parent":66,"menu_order":20,"comment_status":"closed","ping_status":"closed","template":"page-templates\/side-menu.php","meta":{"_bbp_topic_count":0,"_bbp_reply_count":0,"_bbp_total_topic_count":0,"_bbp_total_reply_count":0,"_bbp_voice_count":0,"_bbp_anonymous_reply_count":0,"_bbp_topic_count_hidden":0,"_bbp_reply_count_hidden":0,"_bbp_forum_subforum_count":0,"footnotes":""},"class_list":["post-77","page","type-page","status-publish","hentry"],"post_mailing_queue_ids":[],"_links":{"self":[{"href":"https:\/\/agora.xtec.cat\/escolamuntanyola\/wp-json\/wp\/v2\/pages\/77","targetHints":{"allow":["GET"]}}],"collection":[{"href":"https:\/\/agora.xtec.cat\/escolamuntanyola\/wp-json\/wp\/v2\/pages"}],"about":[{"href":"https:\/\/agora.xtec.cat\/escolamuntanyola\/wp-json\/wp\/v2\/types\/page"}],"author":[{"embeddable":true,"href":"https:\/\/agora.xtec.cat\/escolamuntanyola\/wp-json\/wp\/v2\/users\/2"}],"replies":[{"embeddable":true,"href":"https:\/\/agora.xtec.cat\/escolamuntanyola\/wp-json\/wp\/v2\/comments?post=77"}],"version-history":[{"count":7,"href":"https:\/\/agora.xtec.cat\/escolamuntanyola\/wp-json\/wp\/v2\/pages\/77\/revisions"}],"predecessor-version":[{"id":5821,"href":"https:\/\/agora.xtec.cat\/escolamuntanyola\/wp-json\/wp\/v2\/pages\/77\/revisions\/5821"}],"up":[{"embeddable":true,"href":"https:\/\/agora.xtec.cat\/escolamuntanyola\/wp-json\/wp\/v2\/pages\/66"}],"wp:attachment":[{"href":"https:\/\/agora.xtec.cat\/escolamuntanyola\/wp-json\/wp\/v2\/media?parent=77"}],"curies":[{"name":"wp","href":"https:\/\/api.w.org\/{rel}","templated":true}]}}