{"id":2776,"date":"2018-12-08T16:35:16","date_gmt":"2018-12-08T15:35:16","guid":{"rendered":"http:\/\/agora.xtec.cat\/escolamuntanyola\/?page_id=2776"},"modified":"2026-03-08T19:07:53","modified_gmt":"2026-03-08T18:07:53","slug":"com-treballem","status":"publish","type":"page","link":"https:\/\/agora.xtec.cat\/escolamuntanyola\/com-treballem\/","title":{"rendered":"Com treballem"},"content":{"rendered":"<p>Els agrupaments a l&#8217;escola s\u00f3n d&#8217;alumnes de diferents edats, aquests aprenen de tot el que els envolta. Per aquest motiu, treballem de diferents maneres per arribar a tots ells\/es.<\/p>\n<p>Treballem:<\/p>\n<ul>\n<li>Projectes<\/li>\n<li>Tallers intercicles<\/li>\n<li>Tallers de matem\u00e0tiques i lleng\u00fces<\/li>\n<li>Assemblees<\/li>\n<li>Treball cooperatiu<\/li>\n<li>Treball individual i col\u00b7lectiu<\/li>\n<li>Tutories individualitzades<\/li>\n<li>Educaci\u00f3 emocional (valors, autoestima, cohesi\u00f3 de grup&#8230;)<\/li>\n<li>Rob\u00f2tica, noves tecnologies i projectes STEAM<\/li>\n<li>Hort i plantes arom\u00e0tiques<\/li>\n<li>Col\u00f2nies i sortides conjuntes i en petits grups<\/li>\n<li>Passejades per l&#8217;entorn<\/li>\n<li>Padrins lectors i estones de lectura individual i col\u00b7lectiu<\/li>\n<li>Espais d&#8217;infantil<\/li>\n<li>Teatre<\/li>\n<li>Fam\u00edlia i escola<\/li>\n<\/ul>\n<p>Participem:<\/p>\n<ul>\n<li>Programa de fruita a l&#8217;escola<\/li>\n<li>SVB (Suport Vital B\u00e0sic)<\/li>\n<li>Coordinaci\u00f3 amb la Mancomunitat La Plana (Projecte de l&#8217;hort)<\/li>\n<li>Ens cartegem amb l&#8217;Escola La Monjoia de Sant Bartomeu del Grau<\/li>\n<li><span style=\"font-weight: 400;\">Estades ling\u00fc\u00edstiques d&#8217;angl\u00e8s amb l&#8217;escola Montmany del Figar\u00f3\u00a0<\/span><\/li>\n<li>Autors a les aules<\/li>\n<li>Certamen nacional infantil i juvenil de lectura en veu alta<\/li>\n<\/ul>\n<p><span style=\"line-height: 25.6px;\">Tot el claustre est\u00e0 molt unit, confia en les metodologies utilitzades i s&#8217;est\u00e0 formant constantment per oferir m\u00e9s recursos per l&#8217;educaci\u00f3 dels infants.<\/span><\/p>\n<p>Formacions en claustre d&#8217;aquest curs:<\/p>\n<ul>\n<li>PLAMIB<\/li>\n<li>Escriptura en prop\u00f2sit<\/li>\n<li>Xarxa de Comprensi\u00f3 Lectora<\/li>\n<li>ULAE<\/li>\n<\/ul>\n<p>L&#8217;institut de refer\u00e8ncia \u00e9s <a href=\"https:\/\/agora.xtec.cat\/insgurb\/\">Institut de Gurb<\/a><\/p>\n<p>&nbsp;<\/p>\n","protected":false},"excerpt":{"rendered":"<p>Els agrupaments a l&#8217;escola s\u00f3n d&#8217;alumnes de diferents edats, aquests aprenen de tot el que els envolta. Per aquest motiu, treballem de diferents maneres per arribar a tots ells\/es.<br \/>\nTreballem:<\/p>\n<ul>\n<li>Projectes<\/li>\n<li>Tallers intercicles<\/li>\n<li>Tallers de matem\u00e0tiques i lleng\u00fces<\/li>\n<li>Assemblees<\/li>\n<li>Treball cooperatiu<\/li>\n<li>Treball individual i col\u00b7lectiu<\/li>\n<li>Tutories individualitzades<\/li>\n<li>Educaci\u00f3 emocional (valors, autoestima, cohesi\u00f3 de grup&#8230;)<\/li>\n<li>Rob\u00f2tica,&hellip;  <a href=\"https:\/\/agora.xtec.cat\/escolamuntanyola\/com-treballem\/\" title=\"Read Com treballem\">Llegeix m\u00e9s\u00bb<\/a><br \/>\n","protected":false},"author":1,"featured_media":0,"parent":0,"menu_order":0,"comment_status":"closed","ping_status":"closed","template":"","meta":{"_bbp_topic_count":0,"_bbp_reply_count":0,"_bbp_total_topic_count":0,"_bbp_total_reply_count":0,"_bbp_voice_count":0,"_bbp_anonymous_reply_count":0,"_bbp_topic_count_hidden":0,"_bbp_reply_count_hidden":0,"_bbp_forum_subforum_count":0,"footnotes":""},"class_list":["post-2776","page","type-page","status-publish","hentry"],"post_mailing_queue_ids":[],"_links":{"self":[{"href":"https:\/\/agora.xtec.cat\/escolamuntanyola\/wp-json\/wp\/v2\/pages\/2776","targetHints":{"allow":["GET"]}}],"collection":[{"href":"https:\/\/agora.xtec.cat\/escolamuntanyola\/wp-json\/wp\/v2\/pages"}],"about":[{"href":"https:\/\/agora.xtec.cat\/escolamuntanyola\/wp-json\/wp\/v2\/types\/page"}],"author":[{"embeddable":true,"href":"https:\/\/agora.xtec.cat\/escolamuntanyola\/wp-json\/wp\/v2\/users\/1"}],"replies":[{"embeddable":true,"href":"https:\/\/agora.xtec.cat\/escolamuntanyola\/wp-json\/wp\/v2\/comments?post=2776"}],"version-history":[{"count":8,"href":"https:\/\/agora.xtec.cat\/escolamuntanyola\/wp-json\/wp\/v2\/pages\/2776\/revisions"}],"predecessor-version":[{"id":5888,"href":"https:\/\/agora.xtec.cat\/escolamuntanyola\/wp-json\/wp\/v2\/pages\/2776\/revisions\/5888"}],"wp:attachment":[{"href":"https:\/\/agora.xtec.cat\/escolamuntanyola\/wp-json\/wp\/v2\/media?parent=2776"}],"curies":[{"name":"wp","href":"https:\/\/api.w.org\/{rel}","templated":true}]}}