{"id":892,"date":"2016-11-10T17:23:45","date_gmt":"2016-11-10T16:23:45","guid":{"rendered":"http:\/\/agora.xtec.cat\/escolamunicipal-lasinia\/?page_id=892"},"modified":"2025-12-04T20:49:09","modified_gmt":"2025-12-04T19:49:09","slug":"menjador","status":"publish","type":"page","link":"https:\/\/agora.xtec.cat\/escolamunicipal-lasinia\/ampa\/menjador\/","title":{"rendered":"Menjador"},"content":{"rendered":"<p>L&#8217;AFA \u00e9s qui s\u2019encarrega de gestionar aquest servei, amb<strong>\u00a0cuina i menjador propis<\/strong>. El servei est\u00e0 assignat a l\u2019empresa <a title=\"Web de la vostra cuina\" href=\"http:\/\/www.lavostracuina.com\/\" target=\"_blank\" rel=\"noopener noreferrer\">La Vostra Cuina S.L. <\/a>Podeu veure el funcionament del servei en <a href=\"https:\/\/www.dropbox.com\/scl\/fi\/8vz7ya5ajhs6qo61sn1ea\/Pla-de-funcionament-i-normativa-del-menjador-curs-24-25.pdf?rlkey=evaavhjs770lzystj0hhio64o&amp;st=l9q8dvnb&amp;dl=0\" target=\"_blank\" rel=\"noopener noreferrer\">aquest enlla\u00e7.<\/a><\/p>\n<p><img loading=\"lazy\" decoding=\"async\" class=\"aligncenter wp-image-7623\" src=\"https:\/\/agora.xtec.cat\/escolamunicipal-lasinia\/wp-content\/uploads\/usu978\/2023\/11\/menjador-la-sinia.jpg\" alt=\"\" width=\"420\" height=\"440\" \/><\/p>\n<h3 style=\"text-align: left;\">Projecte<\/h3>\n<p>Si voleu consultar el <strong>projecte<\/strong> d&#8217;aquest any de La Vostra Cuina, ho podeu fer en <a href=\"https:\/\/www.dropbox.com\/scl\/fi\/zcfjmtyk849sxqq3q6ogd\/projecte-2024-2025-tem-tiques-creatives-1.pdf?rlkey=l3ndt9tkuw45zz1fcevvvgwwt&amp;st=4cxrekqw&amp;dl=0\" target=\"_blank\" rel=\"noopener noreferrer\">aquest enlla\u00e7.<\/a><\/p>\n<h1>Servei de menjador<\/h1>\n<h3 style=\"text-align: left;\">Contacte<\/h3>\n<p>Per comunicar abs\u00e8ncies o men\u00fas especials, cal comunicar-ho abans de les 10:00h<\/p>\n<p><strong>Coordinador de menjador (La Vostra Cuina): Dani<\/strong><br \/>\n<b id=\"yui_3_15_0_3_1480453926353_119\">Atenci\u00f3 telef\u00f2nica i whatsapp: <\/b>609 660 972<b id=\"yui_3_15_0_3_1480453926353_119\"><br \/>\n<b id=\"yui_3_15_0_3_1480453926353_122\">Atenci\u00f3 personal: <\/b><\/b>Demanar cita pr\u00e9via al 609 660 972<br \/>\n<strong>E-mail:<\/strong> <a href=\"mailto:lasinia@vostracuina.com\">lasinia<span class=\"\">@vostracuina.com<\/span><\/a><\/p>\n<h3 style=\"text-align: left;\"><a href=\"https:\/\/agora.xtec.cat\/escolamunicipal-lasinia\/ampa\/menjador\/menu-del-mes\/\">Men\u00fa del mes<\/a><\/h3>\n<h3 style=\"text-align: left;\"><a href=\"https:\/\/www.dropbox.com\/scl\/fo\/vy1lcm4x7axczz1roy4bv\/h?dl=0&amp;rlkey=0zkxm0a4rsz8j5deqfink1drt\"><img loading=\"lazy\" decoding=\"async\" class=\"alignleft wp-image-7623\" src=\"https:\/\/agora.xtec.cat\/escolamunicipal-lasinia\/wp-content\/uploads\/usu978\/2021\/10\/menjador.png\" alt=\"\" width=\"42\" height=\"44\" \/><\/a><\/h3>\n<p>Trobareu els men\u00fas del menjador fent clic <a href=\"https:\/\/agora.xtec.cat\/escolamunicipal-lasinia\/ampa\/menjador\/menu-del-mes\/\">aqu\u00ed<\/a>.<\/p>\n<h3>Inscripci\u00f3<\/h3>\n<ul>\n<li>Els usuaris que continuin fent servir el servei de menjador com l&#8217;any anterior, no han de fer cap gesti\u00f3. Nom\u00e9s cal notificar si hi ha canvis.<\/li>\n<li>Els nous usuaris fixes i espor\u00e0dics del servei de menjador hauran d\u2019omplir la fitxa d&#8217;inscripci\u00f3 del curs 2025-2026 i retornar-la amb totes les dades a l\u2019email <a href=\"mailto:lasinia@vostracuina.com\" target=\"_blank\" rel=\"noopener noreferrer\">lasinia@vostracuina.com<\/a><\/li>\n<li><a href=\"https:\/\/www.dropbox.com\/scl\/fi\/gqg53z06rb36jm7pj7qpp\/inscripcci-SERVEI-DE-MENJADOR-LA-SINIA.pdf?rlkey=2xcyd0u2echt2ayy8zzdsi8sk&amp;dl=0\" target=\"_blank\" rel=\"noopener\">Fixta d&#8217;inscripci\u00f3<\/a><\/li>\n<\/ul>\n<h3>Preus<\/h3>\n<ul>\n<li>Preu fixes: 7,54\u20ac<\/li>\n<li>Preu espor\u00e0dics: 8,29\u20ac<\/li>\n<li>Document: <a href=\"https:\/\/www.dropbox.com\/scl\/fi\/huqde2tot40ve254pc0gb\/Resoluci-EDF_1222_2025-de-2-d-abril-per-la-qual-es-determina-el-pre.pdf?rlkey=4cmn47qc97vgzoanaqlb3m2ya&amp;st=c7a8qg2x&amp;dl=0\" target=\"_blank\" rel=\"noopener\">Resoluci\u00f3 EDF\/1222\/2025: Preu m\u00e0xim de la prestaci\u00f3 del servei escolar de menjador<\/a><\/li>\n<\/ul>\n<h3>T&#8217;ajudem amb els comptes del menjador? Aix\u00ed sabr\u00e0s que pagar\u00e0s cada mes del curs 2025-2026<\/h3>\n<p><a href=\"https:\/\/agora.xtec.cat\/escolamunicipal-lasinia\/wp-content\/uploads\/usu978\/2025\/09\/WhatsApp-Image-2025-09-09-at-11.12.15.jpeg\"><img loading=\"lazy\" decoding=\"async\" class=\"aligncenter wp-image-11547 \" src=\"https:\/\/agora.xtec.cat\/escolamunicipal-lasinia\/wp-content\/uploads\/usu978\/2025\/09\/WhatsApp-Image-2025-09-09-at-11.12.15.jpeg\" alt=\"\" width=\"749\" height=\"535\" srcset=\"https:\/\/agora.xtec.cat\/escolamunicipal-lasinia\/wp-content\/uploads\/usu978\/2025\/09\/WhatsApp-Image-2025-09-09-at-11.12.15.jpeg 913w, https:\/\/agora.xtec.cat\/escolamunicipal-lasinia\/wp-content\/uploads\/usu978\/2025\/09\/WhatsApp-Image-2025-09-09-at-11.12.15-300x214.jpeg 300w, https:\/\/agora.xtec.cat\/escolamunicipal-lasinia\/wp-content\/uploads\/usu978\/2025\/09\/WhatsApp-Image-2025-09-09-at-11.12.15-768x548.jpeg 768w\" sizes=\"auto, (max-width: 749px) 100vw, 749px\" \/><\/a><\/p>\n<h3>Monitores i monitors de La Vostra Cuina (curs 2025-2026)<\/h3>\n<p><a href=\"https:\/\/agora.xtec.cat\/escolamunicipal-lasinia\/wp-content\/uploads\/usu978\/2025\/09\/WhatsApp-Image-2025-09-09-at-11.12.15-1.jpeg\"><img loading=\"lazy\" decoding=\"async\" class=\"aligncenter wp-image-11548 \" src=\"https:\/\/agora.xtec.cat\/escolamunicipal-lasinia\/wp-content\/uploads\/usu978\/2025\/09\/WhatsApp-Image-2025-09-09-at-11.12.15-1-819x1024.jpeg\" alt=\"\" width=\"479\" height=\"599\" srcset=\"https:\/\/agora.xtec.cat\/escolamunicipal-lasinia\/wp-content\/uploads\/usu978\/2025\/09\/WhatsApp-Image-2025-09-09-at-11.12.15-1-819x1024.jpeg 819w, https:\/\/agora.xtec.cat\/escolamunicipal-lasinia\/wp-content\/uploads\/usu978\/2025\/09\/WhatsApp-Image-2025-09-09-at-11.12.15-1-240x300.jpeg 240w, https:\/\/agora.xtec.cat\/escolamunicipal-lasinia\/wp-content\/uploads\/usu978\/2025\/09\/WhatsApp-Image-2025-09-09-at-11.12.15-1-768x960.jpeg 768w, https:\/\/agora.xtec.cat\/escolamunicipal-lasinia\/wp-content\/uploads\/usu978\/2025\/09\/WhatsApp-Image-2025-09-09-at-11.12.15-1.jpeg 1080w\" sizes=\"auto, (max-width: 479px) 100vw, 479px\" \/><\/a><\/p>\n<h3>Documents men\u00fa per emportar en cas de\u00a0malaltia<\/h3>\n<ul>\n<li><a href=\"https:\/\/www.dropbox.com\/scl\/fi\/joe1tgsck0r2g9o8dvrpa\/MENU-PER-EMPORTAR.pdf?rlkey=bqi3f9xtb156rv8g3m87a1ci0&amp;dl=0\" rel=\"noopener noreferrer\">Modalitat men\u00fa per emportar en cas de malaltia<\/a><\/li>\n<li><a href=\"https:\/\/www.dropbox.com\/scl\/fi\/oryjbu1doev6ohndlwbaj\/PROTOCOL-MENJAR-PER-EMPORTAR-CUINA-IN-SITU.pdf?rlkey=ipadoa6tawlxmfs7ray6byefr&amp;dl=0\" target=\"_blank\" rel=\"noopener noreferrer\">Protocol menjar per emportar en cas de malaltia<\/a><\/li>\n<li><a href=\"https:\/\/www.dropbox.com\/scl\/fi\/dkjopcqwju3qxvmm08t7s\/ANNEX-2-MODEL-AUTORIZACIO-PER-A-LA-RECOLIDA-DE-MENUS-CUINA-IN-SITU.pdf?rlkey=qbza6h089lcggnmritddj16c5&amp;dl=0\" target=\"_blank\" rel=\"noopener noreferrer\">Autoritzaci\u00f3 per la recollida<\/a><\/li>\n<\/ul>\n<h3>Documents de notificaci\u00f3 de canvis en el servei<\/h3>\n<p>Us deixem aqu\u00ed uns documents per que els ompliu quan sigui el cas:<\/p>\n<ul>\n<li><a href=\"https:\/\/www.dropbox.com\/scl\/fi\/sfv04f7w3jvhxkey1xypn\/CANVI-DIES-LA-SINIA..docx?rlkey=e8ypyaadj09pzh6z38vwoayk6&amp;dl=0\" target=\"_blank\" rel=\"noopener noreferrer\">Canvi de dies d&#8217;us del servei de menjador<\/a><\/li>\n<li><a href=\"https:\/\/www.dropbox.com\/scl\/fi\/i21w1f5hllkfm9nxxqs8t\/CANVI-COMPTE-LA-S-NIA-2016-2017-1.docx?rlkey=swjcot9rn2y4ru4aju241b35v&amp;dl=0\" target=\"_blank\" rel=\"noopener noreferrer\">Canvi de dades bancaries<\/a><\/li>\n<li><a href=\"https:\/\/www.dropbox.com\/scl\/fi\/733hw03i9uj4ddal4ouel\/BAIXA-MENJADOR-LA-SINIA.docx?rlkey=av320eezmy61a98gh5n73bpsq&amp;dl=0\" target=\"_blank\" rel=\"noopener noreferrer\">Baixa del servei de menjador<\/a><\/li>\n<\/ul>\n<p>Aquests documents s&#8217;han d&#8217;enviar al coordinador del menjador:<b id=\"yui_3_15_0_3_1480453926353_119\"><br \/>\nWhatsapp: <\/b>609 660 972\u00a0<b id=\"yui_3_15_0_3_1480453926353_119\"><br \/>\n<\/b><strong>E-mail:<\/strong> <a href=\"mailto:lasinia@vostracuina.com\">lasinia<span class=\"\">@vostracuina.com<\/span><\/a><\/p>\n<h3>Gesti\u00f3 del menjador<\/h3>\n<p><strong style=\"font-family: inherit; font-size: 1em;\">Per dubtes i\/o reclamacions del servei de La Vostra Cuina contactar amb<\/strong><span style=\"font-family: inherit; font-size: 1em;\">: <\/span><a style=\"font-family: inherit; font-size: 1em;\" href=\"mailto:menjador@afalasinia.cat\" target=\"_blank\" rel=\"noopener noreferrer\">menjador<span class=\"\">@afalasinia.cat<\/span><\/a><\/p>\n<p>L&#8217;equip de monitoratge inclou professionals especialistes en NNEE gr\u00e0cies al suport de l&#8217;Ajuntament de Cerdanyola.<\/p>\n<p><a href=\"https:\/\/agora.xtec.cat\/escolamunicipal-lasinia\/wp-content\/uploads\/usu978\/2025\/12\/imagen.png\"><img loading=\"lazy\" decoding=\"async\" class=\"aligncenter  wp-image-11870\" src=\"https:\/\/agora.xtec.cat\/escolamunicipal-lasinia\/wp-content\/uploads\/usu978\/2025\/12\/imagen.png\" alt=\"\" width=\"650\" height=\"250\" srcset=\"https:\/\/agora.xtec.cat\/escolamunicipal-lasinia\/wp-content\/uploads\/usu978\/2025\/12\/imagen.png 930w, https:\/\/agora.xtec.cat\/escolamunicipal-lasinia\/wp-content\/uploads\/usu978\/2025\/12\/imagen-300x115.png 300w, https:\/\/agora.xtec.cat\/escolamunicipal-lasinia\/wp-content\/uploads\/usu978\/2025\/12\/imagen-768x296.png 768w\" sizes=\"auto, (max-width: 650px) 100vw, 650px\" \/><\/a><\/p>\n","protected":false},"excerpt":{"rendered":"<p>L&#8217;AFA \u00e9s qui s\u2019encarrega de gestionar aquest servei, amb\u00a0cuina i menjador propis. El servei est\u00e0 assignat a l\u2019empresa La Vostra Cuina S.L. Podeu veure el funcionament del servei en aquest enlla\u00e7. Projecte Si voleu consultar el projecte d&#8217;aquest any de La Vostra Cuina, ho podeu fer en aquest enlla\u00e7. Servei de menjador Contacte Per comunicar [&hellip;]<\/p>\n","protected":false},"author":1,"featured_media":0,"parent":886,"menu_order":2,"comment_status":"closed","ping_status":"closed","template":"","meta":{"_bbp_topic_count":0,"_bbp_reply_count":0,"_bbp_total_topic_count":0,"_bbp_total_reply_count":0,"_bbp_voice_count":0,"_bbp_anonymous_reply_count":0,"_bbp_topic_count_hidden":0,"_bbp_reply_count_hidden":0,"_bbp_forum_subforum_count":0,"site-sidebar-layout":"default","site-content-layout":"","ast-site-content-layout":"default","site-content-style":"default","site-sidebar-style":"default","ast-global-header-display":"","ast-banner-title-visibility":"","ast-main-header-display":"","ast-hfb-above-header-display":"","ast-hfb-below-header-display":"","ast-hfb-mobile-header-display":"","site-post-title":"","ast-breadcrumbs-content":"","ast-featured-img":"","footer-sml-layout":"","theme-transparent-header-meta":"","adv-header-id-meta":"","stick-header-meta":"","header-above-stick-meta":"","header-main-stick-meta":"","header-below-stick-meta":"","astra-migrate-meta-layouts":"set","ast-page-background-enabled":"default","ast-page-background-meta":{"desktop":{"background-color":"var(--ast-global-color-5)","background-image":"","background-repeat":"repeat","background-position":"center center","background-size":"auto","background-attachment":"scroll","background-type":"","background-media":"","overlay-type":"","overlay-color":"","overlay-opacity":"","overlay-gradient":""},"tablet":{"background-color":"","background-image":"","background-repeat":"repeat","background-position":"center center","background-size":"auto","background-attachment":"scroll","background-type":"","background-media":"","overlay-type":"","overlay-color":"","overlay-opacity":"","overlay-gradient":""},"mobile":{"background-color":"","background-image":"","background-repeat":"repeat","background-position":"center center","background-size":"auto","background-attachment":"scroll","background-type":"","background-media":"","overlay-type":"","overlay-color":"","overlay-opacity":"","overlay-gradient":""}},"ast-content-background-meta":{"desktop":{"background-color":"var(--ast-global-color-4)","background-image":"","background-repeat":"repeat","background-position":"center center","background-size":"auto","background-attachment":"scroll","background-type":"","background-media":"","overlay-type":"","overlay-color":"","overlay-opacity":"","overlay-gradient":""},"tablet":{"background-color":"var(--ast-global-color-4)","background-image":"","background-repeat":"repeat","background-position":"center center","background-size":"auto","background-attachment":"scroll","background-type":"","background-media":"","overlay-type":"","overlay-color":"","overlay-opacity":"","overlay-gradient":""},"mobile":{"background-color":"var(--ast-global-color-4)","background-image":"","background-repeat":"repeat","background-position":"center center","background-size":"auto","background-attachment":"scroll","background-type":"","background-media":"","overlay-type":"","overlay-color":"","overlay-opacity":"","overlay-gradient":""}},"footnotes":""},"class_list":["post-892","page","type-page","status-publish","hentry"],"post_mailing_queue_ids":[],"_links":{"self":[{"href":"https:\/\/agora.xtec.cat\/escolamunicipal-lasinia\/wp-json\/wp\/v2\/pages\/892","targetHints":{"allow":["GET"]}}],"collection":[{"href":"https:\/\/agora.xtec.cat\/escolamunicipal-lasinia\/wp-json\/wp\/v2\/pages"}],"about":[{"href":"https:\/\/agora.xtec.cat\/escolamunicipal-lasinia\/wp-json\/wp\/v2\/types\/page"}],"author":[{"embeddable":true,"href":"https:\/\/agora.xtec.cat\/escolamunicipal-lasinia\/wp-json\/wp\/v2\/users\/1"}],"replies":[{"embeddable":true,"href":"https:\/\/agora.xtec.cat\/escolamunicipal-lasinia\/wp-json\/wp\/v2\/comments?post=892"}],"version-history":[{"count":6,"href":"https:\/\/agora.xtec.cat\/escolamunicipal-lasinia\/wp-json\/wp\/v2\/pages\/892\/revisions"}],"predecessor-version":[{"id":11873,"href":"https:\/\/agora.xtec.cat\/escolamunicipal-lasinia\/wp-json\/wp\/v2\/pages\/892\/revisions\/11873"}],"up":[{"embeddable":true,"href":"https:\/\/agora.xtec.cat\/escolamunicipal-lasinia\/wp-json\/wp\/v2\/pages\/886"}],"wp:attachment":[{"href":"https:\/\/agora.xtec.cat\/escolamunicipal-lasinia\/wp-json\/wp\/v2\/media?parent=892"}],"curies":[{"name":"wp","href":"https:\/\/api.w.org\/{rel}","templated":true}]}}