{"id":890,"date":"2016-11-10T17:23:20","date_gmt":"2016-11-10T16:23:20","guid":{"rendered":"http:\/\/agora.xtec.cat\/escolamunicipal-lasinia\/?page_id=890"},"modified":"2025-08-30T09:12:44","modified_gmt":"2025-08-30T07:12:44","slug":"acollida","status":"publish","type":"page","link":"https:\/\/agora.xtec.cat\/escolamunicipal-lasinia\/ampa\/acollida\/","title":{"rendered":"Acollida"},"content":{"rendered":"<p>L\u2019acollida \u00e9s un servei que ofereix l\u2019AFA per a les fam\u00edlies que necessiten portar o recollir els infants fora de l\u2019horari escolar.<\/p>\n<p><span style=\"font-weight: 400;\">Aquest espai est\u00e0 concebut com a una extraescolar m\u00e9s, no com a un servei de guarderia. Algunes de les activitats (en la mesura de el possible) que s&#8217;hi fan s\u00f3n: treballs manuals, pintar, l&#8217;hora del conte, jocs de taula i estrat\u00e8gia, jocs a l&#8217;aire lliure, etc&#8230;<\/span><\/p>\n<p>Del servei d\u2019acollida se\u2019n fa c\u00e0rrec una empresa externa especialitzada. Aquesta empresa, que durant el curs 2025-2026 \u00e9s La Vostra Cuina, dur a terme el servei mitjan\u00e7ant un grup de monitors, sota la supervisi\u00f3 de l\u2019AFA.<\/p>\n<h1>Acollida 2025-2026<\/h1>\n<ul>\n<li><a href=\"https:\/\/www.dropbox.com\/scl\/fi\/0udqh93ipdav9wduqn32g\/Llibret-informatiu-acollida-2025_2026.pdf?rlkey=gfegan7ccz0h1fodakoi60k1c&amp;st=6pi86rcb&amp;dl=0\" target=\"_blank\" rel=\"noopener\">Full informatiu del servei d&#8217;acollida<\/a><\/li>\n<\/ul>\n<h3>Calendari<\/h3>\n<p><span style=\"font-weight: 400;\">El calendari del servei d\u2019acollida \u00e9s el mateix que l\u2019escolar, es a dir, <strong>comen\u00e7a el dia 8 de setembre<\/strong> i finalitza el dia que acaba l\u2019escola, amb les mateixes vacances i dies festius que fa l\u2019escola.\u00a0<\/span><\/p>\n<h3>Inscripci\u00f3<\/h3>\n<ul>\n<li><a href=\"https:\/\/forms.gle\/VbBuKWMJaKbcFpCU8\" target=\"_blank\" rel=\"noopener\">Formulari d&#8217;inscripci\u00f3<\/a><\/li>\n<\/ul>\n<h3>Preus<\/h3>\n<div><a href=\"https:\/\/agora.xtec.cat\/escolamunicipal-lasinia\/wp-content\/uploads\/usu978\/2021\/09\/preus-acollida-2022.jpg\"><img loading=\"lazy\" decoding=\"async\" class=\"wp-image-7539 aligncenter\" src=\"https:\/\/agora.xtec.cat\/escolamunicipal-lasinia\/wp-content\/uploads\/usu978\/2021\/09\/preus-acollida-2022.jpg\" alt=\"\" width=\"578\" height=\"472\" srcset=\"https:\/\/agora.xtec.cat\/escolamunicipal-lasinia\/wp-content\/uploads\/usu978\/2021\/09\/preus-acollida-2022.jpg 859w, https:\/\/agora.xtec.cat\/escolamunicipal-lasinia\/wp-content\/uploads\/usu978\/2021\/09\/preus-acollida-2022-300x245.jpg 300w, https:\/\/agora.xtec.cat\/escolamunicipal-lasinia\/wp-content\/uploads\/usu978\/2021\/09\/preus-acollida-2022-768x628.jpg 768w\" sizes=\"auto, (max-width: 578px) 100vw, 578px\" \/><\/a><\/div>\n<h3><span style=\"font-family: inherit; font-size: 1em;\">Torns<\/span><\/h3>\n<div>\n<ul>\n<li><b><u><span lang=\"CA\">Torn de mat\u00ed<\/span><\/u><\/b><span lang=\"CA\">: de les 7:45 fins a les 9:00. L&#8217;entrada \u00e9s progressiva, segons vagin arribant els infants a l&#8217;escola.<\/span><\/li>\n<li><b><u><span lang=\"CA\">Torn de tarda 1<\/span><\/u><\/b><span lang=\"CA\">: de 16:30 fins les 17:15, amb activitats programades. L&#8217;hora de recollida ser\u00e0 de 17:15 a 17:25.<\/span><\/li>\n<li><b><u><span lang=\"CA\">Torn de tarda 2<\/span><\/u><\/b><span lang=\"CA\">: fins les 18:00. L&#8217;hora de recollida del segon torn de tarda ser\u00e0 progressiva a partir de les 17:30, segons els familiars vagin arribant a buscar-los.<\/span><\/li>\n<\/ul>\n<h3><span lang=\"CA\">Pagament<\/span><\/h3>\n<ul>\n<li><span lang=\"CA\"><strong>Quotes FIXES<\/strong>: mitjan\u00e7ant domiciliaci\u00f3 banc\u00e0ria mensual.<\/span><\/li>\n<li><span lang=\"CA\"><strong>ESPOR\u00c0DICS<\/strong>: fent transfer\u00e8ncia banc\u00e0ria al n\u00famero de compte: ES69 0081 1702 1100 0109 7920, indicant el nom del infant i el curs.<br \/>\n<\/span><\/li>\n<\/ul>\n<p><strong>IMPORTANT<\/strong><span style=\"font-weight: 400;\"><strong>:<\/strong> Si, per una urg\u00e8ncia, heu de deixar al vostre fill\/filla a acollida, no hi ha cap problema, deixeu-lo i pagueu despr\u00e9s el servei per <span lang=\"CA\">transfer\u00e8ncia banc\u00e0ria.<\/span><\/span><\/p>\n<h3>Alta\/baixa del servei<\/h3>\n<p><span style=\"font-weight: 400;\">Per donar-se de alta\/baixa del servei cal comunicar-ho abans del dia 15 del mes anterior<\/span><span style=\"font-weight: 400;\">. En el cas de les baixes, s\u2019hauran de comunicar enviant un correu electr\u00f2nic a l\u2019adre\u00e7a <\/span><a href=\"mailto:acollida@afalasinia.cat\"><span style=\"font-weight: 400;\">acollida@afalasinia.cat<\/span><\/a><span style=\"font-weight: 400;\">.\u00a0<\/span><\/p>\n<h3 id=\"yui_3_15_0_3_1480455208605_112\">Contacte<\/h3>\n<p>Tel.: 633 108 675<br \/>\nE-mail: <a href=\"mailto:acollida@afalasinia.cat\" target=\"_blank\" rel=\"noopener noreferrer\">acollida@afalasinia.cat<\/a><\/p>\n<\/div>\n","protected":false},"excerpt":{"rendered":"<p>L\u2019acollida \u00e9s un servei que ofereix l\u2019AFA per a les fam\u00edlies que necessiten portar o recollir els infants fora de l\u2019horari escolar. Aquest espai est\u00e0 concebut com a una extraescolar m\u00e9s, no com a un servei de guarderia. Algunes de les activitats (en la mesura de el possible) que s&#8217;hi fan s\u00f3n: treballs manuals, pintar, [&hellip;]<\/p>\n","protected":false},"author":1,"featured_media":0,"parent":886,"menu_order":1,"comment_status":"closed","ping_status":"closed","template":"","meta":{"_bbp_topic_count":0,"_bbp_reply_count":0,"_bbp_total_topic_count":0,"_bbp_total_reply_count":0,"_bbp_voice_count":0,"_bbp_anonymous_reply_count":0,"_bbp_topic_count_hidden":0,"_bbp_reply_count_hidden":0,"_bbp_forum_subforum_count":0,"site-sidebar-layout":"default","site-content-layout":"","ast-site-content-layout":"default","site-content-style":"default","site-sidebar-style":"default","ast-global-header-display":"","ast-banner-title-visibility":"","ast-main-header-display":"","ast-hfb-above-header-display":"","ast-hfb-below-header-display":"","ast-hfb-mobile-header-display":"","site-post-title":"","ast-breadcrumbs-content":"","ast-featured-img":"","footer-sml-layout":"","theme-transparent-header-meta":"","adv-header-id-meta":"","stick-header-meta":"","header-above-stick-meta":"","header-main-stick-meta":"","header-below-stick-meta":"","astra-migrate-meta-layouts":"set","ast-page-background-enabled":"default","ast-page-background-meta":{"desktop":{"background-color":"var(--ast-global-color-5)","background-image":"","background-repeat":"repeat","background-position":"center center","background-size":"auto","background-attachment":"scroll","background-type":"","background-media":"","overlay-type":"","overlay-color":"","overlay-opacity":"","overlay-gradient":""},"tablet":{"background-color":"","background-image":"","background-repeat":"repeat","background-position":"center center","background-size":"auto","background-attachment":"scroll","background-type":"","background-media":"","overlay-type":"","overlay-color":"","overlay-opacity":"","overlay-gradient":""},"mobile":{"background-color":"","background-image":"","background-repeat":"repeat","background-position":"center center","background-size":"auto","background-attachment":"scroll","background-type":"","background-media":"","overlay-type":"","overlay-color":"","overlay-opacity":"","overlay-gradient":""}},"ast-content-background-meta":{"desktop":{"background-color":"var(--ast-global-color-4)","background-image":"","background-repeat":"repeat","background-position":"center center","background-size":"auto","background-attachment":"scroll","background-type":"","background-media":"","overlay-type":"","overlay-color":"","overlay-opacity":"","overlay-gradient":""},"tablet":{"background-color":"var(--ast-global-color-4)","background-image":"","background-repeat":"repeat","background-position":"center center","background-size":"auto","background-attachment":"scroll","background-type":"","background-media":"","overlay-type":"","overlay-color":"","overlay-opacity":"","overlay-gradient":""},"mobile":{"background-color":"var(--ast-global-color-4)","background-image":"","background-repeat":"repeat","background-position":"center center","background-size":"auto","background-attachment":"scroll","background-type":"","background-media":"","overlay-type":"","overlay-color":"","overlay-opacity":"","overlay-gradient":""}},"footnotes":""},"class_list":["post-890","page","type-page","status-publish","hentry"],"post_mailing_queue_ids":[],"_links":{"self":[{"href":"https:\/\/agora.xtec.cat\/escolamunicipal-lasinia\/wp-json\/wp\/v2\/pages\/890","targetHints":{"allow":["GET"]}}],"collection":[{"href":"https:\/\/agora.xtec.cat\/escolamunicipal-lasinia\/wp-json\/wp\/v2\/pages"}],"about":[{"href":"https:\/\/agora.xtec.cat\/escolamunicipal-lasinia\/wp-json\/wp\/v2\/types\/page"}],"author":[{"embeddable":true,"href":"https:\/\/agora.xtec.cat\/escolamunicipal-lasinia\/wp-json\/wp\/v2\/users\/1"}],"replies":[{"embeddable":true,"href":"https:\/\/agora.xtec.cat\/escolamunicipal-lasinia\/wp-json\/wp\/v2\/comments?post=890"}],"version-history":[{"count":6,"href":"https:\/\/agora.xtec.cat\/escolamunicipal-lasinia\/wp-json\/wp\/v2\/pages\/890\/revisions"}],"predecessor-version":[{"id":11530,"href":"https:\/\/agora.xtec.cat\/escolamunicipal-lasinia\/wp-json\/wp\/v2\/pages\/890\/revisions\/11530"}],"up":[{"embeddable":true,"href":"https:\/\/agora.xtec.cat\/escolamunicipal-lasinia\/wp-json\/wp\/v2\/pages\/886"}],"wp:attachment":[{"href":"https:\/\/agora.xtec.cat\/escolamunicipal-lasinia\/wp-json\/wp\/v2\/media?parent=890"}],"curies":[{"name":"wp","href":"https:\/\/api.w.org\/{rel}","templated":true}]}}