{"id":799,"date":"2016-11-03T19:19:22","date_gmt":"2016-11-03T18:19:22","guid":{"rendered":"http:\/\/agora.xtec.cat\/escolamunicipal-lasinia\/?page_id=799"},"modified":"2025-11-19T18:17:20","modified_gmt":"2025-11-19T17:17:20","slug":"alumnes-i-mestres","status":"publish","type":"page","link":"https:\/\/agora.xtec.cat\/escolamunicipal-lasinia\/escola\/alumnes-i-mestres\/","title":{"rendered":"Alumnes i mestres"},"content":{"rendered":"<p>L\u2019Escola Municipal La S\u00ednia t\u00e9 actualment 389 alumnes repartits en 18 grups classe, dues l\u00ednies, des d&#8217;EI-3 fins a 6\u00e8.<\/p>\n<p><strong>Grups d\u2019alumnes i mestres<\/strong><\/p>\n<table style=\"width: 68.5099%; height: 1397px; border-collapse: collapse;\" border=\"1\">\n<tbody>\n<tr style=\"height: 33px;\">\n<td style=\"width: 83.4586%; height: 33px; background-color: #b0acac;\" colspan=\"3\"><strong>Educaci\u00f3 Infantil<br \/>\n<\/strong><\/td>\n<\/tr>\n<tr style=\"height: 33px;\">\n<td style=\"width: 9.23013%; height: 33px;\">EI-3 A<\/td>\n<td style=\"width: 46.5763%; height: 33px;\">Vanesa G\u00f3mez (Elena Puig)<\/td>\n<td style=\"width: 27.6522%; height: 33px; text-align: center;\">20 alumnes<\/td>\n<\/tr>\n<tr style=\"height: 33px;\">\n<td style=\"width: 9.23013%; height: 33px;\">EI-3 B<\/td>\n<td style=\"width: 46.5763%; height: 33px;\">Laura Fern\u00e1ndez<\/td>\n<td style=\"width: 27.6522%; height: 33px; text-align: center;\">19 alumnes<\/td>\n<\/tr>\n<tr style=\"height: 33px;\">\n<td style=\"width: 9.23013%; height: 33px;\">EI-4 A<\/td>\n<td style=\"width: 46.5763%; height: 33px;\">Ania Abad<\/td>\n<td style=\"width: 27.6522%; text-align: center; height: 33px;\">19 alumnes<\/td>\n<\/tr>\n<tr style=\"height: 33px;\">\n<td style=\"width: 9.23013%; height: 33px;\">EI-4 B<\/td>\n<td style=\"width: 46.5763%; height: 33px;\">Raquel Rodr\u00edguez<\/td>\n<td style=\"width: 27.6522%; text-align: center; height: 33px;\">18 alumnes<\/td>\n<\/tr>\n<tr style=\"height: 33px;\">\n<td style=\"width: 9.23013%; height: 33px;\">EI-5 A<\/td>\n<td style=\"width: 46.5763%; height: 33px;\">C\u00e8lia Carpio<\/td>\n<td style=\"width: 27.6522%; height: 33px; text-align: center;\">17 alumnes<\/td>\n<\/tr>\n<tr style=\"height: 33px;\">\n<td style=\"width: 9.23013%; height: 33px;\">EI-5 B<\/td>\n<td style=\"width: 46.5763%; height: 33px;\">Jessica Delgado<\/td>\n<td style=\"width: 27.6522%; height: 33px; text-align: center;\">18 alumnes<\/td>\n<\/tr>\n<tr style=\"height: 37px;\">\n<td style=\"width: 9.23013%; height: 37px;\">TEI a EI-3<\/td>\n<td style=\"width: 46.5763%; height: 37px;\">S\u00f2nia Mart\u00ednez<\/td>\n<td style=\"width: 27.6522%; text-align: center; height: 37px;\"><\/td>\n<\/tr>\n<tr style=\"height: 32px;\">\n<td style=\"width: 9.23013%; height: 32px;\">Psicomotricitat<\/td>\n<td style=\"width: 46.5763%; height: 32px;\">Marta Bayo<\/td>\n<td style=\"width: 27.6522%; text-align: center; height: 32px;\"><\/td>\n<\/tr>\n<tr style=\"height: 32px;\">\n<td style=\"width: 9.23013%; height: 32px;\">M\u00fasica<\/td>\n<td style=\"width: 46.5763%; height: 32px;\">Mar Fondevila<\/td>\n<td style=\"width: 27.6522%; text-align: center; height: 32px;\"><\/td>\n<\/tr>\n<tr style=\"height: 32px;\">\n<td style=\"width: 9.23013%; height: 32px;\">Biblioteca<\/td>\n<td style=\"width: 46.5763%; height: 32px;\">Camila Vera<\/td>\n<td style=\"width: 27.6522%; text-align: center; height: 32px;\"><\/td>\n<\/tr>\n<tr style=\"height: 32px;\">\n<td style=\"width: 9.23013%; height: 32px;\">Suport<\/td>\n<td style=\"width: 46.5763%; height: 32px;\">Conxi Fern\u00e1ndez i Camila Vera<\/td>\n<td style=\"width: 27.6522%; text-align: center; height: 32px;\"><\/td>\n<\/tr>\n<tr style=\"height: 33px;\">\n<td style=\"width: 9.23013%; height: 33px; background-color: #a3a3a3;\"><strong>Cicle Inicial<\/strong><\/td>\n<td style=\"width: 46.5763%; height: 33px;\"><\/td>\n<td style=\"width: 27.6522%; height: 33px; text-align: center;\"><\/td>\n<\/tr>\n<tr style=\"height: 33px;\">\n<td style=\"width: 9.23013%; height: 33px;\">1r A<\/td>\n<td style=\"width: 46.5763%; height: 33px;\">Montse Caballero<\/td>\n<td style=\"width: 27.6522%; text-align: center; height: 33px;\">19 alumnes<\/td>\n<\/tr>\n<tr style=\"height: 33px;\">\n<td style=\"width: 9.23013%; height: 33px;\">1r B<\/td>\n<td style=\"width: 46.5763%; height: 33px;\">Cristina Sala<\/td>\n<td style=\"width: 27.6522%; text-align: center; height: 33px;\">20 alumnes<\/td>\n<\/tr>\n<tr style=\"height: 32px;\">\n<td style=\"width: 9.23013%; height: 32px;\">2n A<\/td>\n<td style=\"width: 46.5763%; height: 32px;\">Eva Garc\u00eda<\/td>\n<td style=\"width: 27.6522%; text-align: center; height: 32px;\">20 alumnes<\/td>\n<\/tr>\n<tr style=\"height: 33px;\">\n<td style=\"width: 9.23013%; height: 33px;\">2n B<\/td>\n<td style=\"width: 46.5763%; height: 33px;\">Beatriz Crespo<\/td>\n<td style=\"width: 27.6522%; text-align: center; height: 33px;\">21 alumnes<\/td>\n<\/tr>\n<tr style=\"height: 33px;\">\n<td style=\"width: 9.23013%; height: 33px;\">Angl\u00e8s<\/td>\n<td style=\"width: 46.5763%; height: 33px;\">Ariadna Aranega i Silvia Riba<\/td>\n<td style=\"width: 27.6522%; text-align: center; height: 33px;\"><\/td>\n<\/tr>\n<tr style=\"height: 32px;\">\n<td style=\"width: 9.23013%; height: 32px;\">M\u00fasica<\/td>\n<td style=\"width: 46.5763%; height: 32px;\">Roser Simeon<\/td>\n<td style=\"width: 27.6522%; text-align: center; height: 32px;\"><\/td>\n<\/tr>\n<tr style=\"height: 32px;\">\n<td style=\"width: 9.23013%; height: 32px;\">Educaci\u00f3 F\u00edsica<\/td>\n<td style=\"width: 46.5763%; height: 32px;\">Marta Bayo<\/td>\n<td style=\"width: 27.6522%; text-align: center; height: 32px;\"><\/td>\n<\/tr>\n<tr style=\"height: 32px;\">\n<td style=\"width: 9.23013%; height: 32px;\">Biblioteca<\/td>\n<td style=\"width: 46.5763%; height: 32px;\">Anna Bendicho<\/td>\n<td style=\"width: 27.6522%; text-align: center; height: 32px;\"><\/td>\n<\/tr>\n<tr style=\"height: 32px;\">\n<td style=\"width: 9.23013%; height: 32px;\">Suport<\/td>\n<td style=\"width: 46.5763%; height: 32px;\">Arantxa Morales i Laura Zarco<\/td>\n<td style=\"width: 27.6522%; text-align: center; height: 32px;\"><\/td>\n<\/tr>\n<tr style=\"height: 33px;\">\n<td style=\"width: 9.23013%; height: 33px; background-color: #949292;\"><strong>Cicle Mitj\u00e0<\/strong><\/td>\n<td style=\"width: 46.5763%; height: 33px;\"><\/td>\n<td style=\"width: 27.6522%; height: 33px; text-align: center;\"><\/td>\n<\/tr>\n<tr style=\"height: 33px;\">\n<td style=\"width: 9.23013%; height: 33px;\">3r A<\/td>\n<td style=\"width: 46.5763%; height: 33px;\">Fani Larred (Joana Velasco)<\/td>\n<td style=\"width: 27.6522%; text-align: center; height: 33px;\">24 alumnes<\/td>\n<\/tr>\n<tr style=\"height: 33px;\">\n<td style=\"width: 9.23013%; height: 33px;\">3r B<\/td>\n<td style=\"width: 46.5763%; height: 33px;\">Laura Garc\u00eda<\/td>\n<td style=\"width: 27.6522%; text-align: center; height: 33px;\">25 alumnes<\/td>\n<\/tr>\n<tr style=\"height: 33px;\">\n<td style=\"width: 9.23013%; height: 33px;\">4t A<\/td>\n<td style=\"width: 46.5763%; height: 33px;\">Alba Pamp\u00edn<\/td>\n<td style=\"width: 27.6522%; text-align: center; height: 33px;\">25 alumnes<\/td>\n<\/tr>\n<tr style=\"height: 32px;\">\n<td style=\"width: 9.23013%; height: 32px;\">4t B<\/td>\n<td style=\"width: 46.5763%; height: 32px;\">Montse Minguillan<\/td>\n<td style=\"width: 27.6522%; text-align: center; height: 32px;\">26 alumnes<\/td>\n<\/tr>\n<tr style=\"height: 32px;\">\n<td style=\"width: 9.23013%; height: 32px;\">Angl\u00e8s<\/td>\n<td style=\"width: 46.5763%; height: 32px;\">Ariadna Aranega<\/td>\n<td style=\"width: 27.6522%; text-align: center; height: 32px;\"><\/td>\n<\/tr>\n<tr style=\"height: 32px;\">\n<td style=\"width: 9.23013%; height: 32px;\">M\u00fasica<\/td>\n<td style=\"width: 46.5763%; height: 32px;\">Roser Simeon<\/td>\n<td style=\"width: 27.6522%; text-align: center; height: 32px;\"><\/td>\n<\/tr>\n<tr style=\"height: 32px;\">\n<td style=\"width: 9.23013%; height: 32px;\">Educaci\u00f3 F\u00edsica<\/td>\n<td style=\"width: 46.5763%; height: 32px;\">Sandra Villullas<\/td>\n<td style=\"width: 27.6522%; text-align: center; height: 32px;\"><\/td>\n<\/tr>\n<tr>\n<td style=\"width: 9.23013%;\">Biblioteca<\/td>\n<td style=\"width: 46.5763%;\">Anna Bendicho<\/td>\n<td style=\"width: 27.6522%; text-align: center; height: 32px;\"><\/td>\n<\/tr>\n<tr>\n<td style=\"width: 9.23013%;\">Suport<\/td>\n<td style=\"width: 46.5763%;\">Anna Cano<\/td>\n<td style=\"width: 27.6522%; text-align: center; height: 32px;\"><\/td>\n<\/tr>\n<tr style=\"height: 32px;\">\n<td style=\"width: 9.23013%; height: 32px; background-color: #a8a7a7;\"><strong>Cicle Superior<\/strong><\/td>\n<td style=\"width: 46.5763%; height: 32px;\"><\/td>\n<td style=\"width: 27.6522%; height: 32px; text-align: center;\"><\/td>\n<\/tr>\n<tr style=\"height: 32px;\">\n<td style=\"width: 9.23013%; height: 32px;\">5\u00e8 A<\/td>\n<td style=\"width: 46.5763%; height: 32px;\">Marc Guillamon (Alba Gimenez)<\/td>\n<td style=\"width: 27.6522%; text-align: center; height: 32px;\">22 alumnes<\/td>\n<\/tr>\n<tr style=\"height: 32px;\">\n<td style=\"width: 9.23013%; height: 32px;\">5\u00e8 B<\/td>\n<td style=\"width: 46.5763%; height: 32px;\">Sara P\u00e9rez (Ariadna Blanco)<\/td>\n<td style=\"width: 27.6522%; text-align: center; height: 32px;\">22 alumnes<\/td>\n<\/tr>\n<tr style=\"height: 32px;\">\n<td style=\"width: 9.23013%; height: 32px;\">6\u00e8 A<\/td>\n<td style=\"width: 46.5763%; height: 32px;\">Lara Bourdelande<\/td>\n<td style=\"width: 27.6522%; text-align: center; height: 32px;\">27 alumnes<\/td>\n<\/tr>\n<tr style=\"height: 32px;\">\n<td style=\"width: 9.23013%; height: 32px;\">6\u00e8 B<\/td>\n<td style=\"width: 46.5763%; height: 32px;\">Alicia Fuentes<\/td>\n<td style=\"width: 27.6522%; text-align: center; height: 32px;\">27 alumnes<\/td>\n<\/tr>\n<tr style=\"height: 32px;\">\n<td style=\"width: 9.23013%; height: 32px;\">Angl\u00e8s<\/td>\n<td style=\"width: 46.5763%; height: 32px;\">Silvia Riba<\/td>\n<td style=\"width: 27.6522%; text-align: center; height: 32px;\"><\/td>\n<\/tr>\n<tr style=\"height: 32px;\">\n<td style=\"width: 9.23013%; height: 32px;\">M\u00fasica<\/td>\n<td style=\"width: 46.5763%; height: 32px;\">Roser Simeon<\/td>\n<td style=\"width: 27.6522%; text-align: center; height: 32px;\"><\/td>\n<\/tr>\n<tr style=\"height: 32px;\">\n<td style=\"width: 9.23013%; height: 32px;\">Educaci\u00f3 F\u00edsica<\/td>\n<td style=\"width: 46.5763%; height: 32px;\">Sandra Villullas<\/td>\n<td style=\"width: 27.6522%; text-align: center; height: 32px;\"><\/td>\n<\/tr>\n<tr>\n<td style=\"width: 9.23013%;\">Biblioteca<\/td>\n<td style=\"width: 46.5763%;\">Anna Bendicho<\/td>\n<td style=\"width: 27.6522%; text-align: center; height: 32px;\"><\/td>\n<\/tr>\n<tr>\n<td style=\"width: 9.23013%;\">Suport<\/td>\n<td style=\"width: 46.5763%;\">Maite Palau<\/td>\n<td style=\"width: 27.6522%; text-align: center; height: 32px;\"><\/td>\n<\/tr>\n<\/tbody>\n<\/table>\n<p><strong>Atenci\u00f3 a la Diversitat<\/strong><\/p>\n<table style=\"width: 52.3448%; height: 91px; border-collapse: collapse;\" border=\"1\">\n<tbody>\n<tr style=\"height: 32px;\">\n<td style=\"width: 43.6354%; height: 10px;\">Atenci\u00f3 a la Diversitat<\/td>\n<td style=\"width: 72.661%; height: 10px;\">Laia Ezquerra<\/td>\n<\/tr>\n<tr>\n<td style=\"width: 43.6354%;\"><\/td>\n<td style=\"width: 72.661%;\">Marta Segura<\/td>\n<\/tr>\n<tr>\n<td style=\"width: 43.6354%;\"><\/td>\n<td style=\"width: 72.661%;\">Jenny Fontan (atenci\u00f3 alumnat nouvingut)<\/td>\n<\/tr>\n<tr>\n<td style=\"width: 43.6354%;\">Auxiliar d\u2019Atenci\u00f3 a la Diversitat<\/td>\n<td style=\"width: 72.661%;\">M. \u00c0ngels Marimon<\/td>\n<\/tr>\n<tr style=\"height: 32px;\">\n<td style=\"width: 43.6354%; height: 25px;\"><\/td>\n<td style=\"width: 72.661%; height: 25px;\"><\/td>\n<\/tr>\n<\/tbody>\n<\/table>\n<p><strong>Equip Directiu<\/strong><\/p>\n<table style=\"border-collapse: collapse; width: 50.605%; height: 74px;\" border=\"1\">\n<tbody>\n<tr style=\"height: 10px;\">\n<td style=\"width: 56.9638%; height: 10px;\">Director<\/td>\n<td style=\"width: 55.4436%; height: 10px;\">Xavier Devesa<\/td>\n<\/tr>\n<tr style=\"height: 32px;\">\n<td style=\"width: 56.9638%; height: 32px;\">Cap d\u2019Estudis<\/td>\n<td style=\"width: 55.4436%; height: 32px;\">Sandra S\u00e1nchez<\/td>\n<\/tr>\n<tr style=\"height: 32px;\">\n<td style=\"width: 56.9638%; height: 32px;\">Secret\u00e0ria \u2013 Administradora<\/td>\n<td style=\"width: 55.4436%; height: 32px;\">Baudi Rinc\u00f3n<\/td>\n<\/tr>\n<\/tbody>\n<\/table>\n<p><strong>Equip de Coordinaci\u00f3 Pedag\u00f2gica<\/strong><\/p>\n<table style=\"border-collapse: collapse; width: 50.4855%; height: 145px;\" border=\"1\">\n<tbody>\n<tr style=\"height: 32px;\">\n<td style=\"width: 57.1013%; height: 32px;\">Cap d\u2019Estudis<\/td>\n<td style=\"width: 55.7479%; height: 32px;\">Sandra S\u00e1nchez<\/td>\n<\/tr>\n<tr style=\"height: 32px;\">\n<td style=\"width: 57.1013%; height: 32px;\">Director<\/td>\n<td style=\"width: 55.7479%; height: 32px;\">Xavier Devesa<\/td>\n<\/tr>\n<tr style=\"height: 32px;\">\n<td style=\"width: 57.1013%; height: 32px;\">Coordinadora E. Infantil<\/td>\n<td style=\"width: 55.7479%; height: 32px;\">Laura Fern\u00e1ndez<\/td>\n<\/tr>\n<tr style=\"height: 32px;\">\n<td style=\"width: 57.1013%; height: 32px;\">Coordinador C. Inicial<\/td>\n<td style=\"width: 55.7479%; height: 32px;\">Marta Bayo<\/td>\n<\/tr>\n<tr style=\"height: 32px;\">\n<td style=\"width: 57.1013%; height: 32px;\">Coordinadora C. Mitj\u00e0<\/td>\n<td style=\"width: 55.7479%; height: 32px;\">Montse Minguillan<\/td>\n<\/tr>\n<tr style=\"height: 32px;\">\n<td style=\"width: 57.1013%; height: 32px;\">Coordinadora C. Superior<\/td>\n<td style=\"width: 55.7479%; height: 32px;\">Roser Simeon<\/td>\n<\/tr>\n<\/tbody>\n<\/table>\n<p><strong>Altres coordinacions<\/strong><\/p>\n<table style=\"border-collapse: collapse; width: 60.0393%; height: 86px;\" border=\"1\">\n<tbody>\n<tr>\n<td style=\"width: 66.3689%;\">Digital<\/td>\n<td style=\"width: 66.718%;\">Sandra Villullas<\/td>\n<\/tr>\n<tr>\n<td style=\"width: 66.3689%;\">LIC<\/td>\n<td style=\"width: 66.718%;\">Anna Bendicho<\/td>\n<\/tr>\n<tr>\n<td style=\"width: 66.3689%;\">Educaci\u00f3 Especial<\/td>\n<td style=\"width: 66.718%;\">Laia Ezquerra<\/td>\n<\/tr>\n<tr>\n<td style=\"width: 66.3689%;\">Coeducaci\u00f3, conviv\u00e8ncia i benestar de l&#8217;alumnat (CoCoBe)<\/td>\n<td style=\"width: 66.718%;\">Jessica Delgado<\/td>\n<\/tr>\n<\/tbody>\n<\/table>\n<p><strong>Personal no docent<\/strong><\/p>\n<table style=\"border-collapse: collapse; width: 45.0188%; height: 48px;\" border=\"1\">\n<tbody>\n<tr>\n<td style=\"width: 36.3057%;\">Conserge<\/td>\n<td style=\"width: 63.6943%;\">Eva Romero<\/td>\n<\/tr>\n<tr>\n<td style=\"width: 36.3057%;\">Auxiliar<\/td>\n<td style=\"width: 63.6943%;\">Yolanda P\u00e9rez<\/td>\n<\/tr>\n<\/tbody>\n<\/table>\n<p><strong>Recursos externs<\/strong><\/p>\n<table style=\"border-collapse: collapse; width: 45.0188%; height: 100px;\" border=\"1\">\n<tbody>\n<tr>\n<td style=\"width: 36.9427%;\">Psic\u00f2loga<\/td>\n<td style=\"width: 63.0573%;\">N\u00faria Oc\u00f3n<\/td>\n<\/tr>\n<tr>\n<td style=\"width: 36.9427%;\">Logopeda<\/td>\n<td style=\"width: 63.0573%;\">Laura Palomino<\/td>\n<\/tr>\n<tr>\n<td style=\"width: 36.9427%;\">Treballadora Social<\/td>\n<td style=\"width: 63.0573%;\">Maria Antonia Jimenez<\/td>\n<\/tr>\n<\/tbody>\n<\/table>\n","protected":false},"excerpt":{"rendered":"<p>L\u2019Escola Municipal La S\u00ednia t\u00e9 actualment 389 alumnes repartits en 18 grups classe, dues l\u00ednies, des d&#8217;EI-3 fins a 6\u00e8. Grups d\u2019alumnes i mestres Educaci\u00f3 Infantil EI-3 A Vanesa G\u00f3mez (Elena Puig) 20 alumnes EI-3 B Laura Fern\u00e1ndez 19 alumnes EI-4 A Ania Abad 19 alumnes EI-4 B Raquel Rodr\u00edguez 18 alumnes EI-5 A C\u00e8lia [&hellip;]<\/p>\n","protected":false},"author":1,"featured_media":0,"parent":569,"menu_order":0,"comment_status":"closed","ping_status":"closed","template":"","meta":{"_bbp_topic_count":0,"_bbp_reply_count":0,"_bbp_total_topic_count":0,"_bbp_total_reply_count":0,"_bbp_voice_count":0,"_bbp_anonymous_reply_count":0,"_bbp_topic_count_hidden":0,"_bbp_reply_count_hidden":0,"_bbp_forum_subforum_count":0,"site-sidebar-layout":"default","site-content-layout":"","ast-site-content-layout":"default","site-content-style":"default","site-sidebar-style":"default","ast-global-header-display":"","ast-banner-title-visibility":"","ast-main-header-display":"","ast-hfb-above-header-display":"","ast-hfb-below-header-display":"","ast-hfb-mobile-header-display":"","site-post-title":"","ast-breadcrumbs-content":"","ast-featured-img":"","footer-sml-layout":"","theme-transparent-header-meta":"","adv-header-id-meta":"","stick-header-meta":"","header-above-stick-meta":"","header-main-stick-meta":"","header-below-stick-meta":"","astra-migrate-meta-layouts":"set","ast-page-background-enabled":"default","ast-page-background-meta":{"desktop":{"background-color":"var(--ast-global-color-5)","background-image":"","background-repeat":"repeat","background-position":"center center","background-size":"auto","background-attachment":"scroll","background-type":"","background-media":"","overlay-type":"","overlay-color":"","overlay-opacity":"","overlay-gradient":""},"tablet":{"background-color":"","background-image":"","background-repeat":"repeat","background-position":"center center","background-size":"auto","background-attachment":"scroll","background-type":"","background-media":"","overlay-type":"","overlay-color":"","overlay-opacity":"","overlay-gradient":""},"mobile":{"background-color":"","background-image":"","background-repeat":"repeat","background-position":"center center","background-size":"auto","background-attachment":"scroll","background-type":"","background-media":"","overlay-type":"","overlay-color":"","overlay-opacity":"","overlay-gradient":""}},"ast-content-background-meta":{"desktop":{"background-color":"var(--ast-global-color-4)","background-image":"","background-repeat":"repeat","background-position":"center center","background-size":"auto","background-attachment":"scroll","background-type":"","background-media":"","overlay-type":"","overlay-color":"","overlay-opacity":"","overlay-gradient":""},"tablet":{"background-color":"var(--ast-global-color-4)","background-image":"","background-repeat":"repeat","background-position":"center center","background-size":"auto","background-attachment":"scroll","background-type":"","background-media":"","overlay-type":"","overlay-color":"","overlay-opacity":"","overlay-gradient":""},"mobile":{"background-color":"var(--ast-global-color-4)","background-image":"","background-repeat":"repeat","background-position":"center center","background-size":"auto","background-attachment":"scroll","background-type":"","background-media":"","overlay-type":"","overlay-color":"","overlay-opacity":"","overlay-gradient":""}},"footnotes":""},"class_list":["post-799","page","type-page","status-publish","hentry"],"post_mailing_queue_ids":[],"_links":{"self":[{"href":"https:\/\/agora.xtec.cat\/escolamunicipal-lasinia\/wp-json\/wp\/v2\/pages\/799","targetHints":{"allow":["GET"]}}],"collection":[{"href":"https:\/\/agora.xtec.cat\/escolamunicipal-lasinia\/wp-json\/wp\/v2\/pages"}],"about":[{"href":"https:\/\/agora.xtec.cat\/escolamunicipal-lasinia\/wp-json\/wp\/v2\/types\/page"}],"author":[{"embeddable":true,"href":"https:\/\/agora.xtec.cat\/escolamunicipal-lasinia\/wp-json\/wp\/v2\/users\/1"}],"replies":[{"embeddable":true,"href":"https:\/\/agora.xtec.cat\/escolamunicipal-lasinia\/wp-json\/wp\/v2\/comments?post=799"}],"version-history":[{"count":6,"href":"https:\/\/agora.xtec.cat\/escolamunicipal-lasinia\/wp-json\/wp\/v2\/pages\/799\/revisions"}],"predecessor-version":[{"id":11802,"href":"https:\/\/agora.xtec.cat\/escolamunicipal-lasinia\/wp-json\/wp\/v2\/pages\/799\/revisions\/11802"}],"up":[{"embeddable":true,"href":"https:\/\/agora.xtec.cat\/escolamunicipal-lasinia\/wp-json\/wp\/v2\/pages\/569"}],"wp:attachment":[{"href":"https:\/\/agora.xtec.cat\/escolamunicipal-lasinia\/wp-json\/wp\/v2\/media?parent=799"}],"curies":[{"name":"wp","href":"https:\/\/api.w.org\/{rel}","templated":true}]}}