{"id":7498,"date":"2021-06-29T18:56:22","date_gmt":"2021-06-29T16:56:22","guid":{"rendered":"http:\/\/agora.xtec.cat\/escolamunicipal-lasinia\/?page_id=7498"},"modified":"2025-12-04T20:49:36","modified_gmt":"2025-12-04T19:49:36","slug":"extraescolars-2","status":"publish","type":"page","link":"https:\/\/agora.xtec.cat\/escolamunicipal-lasinia\/ampa\/extraescolars-2\/","title":{"rendered":"Extraescolars"},"content":{"rendered":"<p>Des de la vocalia d&#8217;extraescolars planifiquem i organitzem les activitats relacionades amb l&#8217;esport i el lleure fora de l&#8217;horari escolar. Hi ha tant activitats dirigides als nostres fills i filles, com activitats adre\u00e7ades als pares i mares.<\/p>\n<h1>Extraexcolars 2025-2026<\/h1>\n<h3>Informaci\u00f3 important<\/h3>\n<ul>\n<li><a href=\"https:\/\/www.dropbox.com\/scl\/fi\/601bog4zdb01d55a9pa7r\/ESCOLA-LA-SINIA-2023-2024.pdf?rlkey=l3dn5nup29285jbo3yijxgyac&amp;dl=0\">Normativa, descripci\u00f3 i preu de les activitats<\/a><\/li>\n<\/ul>\n<h3><span id=\"yui_3_16_0_ym19_1_1497603694178_12912\"><span id=\"yui_3_16_0_ym19_1_1497603694178_12911\"><span id=\"yiv5827815298yui_3_16_0_1_1497434076651_52641\" lang=\"ES-AR\">Inscripci\u00f3 modalitat on-line<\/span><\/span><\/span><\/h3>\n<ul>\n<li><span id=\"yiv5827815298yui_3_16_0_1_1497434076651_65785\" style=\"font-size: medium;\"><span id=\"yiv5827815298yui_3_16_0_1_1497434076651_65784\" style=\"font-family: HelveticaNeue,Helvetica Neue,Helvetica,Arial,Lucida Grande,sans-serif;\"><span id=\"yiv5827815298yui_3_16_0_1_1497434076651_52646\" lang=\"ES-AR\"><\/span><\/span><\/span><span style=\"font-size: medium;\"><span style=\"font-family: HelveticaNeue,Helvetica Neue,Helvetica,Arial,Lucida Grande,sans-serif;\"><span lang=\"ES-AR\">Inscripcions obertes del <strong>22 de JUNY al 20 de SETEMBRE <\/strong><\/span><\/span><\/span>a qualsevol horari amb un n\u00famero d\u2019entrada segons dia i hora.<\/li>\n<\/ul>\n<h3>Normativa d&#8217;inscripci\u00f3<\/h3>\n<ul>\n<li class=\"textbox\" dir=\"ltr\">Els grups es faran per ordre d\u2019inscripci\u00f3 amb el n\u00famero d&#8217;entrada.<\/li>\n<li class=\"textbox\" dir=\"ltr\">En el cas que en el per\u00edode d&#8217;inscripcions\u00a0 es sobrepassi la r\u00e0tio es faran els grups per sorteig amb el n\u00famero d&#8217;entrada.<\/li>\n<li class=\"textbox\" dir=\"ltr\">S\u2019establir\u00e0 un nombre m\u00ednim d\u2019alumnes per a cada activitat, si el nombre d\u2019inscrits no arriba al m\u00ednim establert (8 nens), no es far\u00e0 l\u2019activitat.<\/li>\n<li class=\"textbox\" dir=\"ltr\"><strong>Els inscrits abans del 15\/07<\/strong><strong>\/2025 comen\u00e7aran el dia 06\/09\/2025<\/strong>.<\/li>\n<li class=\"textbox\" dir=\"ltr\">Totes les inscripcions posteriors comen\u00e7aran a partir de l&#8217;01\/10\/2025.<\/li>\n<\/ul>\n<p>Consulteu el full de la <a href=\"https:\/\/www.dropbox.com\/s\/414pf6t2pk7ar9v\/ACTIVITATS%20EXTRAESCOLARS%20ESCOLA%20LA%20SINIA%202022-2023.pdf?dl=0\" target=\"_blank\" rel=\"noopener noreferrer\">normativa<\/a> per con\u00e8ixer m\u00e9s detalls.<\/p>\n<p>L&#8217;AFA La Sinia rep una subvenci\u00f3 per donar suport a les activitats esportives, gr\u00e0cies al ajuntament de Cerdanyola.<\/p>\n<p><a href=\"https:\/\/agora.xtec.cat\/escolamunicipal-lasinia\/wp-content\/uploads\/usu978\/2025\/12\/imagen.png\"><img loading=\"lazy\" decoding=\"async\" class=\"aligncenter  wp-image-11870\" src=\"https:\/\/agora.xtec.cat\/escolamunicipal-lasinia\/wp-content\/uploads\/usu978\/2025\/12\/imagen.png\" alt=\"\" width=\"684\" height=\"263\" srcset=\"https:\/\/agora.xtec.cat\/escolamunicipal-lasinia\/wp-content\/uploads\/usu978\/2025\/12\/imagen.png 930w, https:\/\/agora.xtec.cat\/escolamunicipal-lasinia\/wp-content\/uploads\/usu978\/2025\/12\/imagen-300x115.png 300w, https:\/\/agora.xtec.cat\/escolamunicipal-lasinia\/wp-content\/uploads\/usu978\/2025\/12\/imagen-768x296.png 768w\" sizes=\"auto, (max-width: 684px) 100vw, 684px\" \/><\/a><\/p>\n<h3>Contacte<\/h3>\n<p><strong>Empresa responsable:<br \/>\n<\/strong><span style=\"font-family: inherit; font-size: 1em;\">Dayanis Guerra Carballoso<br \/>\n<\/span>Tel.: 650 862 143<br \/>\nE-mail: <span id=\"yiv5827815298yui_3_16_0_1_1497434076651_65722\" style=\"font-size: medium;\"><span id=\"yiv5827815298yui_3_16_0_1_1497434076651_65720\" style=\"font-family: HelveticaNeue,Helvetica Neue,Helvetica,Arial,Lucida Grande,sans-serif;\"><span id=\"yiv5827815298yui_3_16_0_1_1497434076651_52688\"><span id=\"yiv5827815298yui_3_16_0_1_1497434076651_63577\" lang=\"ES-AR\"><a href=\"mailto:dayanis.guerra.carballoso@gmail.com\">dayanis.guerra.carballoso<span class=\"\">@gmail.com<\/span><\/a><\/span><\/span><\/span><\/span><\/p>\n<p><span style=\"font-family: inherit; font-size: 1em;\"><span id=\"yiv5827815298yui_3_16_0_1_1497434076651_65722\" style=\"font-size: medium;\"><span id=\"yiv5827815298yui_3_16_0_1_1497434076651_65720\" style=\"font-family: HelveticaNeue,Helvetica Neue,Helvetica,Arial,Lucida Grande,sans-serif;\"><span id=\"yiv5827815298yui_3_16_0_1_1497434076651_52688\"><strong style=\"font-family: inherit; font-size: 1em;\">Vocalia d&#8217;extraescolars:<br \/>\n<\/strong><\/span><\/span><\/span><\/span><span style=\"font-family: inherit; font-size: 1em;\"><span id=\"yiv5827815298yui_3_16_0_1_1497434076651_65722\" style=\"font-size: medium;\"><span id=\"yiv5827815298yui_3_16_0_1_1497434076651_65720\" style=\"font-family: HelveticaNeue,Helvetica Neue,Helvetica,Arial,Lucida Grande,sans-serif;\"><span id=\"yiv5827815298yui_3_16_0_1_1497434076651_52688\">Coordinadora d&#8217;extraescolars: Alba<\/span><\/span><\/span><\/span><strong><span style=\"font-family: inherit; font-size: 1em;\"><br \/>\n<\/span><\/strong><span style=\"font-family: HelveticaNeue, 'Helvetica Neue', Helvetica, Arial, 'Lucida Grande', sans-serif; font-size: medium;\"><span id=\"yiv5827815298yui_3_16_0_1_1497434076651_65722\" style=\"font-size: medium;\"><span id=\"yiv5827815298yui_3_16_0_1_1497434076651_65720\" style=\"font-family: HelveticaNeue,Helvetica Neue,Helvetica,Arial,Lucida Grande,sans-serif;\"><span id=\"yiv5827815298yui_3_16_0_1_1497434076651_52688\">Tel.: 622 399 956 (Trucar en horari extraescolar)<\/span><\/span><\/span><br \/>\nE-mail: <\/span><a style=\"font-family: HelveticaNeue, 'Helvetica Neue', Helvetica, Arial, 'Lucida Grande', sans-serif; font-size: medium;\" href=\"mailto:extraescolars@afalasinia.cat\">extraescolars@afalasinia<\/a><\/p>\n","protected":false},"excerpt":{"rendered":"<p>Des de la vocalia d&#8217;extraescolars planifiquem i organitzem les activitats relacionades amb l&#8217;esport i el lleure fora de l&#8217;horari escolar. Hi ha tant activitats dirigides als nostres fills i filles, com activitats adre\u00e7ades als pares i mares. Extraexcolars 2025-2026 Informaci\u00f3 important Normativa, descripci\u00f3 i preu de les activitats Inscripci\u00f3 modalitat on-line Inscripcions obertes del 22 [&hellip;]<\/p>\n","protected":false},"author":18,"featured_media":0,"parent":886,"menu_order":3,"comment_status":"closed","ping_status":"closed","template":"","meta":{"_bbp_topic_count":0,"_bbp_reply_count":0,"_bbp_total_topic_count":0,"_bbp_total_reply_count":0,"_bbp_voice_count":0,"_bbp_anonymous_reply_count":0,"_bbp_topic_count_hidden":0,"_bbp_reply_count_hidden":0,"_bbp_forum_subforum_count":0,"site-sidebar-layout":"default","site-content-layout":"","ast-site-content-layout":"default","site-content-style":"default","site-sidebar-style":"default","ast-global-header-display":"","ast-banner-title-visibility":"","ast-main-header-display":"","ast-hfb-above-header-display":"","ast-hfb-below-header-display":"","ast-hfb-mobile-header-display":"","site-post-title":"","ast-breadcrumbs-content":"","ast-featured-img":"","footer-sml-layout":"","theme-transparent-header-meta":"","adv-header-id-meta":"","stick-header-meta":"","header-above-stick-meta":"","header-main-stick-meta":"","header-below-stick-meta":"","astra-migrate-meta-layouts":"set","ast-page-background-enabled":"default","ast-page-background-meta":{"desktop":{"background-color":"var(--ast-global-color-5)","background-image":"","background-repeat":"repeat","background-position":"center center","background-size":"auto","background-attachment":"scroll","background-type":"","background-media":"","overlay-type":"","overlay-color":"","overlay-opacity":"","overlay-gradient":""},"tablet":{"background-color":"","background-image":"","background-repeat":"repeat","background-position":"center center","background-size":"auto","background-attachment":"scroll","background-type":"","background-media":"","overlay-type":"","overlay-color":"","overlay-opacity":"","overlay-gradient":""},"mobile":{"background-color":"","background-image":"","background-repeat":"repeat","background-position":"center center","background-size":"auto","background-attachment":"scroll","background-type":"","background-media":"","overlay-type":"","overlay-color":"","overlay-opacity":"","overlay-gradient":""}},"ast-content-background-meta":{"desktop":{"background-color":"var(--ast-global-color-4)","background-image":"","background-repeat":"repeat","background-position":"center center","background-size":"auto","background-attachment":"scroll","background-type":"","background-media":"","overlay-type":"","overlay-color":"","overlay-opacity":"","overlay-gradient":""},"tablet":{"background-color":"var(--ast-global-color-4)","background-image":"","background-repeat":"repeat","background-position":"center center","background-size":"auto","background-attachment":"scroll","background-type":"","background-media":"","overlay-type":"","overlay-color":"","overlay-opacity":"","overlay-gradient":""},"mobile":{"background-color":"var(--ast-global-color-4)","background-image":"","background-repeat":"repeat","background-position":"center center","background-size":"auto","background-attachment":"scroll","background-type":"","background-media":"","overlay-type":"","overlay-color":"","overlay-opacity":"","overlay-gradient":""}},"footnotes":""},"class_list":["post-7498","page","type-page","status-publish","hentry"],"post_mailing_queue_ids":[],"_links":{"self":[{"href":"https:\/\/agora.xtec.cat\/escolamunicipal-lasinia\/wp-json\/wp\/v2\/pages\/7498","targetHints":{"allow":["GET"]}}],"collection":[{"href":"https:\/\/agora.xtec.cat\/escolamunicipal-lasinia\/wp-json\/wp\/v2\/pages"}],"about":[{"href":"https:\/\/agora.xtec.cat\/escolamunicipal-lasinia\/wp-json\/wp\/v2\/types\/page"}],"author":[{"embeddable":true,"href":"https:\/\/agora.xtec.cat\/escolamunicipal-lasinia\/wp-json\/wp\/v2\/users\/18"}],"replies":[{"embeddable":true,"href":"https:\/\/agora.xtec.cat\/escolamunicipal-lasinia\/wp-json\/wp\/v2\/comments?post=7498"}],"version-history":[{"count":6,"href":"https:\/\/agora.xtec.cat\/escolamunicipal-lasinia\/wp-json\/wp\/v2\/pages\/7498\/revisions"}],"predecessor-version":[{"id":11874,"href":"https:\/\/agora.xtec.cat\/escolamunicipal-lasinia\/wp-json\/wp\/v2\/pages\/7498\/revisions\/11874"}],"up":[{"embeddable":true,"href":"https:\/\/agora.xtec.cat\/escolamunicipal-lasinia\/wp-json\/wp\/v2\/pages\/886"}],"wp:attachment":[{"href":"https:\/\/agora.xtec.cat\/escolamunicipal-lasinia\/wp-json\/wp\/v2\/media?parent=7498"}],"curies":[{"name":"wp","href":"https:\/\/api.w.org\/{rel}","templated":true}]}}