{"id":571,"date":"2016-07-13T13:37:00","date_gmt":"2016-07-13T12:37:00","guid":{"rendered":"http:\/\/agora.xtec.cat\/escolamunicipal-lasinia\/?page_id=571"},"modified":"2016-11-25T00:01:52","modified_gmt":"2016-11-24T23:01:52","slug":"qui-som","status":"publish","type":"page","link":"https:\/\/agora.xtec.cat\/escolamunicipal-lasinia\/escola\/qui-som\/","title":{"rendered":"Qui som?"},"content":{"rendered":"<p style=\"text-align: justify;\">L&#8217;Escola Municipal La S\u00ednia inicia la seva exist\u00e8ncia l&#8217;any 1982 quan el col\u00b7legi Cristo Rei entra en crisi, la qual cosa porta al seu tancament. La pressi\u00f3 de les fam\u00edlies de l\u2019escola i la manca de places escolars p\u00fabliques a la localitat, fa que l&#8217;Ajuntament de la ciutat es faci c\u00e0rrec de la seva titularitat passant aix\u00ed de ser un centre privat a municipal.\u00a0 L&#8217;objectiu del consistori va ser garantir la continu\u00eftat de les quatre-centes places escolars existents, en espera de que la Generalitat n&#8217;assum\u00eds la titularitat, cosa que no es va arribar a produir.<\/p>\n<p style=\"text-align: justify;\">L\u2019escola comen\u00e7a la seva tasca educativa amb un nou equip pedag\u00f2gic, seleccionat per la UAB, la Inspecci\u00f3 d\u2019Ensenyament i el propi Ajuntament. Des del seu inici aquest nou equip de mestres, recolzat per la implicaci\u00f3 de l&#8217;associaci\u00f3 de mares i pares existent, va engegar un projecte innovador, ple de reptes i il\u00b7lusions. (i de feina)<\/p>\n<p style=\"text-align: justify;\">L\u2019equip de mestres, juntament amb l\u2019AMPA, van plantejar com volien que fos la nova escola. Aix\u00ed es van definir alguns dels trets b\u00e0sics que encara caracteritzen la nostra instituci\u00f3: la pluralitat i l&#8217;aconfessionalitat; aix\u00f2 vol dir el respecte de totes les ideologies de caire democr\u00e0tic aix\u00ed com tamb\u00e9 de les creences religioses de les fam\u00edlies. Des del primer moment va quedar pal\u00e8s que els protagonistes eren l&#8217;alumnat i la seva educaci\u00f3 integral amb l\u2019objectiu de desenvolupar la seva capacitat de conviure i d&#8217;aprendre. La comprensi\u00f3, el respecte, l&#8217;esperit cr\u00edtic, la cooperaci\u00f3, l&#8217;expressi\u00f3 dels sentiments, l&#8217;aprendre dels errors&#8230; han creat una cultura de centre que s&#8217;ha anat configurant durant aquests m\u00e9s de trenta anys.<\/p>\n<p>Volem destacar els trets b\u00e0sics en que ens fonamentem :<\/p>\n<ul style=\"list-style-type: square;\">\n<li>L&#8217;atenci\u00f3 a la diversitat d&#8217;origen cultural i social i de les capacitats personals.<\/li>\n<li>La coeducaci\u00f3 en el respecte a la igualtat de drets i d&#8217;oportunitats.<\/li>\n<li>La catalanitat tant en la llengua com en el coneixement de la cultura pr\u00f2pia.<\/li>\n<li>L&#8217;educaci\u00f3 en l&#8217;actitud cr\u00edtica i constructiva, en el comprom\u00eds i la solidaritat, en el treball i l&#8217;esfor\u00e7, en l&#8217;expressi\u00f3 emocional, l&#8217;adaptaci\u00f3 als canvis i les novetats,&#8230;<\/li>\n<li>Valorem la innovaci\u00f3 i la tradici\u00f3, les iniciatives i les experi\u00e8ncies com una suma de l&#8217;educaci\u00f3 human\u00edstica i tecnol\u00f2gica que la nostra Escola pot aportar a les diferents generacions d&#8217;alumnes.<\/li>\n<\/ul>\n","protected":false},"excerpt":{"rendered":"<p>L&#8217;Escola Municipal La S\u00ednia inicia la seva exist\u00e8ncia l&#8217;any 1982 quan el col\u00b7legi Cristo Rei entra en crisi, la qual cosa porta al seu tancament. La pressi\u00f3 de les fam\u00edlies de l\u2019escola i la manca de places escolars p\u00fabliques a la localitat, fa que l&#8217;Ajuntament de la ciutat es faci c\u00e0rrec de la seva titularitat [&hellip;]<\/p>\n","protected":false},"author":1,"featured_media":0,"parent":569,"menu_order":0,"comment_status":"closed","ping_status":"closed","template":"page-templates\/side-menu.php","meta":{"_bbp_topic_count":0,"_bbp_reply_count":0,"_bbp_total_topic_count":0,"_bbp_total_reply_count":0,"_bbp_voice_count":0,"_bbp_anonymous_reply_count":0,"_bbp_topic_count_hidden":0,"_bbp_reply_count_hidden":0,"_bbp_forum_subforum_count":0,"site-sidebar-layout":"default","site-content-layout":"","ast-site-content-layout":"","site-content-style":"default","site-sidebar-style":"default","ast-global-header-display":"","ast-banner-title-visibility":"","ast-main-header-display":"","ast-hfb-above-header-display":"","ast-hfb-below-header-display":"","ast-hfb-mobile-header-display":"","site-post-title":"","ast-breadcrumbs-content":"","ast-featured-img":"","footer-sml-layout":"","theme-transparent-header-meta":"","adv-header-id-meta":"","stick-header-meta":"","header-above-stick-meta":"","header-main-stick-meta":"","header-below-stick-meta":"","astra-migrate-meta-layouts":"default","ast-page-background-enabled":"default","ast-page-background-meta":{"desktop":{"background-color":"var(--ast-global-color-5)","background-image":"","background-repeat":"repeat","background-position":"center center","background-size":"auto","background-attachment":"scroll","background-type":"","background-media":"","overlay-type":"","overlay-color":"","overlay-opacity":"","overlay-gradient":""},"tablet":{"background-color":"","background-image":"","background-repeat":"repeat","background-position":"center center","background-size":"auto","background-attachment":"scroll","background-type":"","background-media":"","overlay-type":"","overlay-color":"","overlay-opacity":"","overlay-gradient":""},"mobile":{"background-color":"","background-image":"","background-repeat":"repeat","background-position":"center center","background-size":"auto","background-attachment":"scroll","background-type":"","background-media":"","overlay-type":"","overlay-color":"","overlay-opacity":"","overlay-gradient":""}},"ast-content-background-meta":{"desktop":{"background-color":"var(--ast-global-color-4)","background-image":"","background-repeat":"repeat","background-position":"center center","background-size":"auto","background-attachment":"scroll","background-type":"","background-media":"","overlay-type":"","overlay-color":"","overlay-opacity":"","overlay-gradient":""},"tablet":{"background-color":"var(--ast-global-color-4)","background-image":"","background-repeat":"repeat","background-position":"center center","background-size":"auto","background-attachment":"scroll","background-type":"","background-media":"","overlay-type":"","overlay-color":"","overlay-opacity":"","overlay-gradient":""},"mobile":{"background-color":"var(--ast-global-color-4)","background-image":"","background-repeat":"repeat","background-position":"center center","background-size":"auto","background-attachment":"scroll","background-type":"","background-media":"","overlay-type":"","overlay-color":"","overlay-opacity":"","overlay-gradient":""}},"footnotes":""},"class_list":["post-571","page","type-page","status-publish","hentry"],"post_mailing_queue_ids":[],"_links":{"self":[{"href":"https:\/\/agora.xtec.cat\/escolamunicipal-lasinia\/wp-json\/wp\/v2\/pages\/571","targetHints":{"allow":["GET"]}}],"collection":[{"href":"https:\/\/agora.xtec.cat\/escolamunicipal-lasinia\/wp-json\/wp\/v2\/pages"}],"about":[{"href":"https:\/\/agora.xtec.cat\/escolamunicipal-lasinia\/wp-json\/wp\/v2\/types\/page"}],"author":[{"embeddable":true,"href":"https:\/\/agora.xtec.cat\/escolamunicipal-lasinia\/wp-json\/wp\/v2\/users\/1"}],"replies":[{"embeddable":true,"href":"https:\/\/agora.xtec.cat\/escolamunicipal-lasinia\/wp-json\/wp\/v2\/comments?post=571"}],"version-history":[{"count":3,"href":"https:\/\/agora.xtec.cat\/escolamunicipal-lasinia\/wp-json\/wp\/v2\/pages\/571\/revisions"}],"predecessor-version":[{"id":840,"href":"https:\/\/agora.xtec.cat\/escolamunicipal-lasinia\/wp-json\/wp\/v2\/pages\/571\/revisions\/840"}],"up":[{"embeddable":true,"href":"https:\/\/agora.xtec.cat\/escolamunicipal-lasinia\/wp-json\/wp\/v2\/pages\/569"}],"wp:attachment":[{"href":"https:\/\/agora.xtec.cat\/escolamunicipal-lasinia\/wp-json\/wp\/v2\/media?parent=571"}],"curies":[{"name":"wp","href":"https:\/\/api.w.org\/{rel}","templated":true}]}}