{"id":793,"date":"2019-12-14T11:54:47","date_gmt":"2019-12-14T10:54:47","guid":{"rendered":"https:\/\/agora.xtec.cat\/escolamontserratsola\/?page_id=793"},"modified":"2021-08-04T18:10:06","modified_gmt":"2021-08-04T16:10:06","slug":"els-infants","status":"publish","type":"page","link":"https:\/\/agora.xtec.cat\/escolamontserratsola\/lescola\/qui-som\/els-infants\/","title":{"rendered":"Els infants"},"content":{"rendered":"<h4><strong>La participaci\u00f3 dels infants en la vida de l&#8217;escola:<\/strong><\/h4>\n<p><strong>La rotllana a Petits i l\u2019assemblea de classe<\/strong> a Prim\u00e0ria esdevenen el centre de la vida d\u2019un grup i la conviv\u00e8ncia a l\u2019aula. S\u00f3n dues estrat\u00e8gies educatives que afavoreixen el di\u00e0leg entre els nens i les nenes, l\u2019assumpci\u00f3 de responsabilitats (c\u00e0rrecs) envers el grup, l\u2019anticipaci\u00f3 de situacions, etc.<\/p>\n<p>Els grups de Grans, en el marc del conjunt de c\u00e0rrecs d\u2019aula que es treballen a l\u2019escola des d&#8217;Infantil, tenen un company o companya que assumeix les tasques de <strong>representaci\u00f3 en el Consell<\/strong>. El Consell \u00e9s una reuni\u00f3 mensual que tenen amb la persona que fa les tasques de la direcci\u00f3. En aquestes reunions es plantegen temes proposats pels mateixos infants -resultat del treball en les assemblees d\u2019aula-, es recull la seva opini\u00f3, es recullen les respostes de l\u2019equip de mestres a preguntes seves, o b\u00e9 es porten a consulta de les mateixes assemblees de classe temes sobre els quals interessa con\u00e8ixer l\u2019opini\u00f3 dels nens i les nenes.<\/p>\n<p>La nostra escola forma part del <strong>Consell d\u2019infants de Matar\u00f3<\/strong>\u00a0des de la seva posada en marxa, el curs 2013-2014. Aquest \u00e9s un espai on els nens i les nenes de les escoles que hi participen poden aportar la seva opini\u00f3 sobre aspectes relacionats amb la vida a la nostra ciutat. Els representats de la nostra escola s\u00f3n dos nens\/nenes de cinqu\u00e8 i sis\u00e8 i dos suplents dels mateixos nivells.<\/p>\n","protected":false},"excerpt":{"rendered":"<p>La participaci\u00f3 dels infants en la vida de l&#8217;escola: La rotllana a Petits i l\u2019assemblea de classe a Prim\u00e0ria esdevenen el centre de la vida d\u2019un grup i la conviv\u00e8ncia a l\u2019aula. S\u00f3n dues estrat\u00e8gies educatives que afavoreixen el di\u00e0leg entre els nens i les nenes, l\u2019assumpci\u00f3 de responsabilitats (c\u00e0rrecs) envers el grup, l\u2019anticipaci\u00f3 de [&hellip;]<\/p>\n","protected":false},"author":1,"featured_media":0,"parent":785,"menu_order":3,"comment_status":"closed","ping_status":"closed","template":"page-templates\/side-menu.php","meta":{"_bbp_topic_count":0,"_bbp_reply_count":0,"_bbp_total_topic_count":0,"_bbp_total_reply_count":0,"_bbp_voice_count":0,"_bbp_anonymous_reply_count":0,"_bbp_topic_count_hidden":0,"_bbp_reply_count_hidden":0,"_bbp_forum_subforum_count":0,"site-sidebar-layout":"default","site-content-layout":"","ast-site-content-layout":"","site-content-style":"default","site-sidebar-style":"default","ast-global-header-display":"","ast-banner-title-visibility":"","ast-main-header-display":"","ast-hfb-above-header-display":"","ast-hfb-below-header-display":"","ast-hfb-mobile-header-display":"","site-post-title":"","ast-breadcrumbs-content":"","ast-featured-img":"","footer-sml-layout":"","theme-transparent-header-meta":"","adv-header-id-meta":"","stick-header-meta":"","header-above-stick-meta":"","header-main-stick-meta":"","header-below-stick-meta":"","astra-migrate-meta-layouts":"default","ast-page-background-enabled":"default","ast-page-background-meta":{"desktop":{"background-color":"var(--ast-global-color-4)","background-image":"","background-repeat":"repeat","background-position":"center center","background-size":"auto","background-attachment":"scroll","background-type":"","background-media":"","overlay-type":"","overlay-color":"","overlay-opacity":"","overlay-gradient":""},"tablet":{"background-color":"","background-image":"","background-repeat":"repeat","background-position":"center center","background-size":"auto","background-attachment":"scroll","background-type":"","background-media":"","overlay-type":"","overlay-color":"","overlay-opacity":"","overlay-gradient":""},"mobile":{"background-color":"","background-image":"","background-repeat":"repeat","background-position":"center center","background-size":"auto","background-attachment":"scroll","background-type":"","background-media":"","overlay-type":"","overlay-color":"","overlay-opacity":"","overlay-gradient":""}},"ast-content-background-meta":{"desktop":{"background-color":"var(--ast-global-color-5)","background-image":"","background-repeat":"repeat","background-position":"center center","background-size":"auto","background-attachment":"scroll","background-type":"","background-media":"","overlay-type":"","overlay-color":"","overlay-opacity":"","overlay-gradient":""},"tablet":{"background-color":"var(--ast-global-color-5)","background-image":"","background-repeat":"repeat","background-position":"center center","background-size":"auto","background-attachment":"scroll","background-type":"","background-media":"","overlay-type":"","overlay-color":"","overlay-opacity":"","overlay-gradient":""},"mobile":{"background-color":"var(--ast-global-color-5)","background-image":"","background-repeat":"repeat","background-position":"center center","background-size":"auto","background-attachment":"scroll","background-type":"","background-media":"","overlay-type":"","overlay-color":"","overlay-opacity":"","overlay-gradient":""}},"footnotes":""},"class_list":["post-793","page","type-page","status-publish","hentry"],"post_mailing_queue_ids":[],"_links":{"self":[{"href":"https:\/\/agora.xtec.cat\/escolamontserratsola\/wp-json\/wp\/v2\/pages\/793","targetHints":{"allow":["GET"]}}],"collection":[{"href":"https:\/\/agora.xtec.cat\/escolamontserratsola\/wp-json\/wp\/v2\/pages"}],"about":[{"href":"https:\/\/agora.xtec.cat\/escolamontserratsola\/wp-json\/wp\/v2\/types\/page"}],"author":[{"embeddable":true,"href":"https:\/\/agora.xtec.cat\/escolamontserratsola\/wp-json\/wp\/v2\/users\/1"}],"replies":[{"embeddable":true,"href":"https:\/\/agora.xtec.cat\/escolamontserratsola\/wp-json\/wp\/v2\/comments?post=793"}],"version-history":[{"count":4,"href":"https:\/\/agora.xtec.cat\/escolamontserratsola\/wp-json\/wp\/v2\/pages\/793\/revisions"}],"predecessor-version":[{"id":2168,"href":"https:\/\/agora.xtec.cat\/escolamontserratsola\/wp-json\/wp\/v2\/pages\/793\/revisions\/2168"}],"up":[{"embeddable":true,"href":"https:\/\/agora.xtec.cat\/escolamontserratsola\/wp-json\/wp\/v2\/pages\/785"}],"wp:attachment":[{"href":"https:\/\/agora.xtec.cat\/escolamontserratsola\/wp-json\/wp\/v2\/media?parent=793"}],"curies":[{"name":"wp","href":"https:\/\/api.w.org\/{rel}","templated":true}]}}