{"id":2515,"date":"2021-03-07T16:57:05","date_gmt":"2021-03-07T15:57:05","guid":{"rendered":"https:\/\/agora.xtec.cat\/escolamontserratsola\/?page_id=2515"},"modified":"2026-04-29T15:49:01","modified_gmt":"2026-04-29T13:49:01","slug":"calendari-de-preinscripcio-i-matricula","status":"publish","type":"page","link":"https:\/\/agora.xtec.cat\/escolamontserratsola\/preinscripcio-i-matricula-2025-26\/calendari-de-preinscripcio-i-matricula\/","title":{"rendered":"Calendari i publicaci\u00f3 de llistats"},"content":{"rendered":"<p>El per\u00edode de preinscripci\u00f3 s&#8217;inicia al mar\u00e7 i acaba amb la formalitzaci\u00f3 de la matr\u00edcula. Durant aquest temps, hi ha dates i terminis que has de tenir presents, ja que determinen l&#8217;assignaci\u00f3 final de places als centres educatius:<\/p>\n<ul>\n<li><strong>3 de mar\u00e7 de 2026: Jornada de portes obertes a l&#8217;escola Montserrat Sol\u00e0<\/strong>. Podr\u00e0s <span style=\"font-family: inherit; font-size: 1em;\">con\u00e8ixer el nostre Projecte Educatiu, veure les nostres instal\u00b7lacions abans o despr\u00e9s de la presentaci\u00f3, al teu propi ritme, i <\/span><span style=\"font-family: inherit; font-size: 1em;\">fer les teves consultes a les persones que formem part de la comunitat educativa.<\/span><\/li>\n<li><strong>3 de mar\u00e7 de 2026: Publicaci\u00f3 de l&#8217;oferta inicial de places escolars<\/strong>. Fes la teva consulta mitjan\u00e7ant l&#8217;enlla\u00e7 &gt; <span style=\"text-decoration: underline;\"><a href=\"http:\/\/mapaescolar.gencat.cat\/\">Oferta inicial de places escolars<\/a><\/span>.<\/li>\n<li><strong>Del 4 al 18 de mar\u00e7 de 2026 (a partir de les 9 hores): Presentaci\u00f3 de <span style=\"text-decoration: underline;\">sol\u00b7licituds<\/span> d&#8217;Educaci\u00f3 Infantil (3-6 anys) i Prim\u00e0ria (6-12 anys)<\/strong><span style=\"font-family: inherit; font-size: 1em;\">. \u00c9s molt important respectar les dates, perqu\u00e8 les sol\u00b7licituds que es presentin fora d&#8217;aquest termini perdran totes les prioritats que haurien pogut tenir a l&#8217;hora d&#8217;obtenir la pla\u00e7a. Els criteris de prioritat serveixen per donar una puntuaci\u00f3 a cada sol\u00b7licitud. D&#8217;aquesta manera s&#8217;estableix l&#8217;ordre d&#8217;acc\u00e9s a les places de cada centre. Cal presentar la sol\u00b7licitud i adjuntar-hi la documentaci\u00f3 d&#8217;identificaci\u00f3 o de criteris que correspongui.<\/span><\/li>\n<li><strong>Fins al 19 de mar\u00e7 de 2026<\/strong>: Presentaci\u00f3 de la documentaci\u00f3. Pots presentar la documentaci\u00f3 acreditativa que no hagis pogut adjuntar durant el per\u00edode de presentaci\u00f3 de sol\u00b7licituds.<\/li>\n<li><strong>15 d&#8217;abril de 2026<\/strong>: Publicaci\u00f3 de la llista de sol\u00b7licituds de preinscripci\u00f3 al centre amb la puntuaci\u00f3 provisional. Pots fer la teva consulta mitjan\u00e7ant l&#8217;enlla\u00e7 &gt; <a href=\"https:\/\/drive.google.com\/file\/d\/1dbHgKXzLNVzzWFSIQa7o7k7i2TWz6_kN\/view?usp=sharing\"><span style=\"text-decoration: underline;\">Llista de sol\u00b7licituds amb puntuaci\u00f3 provisional i ordenades alfab\u00e8ticament<\/span><\/a>.<\/li>\n<li><strong>Del 15 al 20 d&#8217;abril de 2026<\/strong>: Presentaci\u00f3 de reclamacions a la llista amb la puntuaci\u00f3 provisional. Durant aquest per\u00edode, si detectes alguna errada o anomalia en el barem assignat, pots presentar una reclamaci\u00f3 (utilitzant l&#8217;eina electr\u00f2nica per adjuntar reclamacions).<\/li>\n<li><strong>23 d&#8217;abril de 2026<\/strong>: Publicaci\u00f3 de la llista de sol\u00b7licituds un cop resoltes les reclamacions. Pots fer la teva consulta mitjan\u00e7ant l&#8217;enlla\u00e7 &gt; <a href=\"https:\/\/drive.google.com\/file\/d\/1kTsB7zS2AfBIw7el6gzl9kyX6MYaWQ4g\/view?usp=drive_link\"><span style=\"text-decoration: underline;\">Llista definitiva de sol\u00b7licituds ordenada alfab\u00e8ticament amb la puntuaci\u00f3, un cop resoltes les reclamacions<\/span><\/a>.<\/li>\n<li><strong>28 d&#8217;abril de 2026 a les 11 hores<\/strong>: Sorteig per resoldre les sol\u00b7licituds de preinscripci\u00f3 empatades en punts. El nombre de places a cada centre educatiu \u00e9s limitat. Si el nombre de peticions supera el d&#8217;alumnes que l&#8217;escola pot acollir, cal aplicar un sistema de desempat entre les sol\u00b7licituds que tenen la mateixa puntuaci\u00f3. Per fer-ho, s&#8217;obt\u00e9 un n\u00famero per sorteig a partir del qual s&#8217;ordenen totes les peticions empatades en punts, tenint en compte el n\u00famero de desempat que s&#8217;ha assignat a cada sol\u00b7licitud. <span style=\"text-decoration: underline;\"><strong>N\u00famero de desempat: 42129<\/strong><\/span><strong>.<\/strong><\/li>\n<li><strong>29 d&#8217;abril de 2026<\/strong>: Publicaci\u00f3 de la llista ordenada. Despr\u00e9s del sorteig, s&#8217;elabora la llista de sol\u00b7licituds per a l&#8217;assignaci\u00f3 de places. En aquest cas, la llista ja no s&#8217;ordena alfab\u00e8ticament, sin\u00f3 tenint en compte les puntuacions de cada sol\u00b7licitud, de m\u00e9s a menys. Pots fer la teva consulta mitjan\u00e7ant l&#8217;enlla\u00e7 &gt; <a href=\"https:\/\/drive.google.com\/file\/d\/1USGEfz-BSScyhmVdiDC0u3C5-0cIMS-d\/view?usp=sharing\"><span style=\"text-decoration: underline;\">Llista ordenada segons les puntuacions de cada sol\u00b7licitud, de m\u00e9s a menys<\/span><\/a>.<\/li>\n<li>De l&#8217;1 al 3 de juny de 2026: Per\u00edode d&#8217;ampliaci\u00f3 de peticions de preinscripci\u00f3 per a alumnes sense pla\u00e7a assignada a cap centre. Si no s&#8217;accedeix a cap pla\u00e7a en els centres demanats i es tracta de sol\u00b7licituds en les quals s&#8217;ha marcat expressament que es vol una assignaci\u00f3 d&#8217;ofici, durant aquest per\u00edode es poden ampliar les peticions originals i demanar places en centres que en tinguin de disponibles. Despr\u00e9s d&#8217;aquesta ampliaci\u00f3 de la sol\u00b7licitud, s&#8217;acaba el proc\u00e9s d&#8217;assignaci\u00f3 tenint en compte aquestes peticions ampliades.<\/li>\n<li>10 de juny de 2026: Publicaci\u00f3 de l&#8217;oferta final de places escolars. Podr\u00e0s fer la teva consulta mitjan\u00e7ant l&#8217;enlla\u00e7 &gt; <a href=\"http:\/\/mapaescolar.gencat.cat\/\"><span style=\"text-decoration: underline;\">Oferta final de places escolars<\/span><\/a>.<\/li>\n<li>10 de juny de 2026: Publicaci\u00f3 de la llista d&#8217;alumnes admesos i llista d&#8217;espera. Podr\u00e0s fer la teva consulta mitjan\u00e7ant els seg\u00fcents enlla\u00e7os: <span style=\"text-decoration: underline;\">Llista d&#8217;alumnat adm\u00e8s<\/span> i <span style=\"text-decoration: underline;\">Llista d&#8217;espera<\/span>.<\/li>\n<li>Del 22 al 30 de juny de 2026: Per\u00edode de matriculaci\u00f3 dels infants preinscrits amb pla\u00e7a assignada.<\/li>\n<\/ul>\n<p>Trobar\u00e0s m\u00e9s informaci\u00f3 al &gt; <a style=\"font-family: inherit; font-size: 1em;\" href=\"https:\/\/preinscripcio.gencat.cat\/ca\/inici\/\">Portal de Preinscripci\u00f3 del Departament d&#8217;Educaci\u00f3 de la Generalitat de Catalunya<\/a><span style=\"font-family: inherit; font-size: 1em;\">.<\/span><\/p>\n","protected":false},"excerpt":{"rendered":"<p>El per\u00edode de preinscripci\u00f3 s&#8217;inicia al mar\u00e7 i acaba amb la formalitzaci\u00f3 de la matr\u00edcula. Durant aquest temps, hi ha dates i terminis que has de tenir presents, ja que determinen l&#8217;assignaci\u00f3 final de places als centres educatius: 3 de mar\u00e7 de 2026: Jornada de portes obertes a l&#8217;escola Montserrat Sol\u00e0. Podr\u00e0s con\u00e8ixer el nostre [&hellip;]<\/p>\n","protected":false},"author":1,"featured_media":0,"parent":2509,"menu_order":3,"comment_status":"closed","ping_status":"closed","template":"","meta":{"_bbp_topic_count":0,"_bbp_reply_count":0,"_bbp_total_topic_count":0,"_bbp_total_reply_count":0,"_bbp_voice_count":0,"_bbp_anonymous_reply_count":0,"_bbp_topic_count_hidden":0,"_bbp_reply_count_hidden":0,"_bbp_forum_subforum_count":0,"site-sidebar-layout":"default","site-content-layout":"","ast-site-content-layout":"default","site-content-style":"default","site-sidebar-style":"default","ast-global-header-display":"","ast-banner-title-visibility":"","ast-main-header-display":"","ast-hfb-above-header-display":"","ast-hfb-below-header-display":"","ast-hfb-mobile-header-display":"","site-post-title":"","ast-breadcrumbs-content":"","ast-featured-img":"","footer-sml-layout":"","theme-transparent-header-meta":"default","adv-header-id-meta":"","stick-header-meta":"","header-above-stick-meta":"","header-main-stick-meta":"","header-below-stick-meta":"","astra-migrate-meta-layouts":"set","ast-page-background-enabled":"default","ast-page-background-meta":{"desktop":{"background-color":"var(--ast-global-color-4)","background-image":"","background-repeat":"repeat","background-position":"center center","background-size":"auto","background-attachment":"scroll","background-type":"","background-media":"","overlay-type":"","overlay-color":"","overlay-opacity":"","overlay-gradient":""},"tablet":{"background-color":"","background-image":"","background-repeat":"repeat","background-position":"center center","background-size":"auto","background-attachment":"scroll","background-type":"","background-media":"","overlay-type":"","overlay-color":"","overlay-opacity":"","overlay-gradient":""},"mobile":{"background-color":"","background-image":"","background-repeat":"repeat","background-position":"center center","background-size":"auto","background-attachment":"scroll","background-type":"","background-media":"","overlay-type":"","overlay-color":"","overlay-opacity":"","overlay-gradient":""}},"ast-content-background-meta":{"desktop":{"background-color":"var(--ast-global-color-5)","background-image":"","background-repeat":"repeat","background-position":"center center","background-size":"auto","background-attachment":"scroll","background-type":"","background-media":"","overlay-type":"","overlay-color":"","overlay-opacity":"","overlay-gradient":""},"tablet":{"background-color":"var(--ast-global-color-5)","background-image":"","background-repeat":"repeat","background-position":"center center","background-size":"auto","background-attachment":"scroll","background-type":"","background-media":"","overlay-type":"","overlay-color":"","overlay-opacity":"","overlay-gradient":""},"mobile":{"background-color":"var(--ast-global-color-5)","background-image":"","background-repeat":"repeat","background-position":"center center","background-size":"auto","background-attachment":"scroll","background-type":"","background-media":"","overlay-type":"","overlay-color":"","overlay-opacity":"","overlay-gradient":""}},"footnotes":""},"class_list":["post-2515","page","type-page","status-publish","hentry"],"post_mailing_queue_ids":[],"_links":{"self":[{"href":"https:\/\/agora.xtec.cat\/escolamontserratsola\/wp-json\/wp\/v2\/pages\/2515","targetHints":{"allow":["GET"]}}],"collection":[{"href":"https:\/\/agora.xtec.cat\/escolamontserratsola\/wp-json\/wp\/v2\/pages"}],"about":[{"href":"https:\/\/agora.xtec.cat\/escolamontserratsola\/wp-json\/wp\/v2\/types\/page"}],"author":[{"embeddable":true,"href":"https:\/\/agora.xtec.cat\/escolamontserratsola\/wp-json\/wp\/v2\/users\/1"}],"replies":[{"embeddable":true,"href":"https:\/\/agora.xtec.cat\/escolamontserratsola\/wp-json\/wp\/v2\/comments?post=2515"}],"version-history":[{"count":7,"href":"https:\/\/agora.xtec.cat\/escolamontserratsola\/wp-json\/wp\/v2\/pages\/2515\/revisions"}],"predecessor-version":[{"id":4751,"href":"https:\/\/agora.xtec.cat\/escolamontserratsola\/wp-json\/wp\/v2\/pages\/2515\/revisions\/4751"}],"up":[{"embeddable":true,"href":"https:\/\/agora.xtec.cat\/escolamontserratsola\/wp-json\/wp\/v2\/pages\/2509"}],"wp:attachment":[{"href":"https:\/\/agora.xtec.cat\/escolamontserratsola\/wp-json\/wp\/v2\/media?parent=2515"}],"curies":[{"name":"wp","href":"https:\/\/api.w.org\/{rel}","templated":true}]}}

Calendari i publicació de llistats

<p>El període de preinscripció s&#8217;inicia al març i acaba amb la formalització de la matrícula. Durant aquest temps, hi ha dates i terminis que has de tenir presents, ja que determinen l&#8217;assignació final de places als centres educatius:</p>
<ul>
<li><strong>3 de març de 2026: Jornada de portes obertes a l&#8217;escola Montserrat Solà</strong>. Podràs <span style="font-family: inherit; font-size: 1em;">conèixer el nostre Projecte Educatiu, veure les nostres instal·lacions abans o després de la presentació, al teu propi ritme, i </span><span style="font-family: inherit; font-size: 1em;">fer les teves consultes a les persones que formem part de la comunitat educativa.</span></li>
<li><strong>3 de març de 2026: Publicació de l&#8217;oferta inicial de places escolars</strong>. Fes la teva consulta mitjançant l&#8217;enllaç &gt; <span style="text-decoration: underline;"><a href="http://mapaescolar.gencat.cat/">Oferta inicial de places escolars</a></span>.</li>
<li><strong>Del 4 al 18 de març de 2026 (a partir de les 9 hores): Presentació de <span style="text-decoration: underline;">sol·licituds</span> d&#8217;Educació Infantil (3-6 anys) i Primària (6-12 anys)</strong><span style="font-family: inherit; font-size: 1em;">. És molt important respectar les dates, perquè les sol·licituds que es presentin fora d&#8217;aquest termini perdran totes les prioritats que haurien pogut tenir a l&#8217;hora d&#8217;obtenir la plaça. Els criteris de prioritat serveixen per donar una puntuació a cada sol·licitud. D&#8217;aquesta manera s&#8217;estableix l&#8217;ordre d&#8217;accés a les places de cada centre. Cal presentar la sol·licitud i adjuntar-hi la documentació d&#8217;identificació o de criteris que correspongui.</span></li>
<li><strong>Fins al 19 de març de 2026</strong>: Presentació de la documentació. Pots presentar la documentació acreditativa que no hagis pogut adjuntar durant el període de presentació de sol·licituds.</li>
<li><strong>15 d&#8217;abril de 2026</strong>: Publicació de la llista de sol·licituds de preinscripció al centre amb la puntuació provisional. Pots fer la teva consulta mitjançant l&#8217;enllaç &gt; <a href="https://drive.google.com/file/d/1dbHgKXzLNVzzWFSIQa7o7k7i2TWz6_kN/view?usp=sharing"><span style="text-decoration: underline;">Llista de sol·licituds amb puntuació provisional i ordenades alfabèticament</span></a>.</li>
<li><strong>Del 15 al 20 d&#8217;abril de 2026</strong>: Presentació de reclamacions a la llista amb la puntuació provisional. Durant aquest període, si detectes alguna errada o anomalia en el barem assignat, pots presentar una reclamació (utilitzant l&#8217;eina electrònica per adjuntar reclamacions).</li>
<li><strong>23 d&#8217;abril de 2026</strong>: Publicació de la llista de sol·licituds un cop resoltes les reclamacions. Pots fer la teva consulta mitjançant l&#8217;enllaç &gt; <a href="https://drive.google.com/file/d/1kTsB7zS2AfBIw7el6gzl9kyX6MYaWQ4g/view?usp=drive_link"><span style="text-decoration: underline;">Llista definitiva de sol·licituds ordenada alfabèticament amb la puntuació, un cop resoltes les reclamacions</span></a>.</li>
<li><strong>28 d&#8217;abril de 2026 a les 11 hores</strong>: Sorteig per resoldre les sol·licituds de preinscripció empatades en punts. El nombre de places a cada centre educatiu és limitat. Si el nombre de peticions supera el d&#8217;alumnes que l&#8217;escola pot acollir, cal aplicar un sistema de desempat entre les sol·licituds que tenen la mateixa puntuació. Per fer-ho, s&#8217;obté un número per sorteig a partir del qual s&#8217;ordenen totes les peticions empatades en punts, tenint en compte el número de desempat que s&#8217;ha assignat a cada sol·licitud. <span style="text-decoration: underline;"><strong>Número de desempat: 42129</strong></span><strong>.</strong></li>
<li><strong>29 d&#8217;abril de 2026</strong>: Publicació de la llista ordenada. Després del sorteig, s&#8217;elabora la llista de sol·licituds per a l&#8217;assignació de places. En aquest cas, la llista ja no s&#8217;ordena alfabèticament, sinó tenint en compte les puntuacions de cada sol·licitud, de més a menys. Pots fer la teva consulta mitjançant l&#8217;enllaç &gt; <a href="https://drive.google.com/file/d/1USGEfz-BSScyhmVdiDC0u3C5-0cIMS-d/view?usp=sharing"><span style="text-decoration: underline;">Llista ordenada segons les puntuacions de cada sol·licitud, de més a menys</span></a>.</li>
<li>De l&#8217;1 al 3 de juny de 2026: Període d&#8217;ampliació de peticions de preinscripció per a alumnes sense plaça assignada a cap centre. Si no s&#8217;accedeix a cap plaça en els centres demanats i es tracta de sol·licituds en les quals s&#8217;ha marcat expressament que es vol una assignació d&#8217;ofici, durant aquest període es poden ampliar les peticions originals i demanar places en centres que en tinguin de disponibles. Després d&#8217;aquesta ampliació de la sol·licitud, s&#8217;acaba el procés d&#8217;assignació tenint en compte aquestes peticions ampliades.</li>
<li>10 de juny de 2026: Publicació de l&#8217;oferta final de places escolars. Podràs fer la teva consulta mitjançant l&#8217;enllaç &gt; <a href="http://mapaescolar.gencat.cat/"><span style="text-decoration: underline;">Oferta final de places escolars</span></a>.</li>
<li>10 de juny de 2026: Publicació de la llista d&#8217;alumnes admesos i llista d&#8217;espera. Podràs fer la teva consulta mitjançant els següents enllaços: <span style="text-decoration: underline;">Llista d&#8217;alumnat admès</span> i <span style="text-decoration: underline;">Llista d&#8217;espera</span>.</li>
<li>Del 22 al 30 de juny de 2026: Període de matriculació dels infants preinscrits amb plaça assignada.</li>
</ul>
<p>Trobaràs més informació al &gt; <a style="font-family: inherit; font-size: 1em;" href="https://preinscripcio.gencat.cat/ca/inici/">Portal de Preinscripció del Departament d&#8217;Educació de la Generalitat de Catalunya</a><span style="font-family: inherit; font-size: 1em;">.</span></p>

<p>El període de preinscripció s&#8217;inicia al març i acaba amb la formalització de la matrícula. Durant aquest temps, hi ha dates i terminis que has de tenir presents, ja que determinen l&#8217;assignació final de places als centres educatius: 3 de març de 2026: Jornada de portes obertes a l&#8217;escola Montserrat Solà. Podràs conèixer el nostre [&hellip;]</p>
