{"id":2440,"date":"2021-03-07T13:10:05","date_gmt":"2021-03-07T12:10:05","guid":{"rendered":"https:\/\/agora.xtec.cat\/escolamontserratsola\/?page_id=2440"},"modified":"2025-01-04T13:06:27","modified_gmt":"2025-01-04T12:06:27","slug":"transformem-el-nostre-pati","status":"publish","type":"page","link":"https:\/\/agora.xtec.cat\/escolamontserratsola\/transformem-el-nostre-pati\/","title":{"rendered":"Transformem el nostre pati"},"content":{"rendered":"<p>Fa temps que la nostra comunitat educativa mostra inter\u00e8s en la transformaci\u00f3 del pati amb la finalitat de situar les relacions interpersonals al centre de l&#8217;acci\u00f3 educativa. <strong><em>Volem un pati que fomenti relacions amables i on aflorin actituds com la responsabilitat, el respecte i l&#8217;autonomia, mitjan\u00e7ant activitats que ofereixin diversitat d&#8217;opcions. Espais que permetin el moviment, la curiositat, la intimitat, la cura i la calma, aix\u00ed com el contacte i l&#8217;aprenentatge a trav\u00e9s de la natura<\/em><\/strong>.<\/p>\n<h5>El pati: espai de relaci\u00f3 i aprenentatge<\/h5>\n<p><span style=\"font-family: inherit; font-size: 1em;\">El pati \u00e9s un espai privilegiat d\u2019aprenentatges i de relaci\u00f3 entre persones de g\u00e8nere, generacions i cultures diverses. S\u00f3n moltes les experi\u00e8ncies que hi tenen lloc i per tant moltes les capacitats, habilitats i valors que s\u2019aprenen, entre les quals, diverses formes de cooperaci\u00f3 i col\u00b7laboraci\u00f3, la conviv\u00e8ncia i el respecte, les responsabilitats, els acords i obligacions aix\u00ed com tamb\u00e9 l\u2019autoestima i la gesti\u00f3 emocional.<\/span><\/p>\n<p>El disseny del pati, com a espai f\u00edsic, condiciona la conviv\u00e8ncia i els tipus d\u2019aprenentatges. La pista central i el joc amb pilota limita la resta d\u2019activitats i sovint genera conflictes. Aquest disseny correspon amb el compliment de normatives que afavoreixen uns usos respecte a d\u2019altres, generalment activitats m\u00e9s relacionades amb l\u2019esport que amb d\u2019altres formes de conviv\u00e8ncia i comunicaci\u00f3. Si b\u00e9 a l&#8217;espai del pati es projecten i produeixen relacions interpersonals entre els infants poc condicionades per la intervenci\u00f3 docent, en el moviment f\u00edsic i en el joc quotidi\u00e0 es reprodueixen rols sexuals, relacions de poder, actituds que reforcen la definici\u00f3 de les cultures de g\u00e8nere i les desigualtats entre nois i noies. \u00c9s per aix\u00f2 que cada vegada hi ha m\u00e9s escoles que reclamen un pati com un veritable espai de conviv\u00e8ncia i d\u2019educaci\u00f3 en valors.<\/p>\n<h5>El proc\u00e9s participatiu: comunitat educativa i ciutat<\/h5>\n<p>La transformaci\u00f3 del pati de la nostra escola \u00e9s una de les necessitats identificades en l\u2019an\u00e0lisi DAFO del <strong>Projecte de direcci\u00f3 2018-2022<\/strong>. En resposta a aquesta necessitat, durant el curs 2019-2020 l\u2019AFA va sol\u00b7licitar una subvenci\u00f3 a l\u2019Ajuntament de Matar\u00f3 i el curs 2020-2021 es va crear un grup impulsor integrat per representants de l\u2019equip de mestres, direcci\u00f3, infants, fam\u00edlies, menjador i lleure educatiu.<\/p>\n<p>Un cop aprovada la subvenci\u00f3, la primera fase del projecte es va iniciar el curs 2020-2021 gr\u00e0cies a l\u2019acompanyament de la cooperativa\u00a0<em>Coeducacci\u00f3<\/em>, dins del projecte\u00a0<strong>\u201cLa perspectiva de g\u00e8nere interseccional a l\u2019escola: reflexi\u00f3 pedag\u00f2gica comunit\u00e0ria a partir de l\u2019espai pati\u201d<\/strong>. Aquesta se centrava en una diagnosi participativa per detectar les necessitats i establir les l\u00ednies estrat\u00e8giques com a punt de partida per a la transformaci\u00f3.<\/p>\n<p>Durant el primer trimestre del curs 2020-2021, un grup de mestres i la direcci\u00f3 de l\u2019escola van participar en una formaci\u00f3 que organitzava l\u2019entitat ambiental\u00a0<em>SEO\/BirdLife<\/em>. Va ser llavors que vam entrar a formar part del projecte\u00a0<strong>Pati (R)evoluci\u00f3+Natura<\/strong>. A partir de la diagnosi inicial, es van elaborar diverses propostes de disseny. Una d\u2019aquestes propostes consistia en reduir l\u2019espai destinat a la pista esportiva per incrementar l\u2019espai verd amb arbrat que gener\u00e9s ombres i promogu\u00e9s un espai m\u00e9s agradable i inclusiu, afavorint din\u00e0miques socials positives i coeducatives. Des de llavors, la comunitat educativa treballa intensament per fer realitat l\u2019objectiu.<\/p>\n<p>El curs 2021-2022 la nostra escola va ser seleccionada per participar en un projecte cient\u00edfic i d\u2019innovaci\u00f3 educativa ERASMUS+ subvencionat per fons europeus:\u00a0<strong>\u201c\u00c9s bo per a ells (els ocells, animals i plantes), \u00e9s bo per a tu. Aprenentatge Social i Emocional mitjan\u00e7ant l\u2019aproximaci\u00f3 de la natura a les escoles\u201d<\/strong>. La garantia experta del projecte la proporcionava la Facultat d\u2019Educaci\u00f3, Departament de Pedagogia i Psicologia Preescolar i Elemental de la Universitat de Pre\u0161ov (Eslov\u00e0quia). L\u2019equip de mestres de Petits, juntament amb els nens i les nenes, va participar en aquest projecte que va culminar amb unes jornades de formaci\u00f3 a Bratislava durant les quals vam tenir l&#8217;oportunitat d&#8217;intercanviar experi\u00e8ncies pedag\u00f2giques amb altres centres educatius de Malta, Regne Unit i Rep\u00fablica eslovaca.<\/p>\n<p>El 2022, el projecte d\u2019<em>Adaptaci\u00f3 de les escoles al canvi clim\u00e0tic<\/em> va ser seleccionat en la votaci\u00f3 dels Pressupostos participatius de l\u2019Ajuntament de Matar\u00f3. Aquest projecte est\u00e0 emmarcat en el projecte <strong>Re-Natura\u00a0Matar\u00f3<\/strong> que t\u00e9 com a objectiu la renaturalitzaci\u00f3 i resili\u00e8ncia dels espais periurbans i urbans de Matar\u00f3, entre els quals es troben els patis de les escoles de la ciutat. L&#8217;equip t\u00e8cnic ha presentat el projecte per a la nostra escola i la previsi\u00f3 \u00e9s que les actuacions es completin abans de finalitzar l\u2019any 2025.<\/p>\n<p>En aquest men\u00fa hi trobareu tota la informaci\u00f3.\u00a0Us animem a ser-hi i participar!!<\/p>\n","protected":false},"excerpt":{"rendered":"<p>Fa temps que la nostra comunitat educativa mostra inter\u00e8s en la transformaci\u00f3 del pati amb la finalitat de situar les relacions interpersonals al centre de l&#8217;acci\u00f3 educativa. Volem un pati que fomenti relacions amables i on aflorin actituds com la responsabilitat, el respecte i l&#8217;autonomia, mitjan\u00e7ant activitats que ofereixin diversitat d&#8217;opcions. Espais que permetin el [&hellip;]<\/p>\n","protected":false},"author":1,"featured_media":0,"parent":0,"menu_order":0,"comment_status":"closed","ping_status":"closed","template":"page-templates\/side-menu.php","meta":{"_bbp_topic_count":0,"_bbp_reply_count":0,"_bbp_total_topic_count":0,"_bbp_total_reply_count":0,"_bbp_voice_count":0,"_bbp_anonymous_reply_count":0,"_bbp_topic_count_hidden":0,"_bbp_reply_count_hidden":0,"_bbp_forum_subforum_count":0,"site-sidebar-layout":"default","site-content-layout":"","ast-site-content-layout":"","site-content-style":"default","site-sidebar-style":"default","ast-global-header-display":"","ast-banner-title-visibility":"","ast-main-header-display":"","ast-hfb-above-header-display":"","ast-hfb-below-header-display":"","ast-hfb-mobile-header-display":"","site-post-title":"","ast-breadcrumbs-content":"","ast-featured-img":"","footer-sml-layout":"","theme-transparent-header-meta":"","adv-header-id-meta":"","stick-header-meta":"","header-above-stick-meta":"","header-main-stick-meta":"","header-below-stick-meta":"","astra-migrate-meta-layouts":"default","ast-page-background-enabled":"default","ast-page-background-meta":{"desktop":{"background-color":"var(--ast-global-color-4)","background-image":"","background-repeat":"repeat","background-position":"center center","background-size":"auto","background-attachment":"scroll","background-type":"","background-media":"","overlay-type":"","overlay-color":"","overlay-opacity":"","overlay-gradient":""},"tablet":{"background-color":"","background-image":"","background-repeat":"repeat","background-position":"center center","background-size":"auto","background-attachment":"scroll","background-type":"","background-media":"","overlay-type":"","overlay-color":"","overlay-opacity":"","overlay-gradient":""},"mobile":{"background-color":"","background-image":"","background-repeat":"repeat","background-position":"center center","background-size":"auto","background-attachment":"scroll","background-type":"","background-media":"","overlay-type":"","overlay-color":"","overlay-opacity":"","overlay-gradient":""}},"ast-content-background-meta":{"desktop":{"background-color":"var(--ast-global-color-5)","background-image":"","background-repeat":"repeat","background-position":"center center","background-size":"auto","background-attachment":"scroll","background-type":"","background-media":"","overlay-type":"","overlay-color":"","overlay-opacity":"","overlay-gradient":""},"tablet":{"background-color":"var(--ast-global-color-5)","background-image":"","background-repeat":"repeat","background-position":"center center","background-size":"auto","background-attachment":"scroll","background-type":"","background-media":"","overlay-type":"","overlay-color":"","overlay-opacity":"","overlay-gradient":""},"mobile":{"background-color":"var(--ast-global-color-5)","background-image":"","background-repeat":"repeat","background-position":"center center","background-size":"auto","background-attachment":"scroll","background-type":"","background-media":"","overlay-type":"","overlay-color":"","overlay-opacity":"","overlay-gradient":""}},"footnotes":""},"class_list":["post-2440","page","type-page","status-publish","hentry"],"post_mailing_queue_ids":[],"_links":{"self":[{"href":"https:\/\/agora.xtec.cat\/escolamontserratsola\/wp-json\/wp\/v2\/pages\/2440","targetHints":{"allow":["GET"]}}],"collection":[{"href":"https:\/\/agora.xtec.cat\/escolamontserratsola\/wp-json\/wp\/v2\/pages"}],"about":[{"href":"https:\/\/agora.xtec.cat\/escolamontserratsola\/wp-json\/wp\/v2\/types\/page"}],"author":[{"embeddable":true,"href":"https:\/\/agora.xtec.cat\/escolamontserratsola\/wp-json\/wp\/v2\/users\/1"}],"replies":[{"embeddable":true,"href":"https:\/\/agora.xtec.cat\/escolamontserratsola\/wp-json\/wp\/v2\/comments?post=2440"}],"version-history":[{"count":6,"href":"https:\/\/agora.xtec.cat\/escolamontserratsola\/wp-json\/wp\/v2\/pages\/2440\/revisions"}],"predecessor-version":[{"id":4168,"href":"https:\/\/agora.xtec.cat\/escolamontserratsola\/wp-json\/wp\/v2\/pages\/2440\/revisions\/4168"}],"wp:attachment":[{"href":"https:\/\/agora.xtec.cat\/escolamontserratsola\/wp-json\/wp\/v2\/media?parent=2440"}],"curies":[{"name":"wp","href":"https:\/\/api.w.org\/{rel}","templated":true}]}}

<p>Fa temps que la nostra comunitat educativa mostra interès en la transformació del pati amb la finalitat de situar les relacions interpersonals al centre de l&#8217;acció educativa. <strong><em>Volem un pati que fomenti relacions amables i on aflorin actituds com la responsabilitat, el respecte i l&#8217;autonomia, mitjançant activitats que ofereixin diversitat d&#8217;opcions. Espais que permetin el moviment, la curiositat, la intimitat, la cura i la calma, així com el contacte i l&#8217;aprenentatge a través de la natura</em></strong>.</p>
<h5>El pati: espai de relació i aprenentatge</h5>
<p><span style="font-family: inherit; font-size: 1em;">El pati és un espai privilegiat d’aprenentatges i de relació entre persones de gènere, generacions i cultures diverses. Són moltes les experiències que hi tenen lloc i per tant moltes les capacitats, habilitats i valors que s’aprenen, entre les quals, diverses formes de cooperació i col·laboració, la convivència i el respecte, les responsabilitats, els acords i obligacions així com també l’autoestima i la gestió emocional.</span></p>
<p>El disseny del pati, com a espai físic, condiciona la convivència i els tipus d’aprenentatges. La pista central i el joc amb pilota limita la resta d’activitats i sovint genera conflictes. Aquest disseny correspon amb el compliment de normatives que afavoreixen uns usos respecte a d’altres, generalment activitats més relacionades amb l’esport que amb d’altres formes de convivència i comunicació. Si bé a l&#8217;espai del pati es projecten i produeixen relacions interpersonals entre els infants poc condicionades per la intervenció docent, en el moviment físic i en el joc quotidià es reprodueixen rols sexuals, relacions de poder, actituds que reforcen la definició de les cultures de gènere i les desigualtats entre nois i noies. És per això que cada vegada hi ha més escoles que reclamen un pati com un veritable espai de convivència i d’educació en valors.</p>
<h5>El procés participatiu: comunitat educativa i ciutat</h5>
<p>La transformació del pati de la nostra escola és una de les necessitats identificades en l’anàlisi DAFO del <strong>Projecte de direcció 2018-2022</strong>. En resposta a aquesta necessitat, durant el curs 2019-2020 l’AFA va sol·licitar una subvenció a l’Ajuntament de Mataró i el curs 2020-2021 es va crear un grup impulsor integrat per representants de l’equip de mestres, direcció, infants, famílies, menjador i lleure educatiu.</p>
<p>Un cop aprovada la subvenció, la primera fase del projecte es va iniciar el curs 2020-2021 gràcies a l’acompanyament de la cooperativa <em>Coeducacció</em>, dins del projecte <strong>“La perspectiva de gènere interseccional a l’escola: reflexió pedagògica comunitària a partir de l’espai pati”</strong>. Aquesta se centrava en una diagnosi participativa per detectar les necessitats i establir les línies estratègiques com a punt de partida per a la transformació.</p>
<p>Durant el primer trimestre del curs 2020-2021, un grup de mestres i la direcció de l’escola van participar en una formació que organitzava l’entitat ambiental <em>SEO/BirdLife</em>. Va ser llavors que vam entrar a formar part del projecte <strong>Pati (R)evolució+Natura</strong>. A partir de la diagnosi inicial, es van elaborar diverses propostes de disseny. Una d’aquestes propostes consistia en reduir l’espai destinat a la pista esportiva per incrementar l’espai verd amb arbrat que generés ombres i promogués un espai més agradable i inclusiu, afavorint dinàmiques socials positives i coeducatives. Des de llavors, la comunitat educativa treballa intensament per fer realitat l’objectiu.</p>
<p>El curs 2021-2022 la nostra escola va ser seleccionada per participar en un projecte científic i d’innovació educativa ERASMUS+ subvencionat per fons europeus: <strong>“És bo per a ells (els ocells, animals i plantes), és bo per a tu. Aprenentatge Social i Emocional mitjançant l’aproximació de la natura a les escoles”</strong>. La garantia experta del projecte la proporcionava la Facultat d’Educació, Departament de Pedagogia i Psicologia Preescolar i Elemental de la Universitat de Prešov (Eslovàquia). L’equip de mestres de Petits, juntament amb els nens i les nenes, va participar en aquest projecte que va culminar amb unes jornades de formació a Bratislava durant les quals vam tenir l&#8217;oportunitat d&#8217;intercanviar experiències pedagògiques amb altres centres educatius de Malta, Regne Unit i República eslovaca.</p>
<p>El 2022, el projecte d’<em>Adaptació de les escoles al canvi climàtic</em> va ser seleccionat en la votació dels Pressupostos participatius de l’Ajuntament de Mataró. Aquest projecte està emmarcat en el projecte <strong>Re-Natura Mataró</strong> que té com a objectiu la renaturalització i resiliència dels espais periurbans i urbans de Mataró, entre els quals es troben els patis de les escoles de la ciutat. L&#8217;equip tècnic ha presentat el projecte per a la nostra escola i la previsió és que les actuacions es completin abans de finalitzar l’any 2025.</p>
<p>En aquest menú hi trobareu tota la informació. Us animem a ser-hi i participar!!</p>

<p>Fa temps que la nostra comunitat educativa mostra interès en la transformació del pati amb la finalitat de situar les relacions interpersonals al centre de l&#8217;acció educativa. Volem un pati que fomenti relacions amables i on aflorin actituds com la responsabilitat, el respecte i l&#8217;autonomia, mitjançant activitats que ofereixin diversitat d&#8217;opcions. Espais que permetin el [&hellip;]</p>
