{"id":2189,"date":"2020-10-11T22:52:52","date_gmt":"2020-10-11T20:52:52","guid":{"rendered":"https:\/\/agora.xtec.cat\/escolamontserratsola\/?page_id=2189"},"modified":"2026-02-01T19:30:24","modified_gmt":"2026-02-01T18:30:24","slug":"representants-en-el-consell-escolar","status":"publish","type":"page","link":"https:\/\/agora.xtec.cat\/escolamontserratsola\/lescola\/consell-escolar\/representants-en-el-consell-escolar\/","title":{"rendered":"Representants en el Consell Escolar"},"content":{"rendered":"<p>Data de constituci\u00f3 del Consell Escolar: 11 de desembre de 2025.<\/p>\n<ul>\n<li><strong>Representants de la direcci\u00f3:<br \/>\n<\/strong>Albert Carre\u00f1o, cap d&#8217;estudis.<br \/>\nIsabel M\u00fanera, secret\u00e0ria.<br \/>\nEncarni Prados, directora.<\/li>\n<li><strong style=\"font-family: inherit; font-size: 1em;\">Representants de l\u2019equip de mestres:<br \/>\n<\/strong>Cristina Armengol.<br \/>\nSandra Gibanel.<br \/>\nTeresa G\u00f3mez.<br \/>\nMarta Molina.<br \/>\nAnna Serr\u00e0.<\/li>\n<li><strong>Representants de les fam\u00edlies<br \/>\n<\/strong>Rut Cruz.<br \/>\nLeticia Garcia. Referent coeducaci\u00f3.<br \/>\nIrina Gin\u00e9s.<br \/>\nSiska Verhamme. Representant de l&#8217;AFA.<br \/>\nFerran Vivas.<\/li>\n<li><strong>Representant del Personal d&#8217;Administraci\u00f3 i Serveis (PAS)<br \/>\n<\/strong>Daniel S\u00e1nchez.<\/li>\n<li><strong>Representant de l\u2019Ajuntament<br \/>\n<\/strong>Dani Corpas.<\/li>\n<\/ul>\n","protected":false},"excerpt":{"rendered":"<p>Data de constituci\u00f3 del Consell Escolar: 11 de desembre de 2025. Representants de la direcci\u00f3: Albert Carre\u00f1o, cap d&#8217;estudis. Isabel M\u00fanera, secret\u00e0ria. Encarni Prados, directora. Representants de l\u2019equip de mestres: Cristina Armengol. Sandra Gibanel. Teresa G\u00f3mez. Marta Molina. Anna Serr\u00e0. Representants de les fam\u00edlies Rut Cruz. Leticia Garcia. Referent coeducaci\u00f3. Irina Gin\u00e9s. Siska Verhamme. Representant [&hellip;]<\/p>\n","protected":false},"author":1,"featured_media":0,"parent":28,"menu_order":1,"comment_status":"closed","ping_status":"closed","template":"page-templates\/side-menu.php","meta":{"_bbp_topic_count":0,"_bbp_reply_count":0,"_bbp_total_topic_count":0,"_bbp_total_reply_count":0,"_bbp_voice_count":0,"_bbp_anonymous_reply_count":0,"_bbp_topic_count_hidden":0,"_bbp_reply_count_hidden":0,"_bbp_forum_subforum_count":0,"site-sidebar-layout":"default","site-content-layout":"","ast-site-content-layout":"","site-content-style":"default","site-sidebar-style":"default","ast-global-header-display":"","ast-banner-title-visibility":"","ast-main-header-display":"","ast-hfb-above-header-display":"","ast-hfb-below-header-display":"","ast-hfb-mobile-header-display":"","site-post-title":"","ast-breadcrumbs-content":"","ast-featured-img":"","footer-sml-layout":"","theme-transparent-header-meta":"","adv-header-id-meta":"","stick-header-meta":"","header-above-stick-meta":"","header-main-stick-meta":"","header-below-stick-meta":"","astra-migrate-meta-layouts":"default","ast-page-background-enabled":"default","ast-page-background-meta":{"desktop":{"background-color":"var(--ast-global-color-4)","background-image":"","background-repeat":"repeat","background-position":"center center","background-size":"auto","background-attachment":"scroll","background-type":"","background-media":"","overlay-type":"","overlay-color":"","overlay-opacity":"","overlay-gradient":""},"tablet":{"background-color":"","background-image":"","background-repeat":"repeat","background-position":"center center","background-size":"auto","background-attachment":"scroll","background-type":"","background-media":"","overlay-type":"","overlay-color":"","overlay-opacity":"","overlay-gradient":""},"mobile":{"background-color":"","background-image":"","background-repeat":"repeat","background-position":"center center","background-size":"auto","background-attachment":"scroll","background-type":"","background-media":"","overlay-type":"","overlay-color":"","overlay-opacity":"","overlay-gradient":""}},"ast-content-background-meta":{"desktop":{"background-color":"var(--ast-global-color-5)","background-image":"","background-repeat":"repeat","background-position":"center center","background-size":"auto","background-attachment":"scroll","background-type":"","background-media":"","overlay-type":"","overlay-color":"","overlay-opacity":"","overlay-gradient":""},"tablet":{"background-color":"var(--ast-global-color-5)","background-image":"","background-repeat":"repeat","background-position":"center center","background-size":"auto","background-attachment":"scroll","background-type":"","background-media":"","overlay-type":"","overlay-color":"","overlay-opacity":"","overlay-gradient":""},"mobile":{"background-color":"var(--ast-global-color-5)","background-image":"","background-repeat":"repeat","background-position":"center center","background-size":"auto","background-attachment":"scroll","background-type":"","background-media":"","overlay-type":"","overlay-color":"","overlay-opacity":"","overlay-gradient":""}},"footnotes":""},"class_list":["post-2189","page","type-page","status-publish","hentry"],"post_mailing_queue_ids":[],"_links":{"self":[{"href":"https:\/\/agora.xtec.cat\/escolamontserratsola\/wp-json\/wp\/v2\/pages\/2189","targetHints":{"allow":["GET"]}}],"collection":[{"href":"https:\/\/agora.xtec.cat\/escolamontserratsola\/wp-json\/wp\/v2\/pages"}],"about":[{"href":"https:\/\/agora.xtec.cat\/escolamontserratsola\/wp-json\/wp\/v2\/types\/page"}],"author":[{"embeddable":true,"href":"https:\/\/agora.xtec.cat\/escolamontserratsola\/wp-json\/wp\/v2\/users\/1"}],"replies":[{"embeddable":true,"href":"https:\/\/agora.xtec.cat\/escolamontserratsola\/wp-json\/wp\/v2\/comments?post=2189"}],"version-history":[{"count":6,"href":"https:\/\/agora.xtec.cat\/escolamontserratsola\/wp-json\/wp\/v2\/pages\/2189\/revisions"}],"predecessor-version":[{"id":4556,"href":"https:\/\/agora.xtec.cat\/escolamontserratsola\/wp-json\/wp\/v2\/pages\/2189\/revisions\/4556"}],"up":[{"embeddable":true,"href":"https:\/\/agora.xtec.cat\/escolamontserratsola\/wp-json\/wp\/v2\/pages\/28"}],"wp:attachment":[{"href":"https:\/\/agora.xtec.cat\/escolamontserratsola\/wp-json\/wp\/v2\/media?parent=2189"}],"curies":[{"name":"wp","href":"https:\/\/api.w.org\/{rel}","templated":true}]}}