{"id":77,"date":"2014-09-18T14:05:08","date_gmt":"2014-09-18T13:05:08","guid":{"rendered":"http:\/\/agora.xtec.cat\/escolamontserratina\/?page_id=77"},"modified":"2026-09-01T22:52:56","modified_gmt":"2026-09-01T20:52:56","slug":"acollida","status":"publish","type":"page","link":"https:\/\/agora.xtec.cat\/escolamontserratina\/ampa\/acollida\/","title":{"rendered":"Acollida"},"content":{"rendered":"<p>L&#8217;alumnat que necessiti fer \u00fas del servei d\u2019acollida matinal cal fer la inscripci\u00f3 a la p\u00e0gina web de PAIDO:<\/p>\n<p><a href=\"https:\/\/paido.org\/acollida-matinal\">INSCRIPCIONS ACOLLIDA MATINAL CURS 2026-2027<\/a><\/p>\n<p>El funcionament del servei \u00e9s de les 8:00h a les 9:00h del mat\u00ed.<\/p>\n<p>Hi ha dues hores per entrar a les 8:00h i a les 8:30h.<\/p>\n<p><a href=\"https:\/\/agora.xtec.cat\/escolamontserratina\/wp-content\/uploads\/usu275\/2026\/08\/Captura-de-pantalla-2026-08-29-a-las-10.55.25.png\"><img loading=\"lazy\" decoding=\"async\" class=\"alignleft size-large wp-image-9866\" src=\"https:\/\/agora.xtec.cat\/escolamontserratina\/wp-content\/uploads\/usu275\/2026\/08\/Captura-de-pantalla-2026-08-29-a-las-10.55.25-749x1024.png\" alt=\"\" width=\"749\" height=\"1024\" srcset=\"https:\/\/agora.xtec.cat\/escolamontserratina\/wp-content\/uploads\/usu275\/2026\/08\/Captura-de-pantalla-2026-08-29-a-las-10.55.25-749x1024.png 749w, https:\/\/agora.xtec.cat\/escolamontserratina\/wp-content\/uploads\/usu275\/2026\/08\/Captura-de-pantalla-2026-08-29-a-las-10.55.25-220x300.png 220w, https:\/\/agora.xtec.cat\/escolamontserratina\/wp-content\/uploads\/usu275\/2026\/08\/Captura-de-pantalla-2026-08-29-a-las-10.55.25-768x1050.png 768w, https:\/\/agora.xtec.cat\/escolamontserratina\/wp-content\/uploads\/usu275\/2026\/08\/Captura-de-pantalla-2026-08-29-a-las-10.55.25-1124x1536.png 1124w, https:\/\/agora.xtec.cat\/escolamontserratina\/wp-content\/uploads\/usu275\/2026\/08\/Captura-de-pantalla-2026-08-29-a-las-10.55.25.png 1462w\" sizes=\"auto, (max-width: 749px) 100vw, 749px\" \/><\/a><\/p>\n<p>Per a m\u00e9s informaci\u00f3 sobre\u00a0el servei d&#8217;Acollida us podeu posar en contacte amb l\u2019AMPA: els divendres de 16:30h a 17:30 hores,\u00a0 o al correu electr\u00f2nic seg\u00fcent:<\/p>\n<p><a href=\"mailto:montserratina.ampa@gmail.com\">montserratina.ampa@gmail.com<\/a><\/p>\n<div><\/div>\n<div>\u00a0 \u00a0 \u00a0 \u00a0 \u00a0 \u00a0 \u00a0 \u00a0<b><\/b><\/div>\n<div><\/div>\n","protected":false},"excerpt":{"rendered":"<p>L&#8217;alumnat que necessiti fer \u00fas del servei d\u2019acollida matinal cal fer la inscripci\u00f3 a la p\u00e0gina web de PAIDO: INSCRIPCIONS ACOLLIDA MATINAL CURS 2026-2027 El funcionament del servei \u00e9s de les 8:00h a les 9:00h del mat\u00ed. Hi ha dues hores per entrar a les 8:00h i a les 8:30h. Per a m\u00e9s informaci\u00f3 sobre\u00a0el [&hellip;]<\/p>\n","protected":false},"author":1,"featured_media":0,"parent":548,"menu_order":20,"comment_status":"closed","ping_status":"closed","template":"","meta":{"_bbp_topic_count":0,"_bbp_reply_count":0,"_bbp_total_topic_count":0,"_bbp_total_reply_count":0,"_bbp_voice_count":0,"_bbp_anonymous_reply_count":0,"_bbp_topic_count_hidden":0,"_bbp_reply_count_hidden":0,"_bbp_forum_subforum_count":0,"site-sidebar-layout":"default","site-content-layout":"","ast-site-content-layout":"default","site-content-style":"default","site-sidebar-style":"default","ast-global-header-display":"","ast-banner-title-visibility":"","ast-main-header-display":"","ast-hfb-above-header-display":"","ast-hfb-below-header-display":"","ast-hfb-mobile-header-display":"","site-post-title":"","ast-breadcrumbs-content":"","ast-featured-img":"","footer-sml-layout":"","theme-transparent-header-meta":"","adv-header-id-meta":"","stick-header-meta":"","header-above-stick-meta":"","header-main-stick-meta":"","header-below-stick-meta":"","astra-migrate-meta-layouts":"set","ast-page-background-enabled":"default","ast-page-background-meta":{"desktop":{"background-color":"var(--ast-global-color-4)","background-image":"","background-repeat":"repeat","background-position":"center center","background-size":"auto","background-attachment":"scroll","background-type":"","background-media":"","overlay-type":"","overlay-color":"","overlay-opacity":"","overlay-gradient":""},"tablet":{"background-color":"","background-image":"","background-repeat":"repeat","background-position":"center center","background-size":"auto","background-attachment":"scroll","background-type":"","background-media":"","overlay-type":"","overlay-color":"","overlay-opacity":"","overlay-gradient":""},"mobile":{"background-color":"","background-image":"","background-repeat":"repeat","background-position":"center center","background-size":"auto","background-attachment":"scroll","background-type":"","background-media":"","overlay-type":"","overlay-color":"","overlay-opacity":"","overlay-gradient":""}},"ast-content-background-meta":{"desktop":{"background-color":"var(--ast-global-color-5)","background-image":"","background-repeat":"repeat","background-position":"center center","background-size":"auto","background-attachment":"scroll","background-type":"","background-media":"","overlay-type":"","overlay-color":"","overlay-opacity":"","overlay-gradient":""},"tablet":{"background-color":"var(--ast-global-color-5)","background-image":"","background-repeat":"repeat","background-position":"center center","background-size":"auto","background-attachment":"scroll","background-type":"","background-media":"","overlay-type":"","overlay-color":"","overlay-opacity":"","overlay-gradient":""},"mobile":{"background-color":"var(--ast-global-color-5)","background-image":"","background-repeat":"repeat","background-position":"center center","background-size":"auto","background-attachment":"scroll","background-type":"","background-media":"","overlay-type":"","overlay-color":"","overlay-opacity":"","overlay-gradient":""}},"footnotes":""},"class_list":["post-77","page","type-page","status-publish","hentry"],"post_mailing_queue_ids":[],"_links":{"self":[{"href":"https:\/\/agora.xtec.cat\/escolamontserratina\/wp-json\/wp\/v2\/pages\/77","targetHints":{"allow":["GET"]}}],"collection":[{"href":"https:\/\/agora.xtec.cat\/escolamontserratina\/wp-json\/wp\/v2\/pages"}],"about":[{"href":"https:\/\/agora.xtec.cat\/escolamontserratina\/wp-json\/wp\/v2\/types\/page"}],"author":[{"embeddable":true,"href":"https:\/\/agora.xtec.cat\/escolamontserratina\/wp-json\/wp\/v2\/users\/1"}],"replies":[{"embeddable":true,"href":"https:\/\/agora.xtec.cat\/escolamontserratina\/wp-json\/wp\/v2\/comments?post=77"}],"version-history":[{"count":6,"href":"https:\/\/agora.xtec.cat\/escolamontserratina\/wp-json\/wp\/v2\/pages\/77\/revisions"}],"predecessor-version":[{"id":9886,"href":"https:\/\/agora.xtec.cat\/escolamontserratina\/wp-json\/wp\/v2\/pages\/77\/revisions\/9886"}],"up":[{"embeddable":true,"href":"https:\/\/agora.xtec.cat\/escolamontserratina\/wp-json\/wp\/v2\/pages\/548"}],"wp:attachment":[{"href":"https:\/\/agora.xtec.cat\/escolamontserratina\/wp-json\/wp\/v2\/media?parent=77"}],"curies":[{"name":"wp","href":"https:\/\/api.w.org\/{rel}","templated":true}]}}

<p>L&#8217;alumnat que necessiti fer ús del servei d’acollida matinal cal fer la inscripció a la pàgina web de PAIDO:</p>
<p><a href="https://paido.org/acollida-matinal">INSCRIPCIONS ACOLLIDA MATINAL CURS 2026-2027</a></p>
<p>El funcionament del servei és de les 8:00h a les 9:00h del matí.</p>
<p>Hi ha dues hores per entrar a les 8:00h i a les 8:30h.</p>
<p><a href="https://agora.xtec.cat/escolamontserratina/wp-content/uploads/usu275/2026/08/Captura-de-pantalla-2026-08-29-a-las-10.55.25.png"><img loading="lazy" decoding="async" class="alignleft size-large wp-image-9866" src="https://agora.xtec.cat/escolamontserratina/wp-content/uploads/usu275/2026/08/Captura-de-pantalla-2026-08-29-a-las-10.55.25-749x1024.png" alt="" width="749" height="1024" srcset="https://agora.xtec.cat/escolamontserratina/wp-content/uploads/usu275/2026/08/Captura-de-pantalla-2026-08-29-a-las-10.55.25-749x1024.png 749w, https://agora.xtec.cat/escolamontserratina/wp-content/uploads/usu275/2026/08/Captura-de-pantalla-2026-08-29-a-las-10.55.25-220x300.png 220w, https://agora.xtec.cat/escolamontserratina/wp-content/uploads/usu275/2026/08/Captura-de-pantalla-2026-08-29-a-las-10.55.25-768x1050.png 768w, https://agora.xtec.cat/escolamontserratina/wp-content/uploads/usu275/2026/08/Captura-de-pantalla-2026-08-29-a-las-10.55.25-1124x1536.png 1124w, https://agora.xtec.cat/escolamontserratina/wp-content/uploads/usu275/2026/08/Captura-de-pantalla-2026-08-29-a-las-10.55.25.png 1462w" sizes="auto, (max-width: 749px) 100vw, 749px" /></a></p>
<p>Per a més informació sobre el servei d&#8217;Acollida us podeu posar en contacte amb l’AMPA: els divendres de 16:30h a 17:30 hores,  o al correu electrònic següent:</p>
<p><a href="mailto:montserratina.ampa@gmail.com">montserratina.ampa@gmail.com</a></p>
<div></div>
<div>               <b></b></div>
<div></div>

<p>L&#8217;alumnat que necessiti fer ús del servei d’acollida matinal cal fer la inscripció a la pàgina web de PAIDO: INSCRIPCIONS ACOLLIDA MATINAL CURS 2026-2027 El funcionament del servei és de les 8:00h a les 9:00h del matí. Hi ha dues hores per entrar a les 8:00h i a les 8:30h. Per a més informació sobre el [&hellip;]</p>
