{"id":594,"date":"2017-09-26T09:37:03","date_gmt":"2017-09-26T07:37:03","guid":{"rendered":"http:\/\/agora.xtec.cat\/escolamontserratina\/?page_id=594"},"modified":"2022-09-06T19:39:39","modified_gmt":"2022-09-06T17:39:39","slug":"xarxa-familia-escola","status":"publish","type":"page","link":"https:\/\/agora.xtec.cat\/escolamontserratina\/lescola\/xarxa-familia-escola\/","title":{"rendered":"Xarxa Fam\u00edlia &#8211; Escola"},"content":{"rendered":"<p>La Xarxa Fam\u00edlia-Escola va n\u00e9ixer l&#8217;any 2012 per tal d&#8217;establir\u00a0un vincle entre les fam\u00edlies i l&#8217;escola.<\/p>\n<p>Est\u00e0 formada per l&#8217;Equip Directiu de l&#8217;escola i els pares\/mares delegats de cada classe.<\/p>\n<p>___________________________________________________________________________________<\/p>\n<p style=\"text-align: center;\">Ets delegat o delegada?<\/p>\n<p>FELICITATS!!!!<\/p>\n<ol>\n<li>Ets el vincle entre l\u2019escola i les fam\u00edlies de la teva classe.<\/li>\n<li>Tens l\u2019oportunitat d\u2019assistir a les diferents reunions proposades des de l\u2019escola.<\/li>\n<li>Ets el\/la portaveu per transmetre les opinions i inquietuds tant de les fam\u00edlies del teu grup\/classe a l\u2019escola com des l\u2019escola a les fam\u00edlies.<\/li>\n<li>Fomentes i facilites la participaci\u00f3 dels pares en les diferents activitats organitzades a l\u2019escola.<\/li>\n<li>Fas difusi\u00f3 de les sortides que s\u2019organitzen a l\u2019escola i de les petites normes que cal seguir quan acompanyem als nens i nenes: no fer fotos, utilitzar un vocabulari adient&#8230;<\/li>\n<li>Si anem de la m\u00e0 i fem coses un al costat de l\u2019altre&#8230; tot surt millor!!!<\/li>\n<li>Quan fem coses junts, ajudem als nostres fills i filles a sentir-se m\u00e9s units al seu grup perqu\u00e8 la unitat dels pares refor\u00e7a aquest sentiment.<\/li>\n<li>Les teves idees faciliten el nostre treball.<\/li>\n<li>Afavoreixes un clima de confian\u00e7a, integraci\u00f3 i solidaritat entre tota la comunitat educativa.<\/li>\n<li>Tots junts fem l\u2019Escola Montserratina!!!<\/li>\n<\/ol>\n<p><em>Recordeu el proverbi afric\u00e0&#8230; <\/em><\/p>\n<p><a href=\"https:\/\/agora.xtec.cat\/escolamontserratina\/wp-content\/uploads\/usu275\/2022\/09\/IMG-6145.jpg\"><img loading=\"lazy\" decoding=\"async\" class=\"aligncenter size-large wp-image-4327\" src=\"https:\/\/agora.xtec.cat\/escolamontserratina\/wp-content\/uploads\/usu275\/2022\/09\/IMG-6145-1024x863.jpg\" alt=\"\" width=\"1024\" height=\"863\" srcset=\"https:\/\/agora.xtec.cat\/escolamontserratina\/wp-content\/uploads\/usu275\/2022\/09\/IMG-6145-1024x863.jpg 1024w, https:\/\/agora.xtec.cat\/escolamontserratina\/wp-content\/uploads\/usu275\/2022\/09\/IMG-6145-300x253.jpg 300w, https:\/\/agora.xtec.cat\/escolamontserratina\/wp-content\/uploads\/usu275\/2022\/09\/IMG-6145-768x647.jpg 768w, https:\/\/agora.xtec.cat\/escolamontserratina\/wp-content\/uploads\/usu275\/2022\/09\/IMG-6145.jpg 1174w\" sizes=\"auto, (max-width: 1024px) 100vw, 1024px\" \/><\/a><\/p>\n","protected":false},"excerpt":{"rendered":"<p>La Xarxa Fam\u00edlia-Escola va n\u00e9ixer l&#8217;any 2012 per tal d&#8217;establir\u00a0un vincle entre les fam\u00edlies i l&#8217;escola.<br \/>\nEst\u00e0 formada per l&#8217;Equip Directiu de l&#8217;escola i els pares\/mares delegats de cada classe.<br \/>\n___________________________________________________________________________________<br \/>\nEts delegat o delegada?<br \/>\nFELICITATS!!!!<\/p>\n<ol>\n<li>Ets el vincle entre l\u2019escola i les fam\u00edlies de la teva classe.<\/li>\n<li>Tens l\u2019oportunitat d\u2019assistir&hellip;  <a href=\"https:\/\/agora.xtec.cat\/escolamontserratina\/lescola\/xarxa-familia-escola\/\" title=\"Read Xarxa Fam\u00edlia &#8211; Escola\">Llegeix m\u00e9s\u00bb<\/a><br \/>\n","protected":false},"author":1,"featured_media":0,"parent":22,"menu_order":0,"comment_status":"closed","ping_status":"closed","template":"page-templates\/side-menu.php","meta":{"_bbp_topic_count":0,"_bbp_reply_count":0,"_bbp_total_topic_count":0,"_bbp_total_reply_count":0,"_bbp_voice_count":0,"_bbp_anonymous_reply_count":0,"_bbp_topic_count_hidden":0,"_bbp_reply_count_hidden":0,"_bbp_forum_subforum_count":0,"footnotes":""},"class_list":["post-594","page","type-page","status-publish","hentry"],"post_mailing_queue_ids":[],"_links":{"self":[{"href":"https:\/\/agora.xtec.cat\/escolamontserratina\/wp-json\/wp\/v2\/pages\/594","targetHints":{"allow":["GET"]}}],"collection":[{"href":"https:\/\/agora.xtec.cat\/escolamontserratina\/wp-json\/wp\/v2\/pages"}],"about":[{"href":"https:\/\/agora.xtec.cat\/escolamontserratina\/wp-json\/wp\/v2\/types\/page"}],"author":[{"embeddable":true,"href":"https:\/\/agora.xtec.cat\/escolamontserratina\/wp-json\/wp\/v2\/users\/1"}],"replies":[{"embeddable":true,"href":"https:\/\/agora.xtec.cat\/escolamontserratina\/wp-json\/wp\/v2\/comments?post=594"}],"version-history":[{"count":3,"href":"https:\/\/agora.xtec.cat\/escolamontserratina\/wp-json\/wp\/v2\/pages\/594\/revisions"}],"predecessor-version":[{"id":4328,"href":"https:\/\/agora.xtec.cat\/escolamontserratina\/wp-json\/wp\/v2\/pages\/594\/revisions\/4328"}],"up":[{"embeddable":true,"href":"https:\/\/agora.xtec.cat\/escolamontserratina\/wp-json\/wp\/v2\/pages\/22"}],"wp:attachment":[{"href":"https:\/\/agora.xtec.cat\/escolamontserratina\/wp-json\/wp\/v2\/media?parent=594"}],"curies":[{"name":"wp","href":"https:\/\/api.w.org\/{rel}","templated":true}]}}

Xarxa Família &#8211; Escola

<p>La Xarxa Família-Escola va néixer l&#8217;any 2012 per tal d&#8217;establir un vincle entre les famílies i l&#8217;escola.</p>
<p>Està formada per l&#8217;Equip Directiu de l&#8217;escola i els pares/mares delegats de cada classe.</p>
<p>___________________________________________________________________________________</p>
<p style="text-align: center;">Ets delegat o delegada?</p>
<p>FELICITATS!!!!</p>
<ol>
<li>Ets el vincle entre l’escola i les famílies de la teva classe.</li>
<li>Tens l’oportunitat d’assistir a les diferents reunions proposades des de l’escola.</li>
<li>Ets el/la portaveu per transmetre les opinions i inquietuds tant de les famílies del teu grup/classe a l’escola com des l’escola a les famílies.</li>
<li>Fomentes i facilites la participació dels pares en les diferents activitats organitzades a l’escola.</li>
<li>Fas difusió de les sortides que s’organitzen a l’escola i de les petites normes que cal seguir quan acompanyem als nens i nenes: no fer fotos, utilitzar un vocabulari adient&#8230;</li>
<li>Si anem de la mà i fem coses un al costat de l’altre&#8230; tot surt millor!!!</li>
<li>Quan fem coses junts, ajudem als nostres fills i filles a sentir-se més units al seu grup perquè la unitat dels pares reforça aquest sentiment.</li>
<li>Les teves idees faciliten el nostre treball.</li>
<li>Afavoreixes un clima de confiança, integració i solidaritat entre tota la comunitat educativa.</li>
<li>Tots junts fem l’Escola Montserratina!!!</li>
</ol>
<p><em>Recordeu el proverbi africà&#8230; </em></p>
<p><a href="https://agora.xtec.cat/escolamontserratina/wp-content/uploads/usu275/2022/09/IMG-6145.jpg"><img loading="lazy" decoding="async" class="aligncenter size-large wp-image-4327" src="https://agora.xtec.cat/escolamontserratina/wp-content/uploads/usu275/2022/09/IMG-6145-1024x863.jpg" alt="" width="1024" height="863" srcset="https://agora.xtec.cat/escolamontserratina/wp-content/uploads/usu275/2022/09/IMG-6145-1024x863.jpg 1024w, https://agora.xtec.cat/escolamontserratina/wp-content/uploads/usu275/2022/09/IMG-6145-300x253.jpg 300w, https://agora.xtec.cat/escolamontserratina/wp-content/uploads/usu275/2022/09/IMG-6145-768x647.jpg 768w, https://agora.xtec.cat/escolamontserratina/wp-content/uploads/usu275/2022/09/IMG-6145.jpg 1174w" sizes="auto, (max-width: 1024px) 100vw, 1024px" /></a></p>

<p>La Xarxa Família-Escola va néixer l&#8217;any 2012 per tal d&#8217;establir un vincle entre les famílies i l&#8217;escola.<br />
Està formada per l&#8217;Equip Directiu de l&#8217;escola i els pares/mares delegats de cada classe.<br />
___________________________________________________________________________________<br />
Ets delegat o delegada?<br />
FELICITATS!!!!</p>
<ol>
<li>Ets el vincle entre l’escola i les famílies de la teva classe.</li>
<li>Tens l’oportunitat d’assistir&hellip;  <a href="https://agora.xtec.cat/escolamontserratina/lescola/xarxa-familia-escola/" title="Read Xarxa Família &#8211; Escola">Llegeix més»</a><br />
