{"id":32,"date":"2014-09-18T12:31:33","date_gmt":"2014-09-18T11:31:33","guid":{"rendered":"http:\/\/agora.xtec.cat\/escolamontserratina\/?page_id=32"},"modified":"2025-10-11T19:03:33","modified_gmt":"2025-10-11T17:03:33","slug":"calendari-del-curs","status":"publish","type":"page","link":"https:\/\/agora.xtec.cat\/escolamontserratina\/lescola\/calendari-del-curs\/","title":{"rendered":"Calendari del curs"},"content":{"rendered":"<h4 style=\"text-align: left;\"><strong><a href=\"https:\/\/agora.xtec.cat\/escolamontserratina\/wp-content\/uploads\/usu275\/2025\/07\/Calendari-2025-2026-e1753379770656.png\"><img loading=\"lazy\" decoding=\"async\" class=\"alignleft size-large wp-image-8988\" src=\"https:\/\/agora.xtec.cat\/escolamontserratina\/wp-content\/uploads\/usu275\/2025\/07\/Calendari-2025-2026-e1753379770656-1024x623.png\" alt=\"\" width=\"1024\" height=\"623\" srcset=\"https:\/\/agora.xtec.cat\/escolamontserratina\/wp-content\/uploads\/usu275\/2025\/07\/Calendari-2025-2026-e1753379770656-1024x623.png 1024w, https:\/\/agora.xtec.cat\/escolamontserratina\/wp-content\/uploads\/usu275\/2025\/07\/Calendari-2025-2026-e1753379770656-300x183.png 300w, https:\/\/agora.xtec.cat\/escolamontserratina\/wp-content\/uploads\/usu275\/2025\/07\/Calendari-2025-2026-e1753379770656-768x467.png 768w, https:\/\/agora.xtec.cat\/escolamontserratina\/wp-content\/uploads\/usu275\/2025\/07\/Calendari-2025-2026-e1753379770656-1536x935.png 1536w, https:\/\/agora.xtec.cat\/escolamontserratina\/wp-content\/uploads\/usu275\/2025\/07\/Calendari-2025-2026-e1753379770656-2048x1246.png 2048w\" sizes=\"auto, (max-width: 1024px) 100vw, 1024px\" \/><\/a><\/strong><\/h4>\n<p style=\"font-weight: 400;\">El curs s&#8217;inicia el 8 de setembre de 2025, per\u00f2 at\u00e8s que \u00e9s festa a Viladecans, comen\u00e7arem el 9 de setembre.<\/p>\n<p style=\"font-weight: 400;\">El curs finalitza el 19 de juny de 2026.<\/p>\n<p style=\"font-weight: 400;\"><strong>\u00a0<\/strong><\/p>\n<p style=\"font-weight: 400;\"><strong>Vacances:<\/strong><\/p>\n<p style=\"font-weight: 400;\"><u>Nadal: <\/u><\/p>\n<p style=\"font-weight: 400;\">Del\u00a0 22 de desembre de 2025 al 7 de gener de 2026, ambd\u00f3s inclosos.<\/p>\n<p style=\"font-weight: 400;\"><u>Setmana Santa: <\/u><\/p>\n<p style=\"font-weight: 400;\">Del 30 de mar\u00e7 al 6 d&#8217;abril de 2026, ambd\u00f3s inclosos.<\/p>\n<p style=\"font-weight: 400;\"><strong>Dies festius:<\/strong><\/p>\n<p style=\"font-weight: 400;\">8 de setembre 2025 (Festa local de Viladecans)<\/p>\n<p style=\"font-weight: 400;\">11 de setembre 2025 (Festa Catalunya)<\/p>\n<p style=\"font-weight: 400;\">8 de desembre 2024 (Festa nacional)<\/p>\n<p style=\"font-weight: 400;\">1 de maig 2025 (Festa nacional)<\/p>\n<p style=\"font-weight: 400;\">25 de maig \u00a02026 (Festa local de Viladecans)<\/p>\n<p style=\"font-weight: 400;\"><strong>Dies de lliure disposici\u00f3 aprovats pel Consell Escolar:<\/strong><\/p>\n<p style=\"font-weight: 400;\">31 d\u2019octubre 2025<\/p>\n<p style=\"font-weight: 400;\">5 de desembre 2025<\/p>\n<p style=\"font-weight: 400;\">16 de febrer 2026<\/p>\n<p style=\"font-weight: 400;\">30 d&#8217;abril \u00a02026<\/p>\n<p>&nbsp;<\/p>\n<h3 style=\"text-align: center;\"><\/h3>\n<h3 style=\"text-align: center;\"><\/h3>\n<p>&nbsp;<\/p>\n","protected":false},"excerpt":{"rendered":"<p><a href=\"https:\/\/agora.xtec.cat\/escolamontserratina\/wp-content\/uploads\/usu275\/2025\/07\/Calendari-2025-2026-e1753379770656.png\"><\/a><br \/>\nEl curs s&#8217;inicia el 8 de setembre de 2025, per\u00f2 at\u00e8s que \u00e9s festa a Viladecans, comen\u00e7arem el 9 de setembre.<br \/>\nEl curs finalitza el 19 de juny de 2026.<br \/>\n\u00a0<br \/>\nVacances:<br \/>\nNadal:<br \/>\nDel\u00a0 22 de desembre de 2025 al 7 de gener de 2026, ambd\u00f3s inclosos.<br \/>\nSetmana Santa:&hellip;  <a href=\"https:\/\/agora.xtec.cat\/escolamontserratina\/lescola\/calendari-del-curs\/\" title=\"Read Calendari del curs\">Llegeix m\u00e9s\u00bb<\/a><\/p>\n","protected":false},"author":1,"featured_media":0,"parent":22,"menu_order":50,"comment_status":"closed","ping_status":"closed","template":"page-templates\/side-menu.php","meta":{"_bbp_topic_count":0,"_bbp_reply_count":0,"_bbp_total_topic_count":0,"_bbp_total_reply_count":0,"_bbp_voice_count":0,"_bbp_anonymous_reply_count":0,"_bbp_topic_count_hidden":0,"_bbp_reply_count_hidden":0,"_bbp_forum_subforum_count":0,"footnotes":""},"class_list":["post-32","page","type-page","status-publish","hentry"],"post_mailing_queue_ids":[],"_links":{"self":[{"href":"https:\/\/agora.xtec.cat\/escolamontserratina\/wp-json\/wp\/v2\/pages\/32","targetHints":{"allow":["GET"]}}],"collection":[{"href":"https:\/\/agora.xtec.cat\/escolamontserratina\/wp-json\/wp\/v2\/pages"}],"about":[{"href":"https:\/\/agora.xtec.cat\/escolamontserratina\/wp-json\/wp\/v2\/types\/page"}],"author":[{"embeddable":true,"href":"https:\/\/agora.xtec.cat\/escolamontserratina\/wp-json\/wp\/v2\/users\/1"}],"replies":[{"embeddable":true,"href":"https:\/\/agora.xtec.cat\/escolamontserratina\/wp-json\/wp\/v2\/comments?post=32"}],"version-history":[{"count":6,"href":"https:\/\/agora.xtec.cat\/escolamontserratina\/wp-json\/wp\/v2\/pages\/32\/revisions"}],"predecessor-version":[{"id":9067,"href":"https:\/\/agora.xtec.cat\/escolamontserratina\/wp-json\/wp\/v2\/pages\/32\/revisions\/9067"}],"up":[{"embeddable":true,"href":"https:\/\/agora.xtec.cat\/escolamontserratina\/wp-json\/wp\/v2\/pages\/22"}],"wp:attachment":[{"href":"https:\/\/agora.xtec.cat\/escolamontserratina\/wp-json\/wp\/v2\/media?parent=32"}],"curies":[{"name":"wp","href":"https:\/\/api.w.org\/{rel}","templated":true}]}}