{"id":32,"date":"2014-09-18T12:31:33","date_gmt":"2014-09-18T11:31:33","guid":{"rendered":"http:\/\/agora.xtec.cat\/escolamontserratina\/?page_id=32"},"modified":"2026-09-03T16:12:53","modified_gmt":"2026-09-03T14:12:53","slug":"calendari-del-curs","status":"publish","type":"page","link":"https:\/\/agora.xtec.cat\/escolamontserratina\/lescola\/calendari-del-curs\/","title":{"rendered":"Calendari del curs"},"content":{"rendered":"<h4 style=\"text-align: left;\">\u00a0<\/h4>\n<p><a href=\"https:\/\/agora.xtec.cat\/escolamontserratina\/wp-content\/uploads\/usu275\/2026\/08\/Captura-de-pantalla-2026-08-29-a-las-23.13.31.png\"><img loading=\"lazy\" decoding=\"async\" class=\"alignleft size-large wp-image-9870\" src=\"https:\/\/agora.xtec.cat\/escolamontserratina\/wp-content\/uploads\/usu275\/2026\/08\/Captura-de-pantalla-2026-08-29-a-las-23.13.31-1024x726.png\" alt=\"\" width=\"1024\" height=\"726\" srcset=\"https:\/\/agora.xtec.cat\/escolamontserratina\/wp-content\/uploads\/usu275\/2026\/08\/Captura-de-pantalla-2026-08-29-a-las-23.13.31-1024x726.png 1024w, https:\/\/agora.xtec.cat\/escolamontserratina\/wp-content\/uploads\/usu275\/2026\/08\/Captura-de-pantalla-2026-08-29-a-las-23.13.31-300x213.png 300w, https:\/\/agora.xtec.cat\/escolamontserratina\/wp-content\/uploads\/usu275\/2026\/08\/Captura-de-pantalla-2026-08-29-a-las-23.13.31-768x545.png 768w, https:\/\/agora.xtec.cat\/escolamontserratina\/wp-content\/uploads\/usu275\/2026\/08\/Captura-de-pantalla-2026-08-29-a-las-23.13.31-1536x1089.png 1536w, https:\/\/agora.xtec.cat\/escolamontserratina\/wp-content\/uploads\/usu275\/2026\/08\/Captura-de-pantalla-2026-08-29-a-las-23.13.31-2048x1452.png 2048w\" sizes=\"auto, (max-width: 1024px) 100vw, 1024px\" \/><\/a><\/p>\n<p style=\"font-weight: 400;\">El curs s&#8217;inicia el 8 de setembre de 2026, per\u00f2 at\u00e8s que \u00e9s festa a Viladecans, comen\u00e7arem el 9 de setembre.<\/p>\n<p style=\"font-weight: 400;\">El curs finalitza el 21 de juny de 2027.<\/p>\n<p style=\"font-weight: 400;\"><span style=\"color: #ff0000;\"><strong>Vacances:<\/strong><\/span><\/p>\n<p style=\"font-weight: 400;\"><u>Nadal:<\/u> \u00a0 \u00a0Del\u00a0 22 de desembre de 2026 \u00a0al 7 de gener de 2027, ambd\u00f3s inclosos.<\/p>\n<p style=\"font-weight: 400;\"><u>Setmana Santa:<\/u> \u00a0 Del 22 de mar\u00e7 al 29 de mar\u00e7 de 2027, ambd\u00f3s inclosos.<\/p>\n<p style=\"font-weight: 400;\"><span style=\"color: #ff0000;\"><strong>Dies festius:<\/strong><\/span><\/p>\n<p style=\"font-weight: 400;\">8 de setembre 2026 (Festa local de Viladecans)<\/p>\n<p style=\"font-weight: 400;\">11 de setembre 2026 (Festa Catalunya)<\/p>\n<p style=\"font-weight: 400;\">8 de desembre 2026 (Festa nacional)<\/p>\n<p style=\"font-weight: 400;\">1 de maig 2027 (Festa nacional)<\/p>\n<p style=\"font-weight: 400;\">17 de maig \u00a02027 (Festa local de Viladecans)<\/p>\n<p style=\"font-weight: 400;\"><span style=\"color: #ff0000;\"><strong>Dies de lliure disposici\u00f3 aprovats pel Consell Escolar:<\/strong><\/span><\/p>\n<p style=\"font-weight: 400;\">30 d\u2019octubre 2026<\/p>\n<p style=\"font-weight: 400;\">7 de desembre 2026<\/p>\n<p style=\"font-weight: 400;\">8 de febrer 2027<\/p>\n<p style=\"font-weight: 400;\">30 d&#8217;abril \u00a02027<\/p>\n<h3 style=\"text-align: center;\">\u00a0<\/h3>\n<\/p>\n\n\n<p><strong>A TENIR EN COMPTE:\u00a0<\/strong><\/p>\n<p><strong>Dijous 3 i divendres 4 de setembre<\/strong>:<\/p>\n<ul>\n<li>Entrevistes amb les noves fam\u00edlies d&#8217;Educaci\u00f3 Infantil I3<\/li>\n<\/ul>\n<p><strong>Dilluns 7 de setembre:<\/strong><\/p>\n<ul>\n<li>Publicarem els llistats a la cartellera interior de l&#8217;escola per tal que les fam\u00edlies puguin con\u00e8ixer en quin grup estan els seus fills i filles.<\/li>\n<li>A partir de les 13 hores, les fam\u00edlies podran venir a <span style=\"font-size: revert; background-color: rgba(0, 0, 0, 0); font-weight: inherit;\">l&#8217;escola i con\u00e8ixer al tutor\/a del seu fill\/a.<\/span><\/li>\n<\/ul>\n<p><strong>Dimecres 9 comen\u00e7arem el nou curs . I qu\u00e8 farem el primer dia?<\/strong><\/p>\n<p><strong><span style=\"text-decoration: underline;\">Els petitons d&#8217;Ed.Infantil&#8230;<\/span><\/strong><\/p>\n<ul>\n<li><strong>I3:<\/strong> Us esperem a les 9.30h per gaudir del primer dia de familiaritzaci\u00f3 tots junts, infants i fam\u00edlies. Entrarem per la porta de secretaria.<\/li>\n<li><strong>I4-I5<\/strong>: Els petits d&#8217;Infantil entrarem a les 9h per la porta habitual i les fam\u00edlies els podeu acompanyar fins la porta de la seva aula. Cal portar una bosseta amb l&#8217;esmorzar, l&#8217;ampolla d&#8217;aigua i la bata amb una veta per penjar-la. Tamb\u00e9 podem portar una gorra per protegir-nos del sol!!<\/li>\n<\/ul>\n<p><span style=\"text-decoration: underline;\"><strong>Per a Educaci\u00f3 Prim\u00e0ria..<\/strong>.<\/span><\/p>\n<p>Per organitzar l&#8217;entrada, l&#8217;equip docent rebrem als nens i nenes de 1r a 3r a l&#8217;entrada principal i farem fileres a l&#8217;entrada.<\/p>\n<p>Els m\u00e9s grans de 4t, 5\u00e8 i 6\u00e8 entrarem per la porta petita de l&#8217;Ampa , situada al costat de l&#8217;entrada principal i farem fileres al pati de la pista.<\/p>\n<p>\u00a0<\/p>\n<p align=\"justify\">\u00a0<\/p>\n","protected":false},"excerpt":{"rendered":"<p>\u00a0 El curs s&#8217;inicia el 8 de setembre de 2026, per\u00f2 at\u00e8s que \u00e9s festa a Viladecans, comen\u00e7arem el 9 de setembre. El curs finalitza el 21 de juny de 2027. Vacances: Nadal: \u00a0 \u00a0Del\u00a0 22 de desembre de 2026 \u00a0al 7 de gener de 2027, ambd\u00f3s inclosos. Setmana Santa: \u00a0 Del 22 de mar\u00e7 [&hellip;]<\/p>\n","protected":false},"author":1,"featured_media":0,"parent":22,"menu_order":50,"comment_status":"closed","ping_status":"closed","template":"","meta":{"_bbp_topic_count":0,"_bbp_reply_count":0,"_bbp_total_topic_count":0,"_bbp_total_reply_count":0,"_bbp_voice_count":0,"_bbp_anonymous_reply_count":0,"_bbp_topic_count_hidden":0,"_bbp_reply_count_hidden":0,"_bbp_forum_subforum_count":0,"site-sidebar-layout":"default","site-content-layout":"","ast-site-content-layout":"default","site-content-style":"default","site-sidebar-style":"default","ast-global-header-display":"","ast-banner-title-visibility":"","ast-main-header-display":"","ast-hfb-above-header-display":"","ast-hfb-below-header-display":"","ast-hfb-mobile-header-display":"","site-post-title":"","ast-breadcrumbs-content":"","ast-featured-img":"","footer-sml-layout":"","theme-transparent-header-meta":"","adv-header-id-meta":"","stick-header-meta":"","header-above-stick-meta":"","header-main-stick-meta":"","header-below-stick-meta":"","astra-migrate-meta-layouts":"set","ast-page-background-enabled":"default","ast-page-background-meta":{"desktop":{"background-color":"var(--ast-global-color-4)","background-image":"","background-repeat":"repeat","background-position":"center center","background-size":"auto","background-attachment":"scroll","background-type":"","background-media":"","overlay-type":"","overlay-color":"","overlay-opacity":"","overlay-gradient":""},"tablet":{"background-color":"","background-image":"","background-repeat":"repeat","background-position":"center center","background-size":"auto","background-attachment":"scroll","background-type":"","background-media":"","overlay-type":"","overlay-color":"","overlay-opacity":"","overlay-gradient":""},"mobile":{"background-color":"","background-image":"","background-repeat":"repeat","background-position":"center center","background-size":"auto","background-attachment":"scroll","background-type":"","background-media":"","overlay-type":"","overlay-color":"","overlay-opacity":"","overlay-gradient":""}},"ast-content-background-meta":{"desktop":{"background-color":"var(--ast-global-color-5)","background-image":"","background-repeat":"repeat","background-position":"center center","background-size":"auto","background-attachment":"scroll","background-type":"","background-media":"","overlay-type":"","overlay-color":"","overlay-opacity":"","overlay-gradient":""},"tablet":{"background-color":"var(--ast-global-color-5)","background-image":"","background-repeat":"repeat","background-position":"center center","background-size":"auto","background-attachment":"scroll","background-type":"","background-media":"","overlay-type":"","overlay-color":"","overlay-opacity":"","overlay-gradient":""},"mobile":{"background-color":"var(--ast-global-color-5)","background-image":"","background-repeat":"repeat","background-position":"center center","background-size":"auto","background-attachment":"scroll","background-type":"","background-media":"","overlay-type":"","overlay-color":"","overlay-opacity":"","overlay-gradient":""}},"footnotes":""},"class_list":["post-32","page","type-page","status-publish","hentry"],"post_mailing_queue_ids":[],"_links":{"self":[{"href":"https:\/\/agora.xtec.cat\/escolamontserratina\/wp-json\/wp\/v2\/pages\/32","targetHints":{"allow":["GET"]}}],"collection":[{"href":"https:\/\/agora.xtec.cat\/escolamontserratina\/wp-json\/wp\/v2\/pages"}],"about":[{"href":"https:\/\/agora.xtec.cat\/escolamontserratina\/wp-json\/wp\/v2\/types\/page"}],"author":[{"embeddable":true,"href":"https:\/\/agora.xtec.cat\/escolamontserratina\/wp-json\/wp\/v2\/users\/1"}],"replies":[{"embeddable":true,"href":"https:\/\/agora.xtec.cat\/escolamontserratina\/wp-json\/wp\/v2\/comments?post=32"}],"version-history":[{"count":5,"href":"https:\/\/agora.xtec.cat\/escolamontserratina\/wp-json\/wp\/v2\/pages\/32\/revisions"}],"predecessor-version":[{"id":9893,"href":"https:\/\/agora.xtec.cat\/escolamontserratina\/wp-json\/wp\/v2\/pages\/32\/revisions\/9893"}],"up":[{"embeddable":true,"href":"https:\/\/agora.xtec.cat\/escolamontserratina\/wp-json\/wp\/v2\/pages\/22"}],"wp:attachment":[{"href":"https:\/\/agora.xtec.cat\/escolamontserratina\/wp-json\/wp\/v2\/media?parent=32"}],"curies":[{"name":"wp","href":"https:\/\/api.w.org\/{rel}","templated":true}]}}

<h4 style="text-align: left;"> </h4>
<p><a href="https://agora.xtec.cat/escolamontserratina/wp-content/uploads/usu275/2026/08/Captura-de-pantalla-2026-08-29-a-las-23.13.31.png"><img loading="lazy" decoding="async" class="alignleft size-large wp-image-9870" src="https://agora.xtec.cat/escolamontserratina/wp-content/uploads/usu275/2026/08/Captura-de-pantalla-2026-08-29-a-las-23.13.31-1024x726.png" alt="" width="1024" height="726" srcset="https://agora.xtec.cat/escolamontserratina/wp-content/uploads/usu275/2026/08/Captura-de-pantalla-2026-08-29-a-las-23.13.31-1024x726.png 1024w, https://agora.xtec.cat/escolamontserratina/wp-content/uploads/usu275/2026/08/Captura-de-pantalla-2026-08-29-a-las-23.13.31-300x213.png 300w, https://agora.xtec.cat/escolamontserratina/wp-content/uploads/usu275/2026/08/Captura-de-pantalla-2026-08-29-a-las-23.13.31-768x545.png 768w, https://agora.xtec.cat/escolamontserratina/wp-content/uploads/usu275/2026/08/Captura-de-pantalla-2026-08-29-a-las-23.13.31-1536x1089.png 1536w, https://agora.xtec.cat/escolamontserratina/wp-content/uploads/usu275/2026/08/Captura-de-pantalla-2026-08-29-a-las-23.13.31-2048x1452.png 2048w" sizes="auto, (max-width: 1024px) 100vw, 1024px" /></a></p>
<p style="font-weight: 400;">El curs s&#8217;inicia el 8 de setembre de 2026, però atès que és festa a Viladecans, començarem el 9 de setembre.</p>
<p style="font-weight: 400;">El curs finalitza el 21 de juny de 2027.</p>
<p style="font-weight: 400;"><span style="color: #ff0000;"><strong>Vacances:</strong></span></p>
<p style="font-weight: 400;"><u>Nadal:</u>    Del  22 de desembre de 2026  al 7 de gener de 2027, ambdós inclosos.</p>
<p style="font-weight: 400;"><u>Setmana Santa:</u>   Del 22 de març al 29 de març de 2027, ambdós inclosos.</p>
<p style="font-weight: 400;"><span style="color: #ff0000;"><strong>Dies festius:</strong></span></p>
<p style="font-weight: 400;">8 de setembre 2026 (Festa local de Viladecans)</p>
<p style="font-weight: 400;">11 de setembre 2026 (Festa Catalunya)</p>
<p style="font-weight: 400;">8 de desembre 2026 (Festa nacional)</p>
<p style="font-weight: 400;">1 de maig 2027 (Festa nacional)</p>
<p style="font-weight: 400;">17 de maig  2027 (Festa local de Viladecans)</p>
<p style="font-weight: 400;"><span style="color: #ff0000;"><strong>Dies de lliure disposició aprovats pel Consell Escolar:</strong></span></p>
<p style="font-weight: 400;">30 d’octubre 2026</p>
<p style="font-weight: 400;">7 de desembre 2026</p>
<p style="font-weight: 400;">8 de febrer 2027</p>
<p style="font-weight: 400;">30 d&#8217;abril  2027</p>
<h3 style="text-align: center;"> </h3>
</p>


<p><strong>A TENIR EN COMPTE: </strong></p>
<p><strong>Dijous 3 i divendres 4 de setembre</strong>:</p>
<ul>
<li>Entrevistes amb les noves famílies d&#8217;Educació Infantil I3</li>
</ul>
<p><strong>Dilluns 7 de setembre:</strong></p>
<ul>
<li>Publicarem els llistats a la cartellera interior de l&#8217;escola per tal que les famílies puguin conèixer en quin grup estan els seus fills i filles.</li>
<li>A partir de les 13 hores, les famílies podran venir a <span style="font-size: revert; background-color: rgba(0, 0, 0, 0); font-weight: inherit;">l&#8217;escola i conèixer al tutor/a del seu fill/a.</span></li>
</ul>
<p><strong>Dimecres 9 començarem el nou curs . I què farem el primer dia?</strong></p>
<p><strong><span style="text-decoration: underline;">Els petitons d&#8217;Ed.Infantil&#8230;</span></strong></p>
<ul>
<li><strong>I3:</strong> Us esperem a les 9.30h per gaudir del primer dia de familiarització tots junts, infants i famílies. Entrarem per la porta de secretaria.</li>
<li><strong>I4-I5</strong>: Els petits d&#8217;Infantil entrarem a les 9h per la porta habitual i les famílies els podeu acompanyar fins la porta de la seva aula. Cal portar una bosseta amb l&#8217;esmorzar, l&#8217;ampolla d&#8217;aigua i la bata amb una veta per penjar-la. També podem portar una gorra per protegir-nos del sol!!</li>
</ul>
<p><span style="text-decoration: underline;"><strong>Per a Educació Primària..</strong>.</span></p>
<p>Per organitzar l&#8217;entrada, l&#8217;equip docent rebrem als nens i nenes de 1r a 3r a l&#8217;entrada principal i farem fileres a l&#8217;entrada.</p>
<p>Els més grans de 4t, 5è i 6è entrarem per la porta petita de l&#8217;Ampa , situada al costat de l&#8217;entrada principal i farem fileres al pati de la pista.</p>
<p> </p>
<p align="justify"> </p>

<p>  El curs s&#8217;inicia el 8 de setembre de 2026, però atès que és festa a Viladecans, començarem el 9 de setembre. El curs finalitza el 21 de juny de 2027. Vacances: Nadal:    Del  22 de desembre de 2026  al 7 de gener de 2027, ambdós inclosos. Setmana Santa:   Del 22 de març [&hellip;]</p>
