{"id":1686,"date":"2019-05-15T15:36:35","date_gmt":"2019-05-15T13:36:35","guid":{"rendered":"http:\/\/agora.xtec.cat\/escolamontseny\/?page_id=1686"},"modified":"2019-05-15T15:38:23","modified_gmt":"2019-05-15T13:38:23","slug":"festes","status":"publish","type":"page","link":"https:\/\/agora.xtec.cat\/escolamontseny\/projectes\/festes\/","title":{"rendered":"Festes"},"content":{"rendered":"<ul>\n<li><span style=\"font-family: Geneva, Arial, Helvetica, san-serif; font-size: medium;\">A l&#8217;escola celebrem diferents festes, es treballen sobretot com a centre d&#8217;inter\u00e8s. Les activitats depenen dels cicles, coordinades per la comissi\u00f3 de festes que s&#8217;encarregar\u00e0 tamb\u00e9 de programar la festa gran.<\/span><\/li>\n<\/ul>\n<table style=\"border-collapse: collapse; width: 100.793%; height: 210px;\" border=\"1\">\n<tbody>\n<tr style=\"height: 92px;\">\n<td style=\"width: 33.3333%; height: 92px; text-align: center;\">\n<h3>CASTANYADA<\/h3>\n<p><img decoding=\"async\" src=\"http:\/\/www.xtec.cat\/centres\/a8038065\/web%20centre\/festes\/castanyada.jpg\" \/><\/td>\n<td style=\"width: 33.3333%; height: 92px; text-align: center;\">\n<h3>STA. CEC\u00cdLIA<\/h3>\n<p><img decoding=\"async\" src=\"http:\/\/www.xtec.cat\/centres\/a8038065\/web%20centre\/festes\/musica.jpg\" \/><\/td>\n<td style=\"width: 33.3333%; height: 92px; text-align: center;\">\n<h3>NADAL<\/h3>\n<p><img decoding=\"async\" src=\"http:\/\/www.xtec.cat\/centres\/a8038065\/web%20centre\/festes\/nadal.jpg\" \/><\/td>\n<\/tr>\n<tr style=\"height: 122px;\">\n<td style=\"width: 33.3333%; height: 122px;\">\n<ul>\n<li><span style=\"font-family: Geneva, Arial, Helvetica, san-serif; font-size: small;\">Els alumnes canten i ballen can\u00e7ons de castanyada<\/span><\/li>\n<li><span style=\"font-family: Geneva, Arial, Helvetica, san-serif; font-size: small;\">Les castanyeres ens reparteixen castanyes torrades<\/span><\/li>\n<li><span style=\"font-family: Geneva, Arial, Helvetica, san-serif; font-size: small;\">Decorem els passadissos amb motius de tardo<\/span><\/li>\n<\/ul>\n<\/td>\n<td style=\"width: 33.3333%; height: 122px;\">\n<ul>\n<li><span style=\"font-family: Geneva, Arial, Helvetica, san-serif; font-size: small;\">Els alumnes que toquen un instrument ens ofereixen un concert<\/span><\/li>\n<\/ul>\n<\/td>\n<td style=\"width: 33.3333%; height: 122px;\">\n<div>\n<ul>\n<li>\n<div><span style=\"font-family: Geneva, Arial, Helvetica, san-serif; font-size: small;\">Tots els alumnes fan una cantada de nadales<\/span><\/div>\n<\/li>\n<\/ul>\n<\/div>\n<div>\n<ul>\n<li><span style=\"font-family: Geneva, Arial, Helvetica, san-serif; font-size: small;\">Decorem els passadissos amb motius nadalencs<\/span><\/li>\n<\/ul>\n<\/div>\n<\/td>\n<\/tr>\n<\/tbody>\n<\/table>\n<p>&nbsp;<\/p>\n<table style=\"border-collapse: collapse; width: 100%;\" border=\"1\">\n<tbody>\n<tr style=\"height: 30px;\">\n<td style=\"width: 33.3333%; text-align: center; height: 30px;\">\n<h3>CARNESTOLTES<\/h3>\n<p><img decoding=\"async\" src=\"http:\/\/www.xtec.cat\/centres\/a8038065\/web%20centre\/festes\/arlequi.JPG\" \/><\/td>\n<td style=\"width: 33.3333%; text-align: center; height: 30px;\">\n<h3>SANT JORDI<\/h3>\n<p><img decoding=\"async\" src=\"http:\/\/www.xtec.cat\/centres\/a8038065\/web%20centre\/festes\/stjordi.jpg\" \/><\/td>\n<td style=\"width: 33.3333%; text-align: center; height: 30px;\">\n<h3>SANT JOAN<\/h3>\n<p><img decoding=\"async\" src=\"http:\/\/www.xtec.cat\/centres\/a8038065\/web%20centre\/festes\/festa.gif\" \/><\/td>\n<\/tr>\n<tr style=\"height: 30px;\">\n<td style=\"width: 33.3333%; height: 30px; text-align: left;\">\n<ul>\n<li><span style=\"font-family: Geneva, Arial, Helvetica, san-serif; font-size: small;\">Ens visita sa Majestat el Rei Carnestoltes i li preparem un regal i un preg\u00f3<\/span><\/li>\n<li><span style=\"font-family: Geneva, Arial, Helvetica, san-serif; font-size: small;\">Anem a ballar disfressats<\/span><\/li>\n<li><span style=\"font-family: Geneva, Arial, Helvetica, san-serif; font-size: small;\">Decorem els passadissos amb motius de carnaval<\/span><\/li>\n<\/ul>\n<\/td>\n<td style=\"width: 33.3333%; height: 30px; text-align: left;\">\n<ul>\n<li>\n<div><span style=\"font-family: Geneva, Arial, Helvetica, san-serif; font-size: small;\">Anem a visitar les parades de llibres a la Rambla<\/span><\/div>\n<\/li>\n<li><span style=\"font-family: Geneva, Arial, Helvetica, san-serif; font-size: small;\">Fem tallers i activitats relacionades amb la diada<\/span><\/li>\n<li><span style=\"font-family: Geneva, Arial, Helvetica, san-serif; font-size: small;\">Decorem els passadissos amb motius de primavera i St. Jordi<\/span><\/li>\n<\/ul>\n<\/td>\n<td style=\"width: 33.3333%; height: 30px; text-align: left;\">\n<ul>\n<li>\n<div><span style=\"font-family: Geneva, Arial, Helvetica, san-serif; font-size: small;\">Fem una ballada de danses<\/span><\/div>\n<\/li>\n<li><span style=\"font-family: Geneva, Arial, Helvetica, san-serif; font-size: small;\">Fem jocs d&#8217;aigua<\/span><\/li>\n<\/ul>\n<\/td>\n<\/tr>\n<\/tbody>\n<\/table>\n","protected":false},"excerpt":{"rendered":"<p>A l&#8217;escola celebrem diferents festes, es treballen sobretot com a centre d&#8217;inter\u00e8s. Les activitats depenen dels cicles, coordinades per la comissi\u00f3 de festes que s&#8217;encarregar\u00e0 tamb\u00e9 de programar la festa gran. CASTANYADA STA. CEC\u00cdLIA NADAL Els alumnes canten i ballen can\u00e7ons de castanyada Les castanyeres ens reparteixen castanyes torrades Decorem els passadissos amb motius de [&hellip;]<\/p>\n","protected":false},"author":1,"featured_media":0,"parent":64,"menu_order":130,"comment_status":"closed","ping_status":"closed","template":"page-templates\/side-menu.php","meta":{"_bbp_topic_count":0,"_bbp_reply_count":0,"_bbp_total_topic_count":0,"_bbp_total_reply_count":0,"_bbp_voice_count":0,"_bbp_anonymous_reply_count":0,"_bbp_topic_count_hidden":0,"_bbp_reply_count_hidden":0,"_bbp_forum_subforum_count":0,"site-sidebar-layout":"default","site-content-layout":"","ast-site-content-layout":"","site-content-style":"default","site-sidebar-style":"default","ast-global-header-display":"","ast-banner-title-visibility":"","ast-main-header-display":"","ast-hfb-above-header-display":"","ast-hfb-below-header-display":"","ast-hfb-mobile-header-display":"","site-post-title":"","ast-breadcrumbs-content":"","ast-featured-img":"","footer-sml-layout":"","theme-transparent-header-meta":"","adv-header-id-meta":"","stick-header-meta":"","header-above-stick-meta":"","header-main-stick-meta":"","header-below-stick-meta":"","astra-migrate-meta-layouts":"default","ast-page-background-enabled":"default","ast-page-background-meta":{"desktop":{"background-color":"var(--ast-global-color-4)","background-image":"","background-repeat":"repeat","background-position":"center center","background-size":"auto","background-attachment":"scroll","background-type":"","background-media":"","overlay-type":"","overlay-color":"","overlay-opacity":"","overlay-gradient":""},"tablet":{"background-color":"","background-image":"","background-repeat":"repeat","background-position":"center center","background-size":"auto","background-attachment":"scroll","background-type":"","background-media":"","overlay-type":"","overlay-color":"","overlay-opacity":"","overlay-gradient":""},"mobile":{"background-color":"","background-image":"","background-repeat":"repeat","background-position":"center center","background-size":"auto","background-attachment":"scroll","background-type":"","background-media":"","overlay-type":"","overlay-color":"","overlay-opacity":"","overlay-gradient":""}},"ast-content-background-meta":{"desktop":{"background-color":"var(--ast-global-color-5)","background-image":"","background-repeat":"repeat","background-position":"center center","background-size":"auto","background-attachment":"scroll","background-type":"","background-media":"","overlay-type":"","overlay-color":"","overlay-opacity":"","overlay-gradient":""},"tablet":{"background-color":"var(--ast-global-color-5)","background-image":"","background-repeat":"repeat","background-position":"center center","background-size":"auto","background-attachment":"scroll","background-type":"","background-media":"","overlay-type":"","overlay-color":"","overlay-opacity":"","overlay-gradient":""},"mobile":{"background-color":"var(--ast-global-color-5)","background-image":"","background-repeat":"repeat","background-position":"center center","background-size":"auto","background-attachment":"scroll","background-type":"","background-media":"","overlay-type":"","overlay-color":"","overlay-opacity":"","overlay-gradient":""}},"footnotes":""},"class_list":["post-1686","page","type-page","status-publish","hentry"],"post_mailing_queue_ids":[],"_links":{"self":[{"href":"https:\/\/agora.xtec.cat\/escolamontseny\/wp-json\/wp\/v2\/pages\/1686","targetHints":{"allow":["GET"]}}],"collection":[{"href":"https:\/\/agora.xtec.cat\/escolamontseny\/wp-json\/wp\/v2\/pages"}],"about":[{"href":"https:\/\/agora.xtec.cat\/escolamontseny\/wp-json\/wp\/v2\/types\/page"}],"author":[{"embeddable":true,"href":"https:\/\/agora.xtec.cat\/escolamontseny\/wp-json\/wp\/v2\/users\/1"}],"replies":[{"embeddable":true,"href":"https:\/\/agora.xtec.cat\/escolamontseny\/wp-json\/wp\/v2\/comments?post=1686"}],"version-history":[{"count":1,"href":"https:\/\/agora.xtec.cat\/escolamontseny\/wp-json\/wp\/v2\/pages\/1686\/revisions"}],"predecessor-version":[{"id":1714,"href":"https:\/\/agora.xtec.cat\/escolamontseny\/wp-json\/wp\/v2\/pages\/1686\/revisions\/1714"}],"up":[{"embeddable":true,"href":"https:\/\/agora.xtec.cat\/escolamontseny\/wp-json\/wp\/v2\/pages\/64"}],"wp:attachment":[{"href":"https:\/\/agora.xtec.cat\/escolamontseny\/wp-json\/wp\/v2\/media?parent=1686"}],"curies":[{"name":"wp","href":"https:\/\/api.w.org\/{rel}","templated":true}]}}