{"id":11670,"date":"2026-01-12T13:54:17","date_gmt":"2026-01-12T12:54:17","guid":{"rendered":"https:\/\/agora.xtec.cat\/escolamontbui\/?page_id=11670"},"modified":"2026-01-22T15:31:26","modified_gmt":"2026-01-22T14:31:26","slug":"linfant","status":"publish","type":"page","link":"https:\/\/agora.xtec.cat\/escolamontbui\/lescola\/linfant\/","title":{"rendered":"L&#8217;infant"},"content":{"rendered":"<p style=\"text-align: justify;\"><span style=\"font-weight: 400;\">A l\u2019Escola Montbui entenem la <\/span><b>inf\u00e0ncia com una etapa plena en si mateixa<\/b><span style=\"font-weight: 400;\">, valuosa i significativa: com un present viu. Ser infant vol dir explorar el m\u00f3n amb curiositat, construir sentit a trav\u00e9s del joc, del moviment, de la paraula i de les emocions, i cr\u00e9ixer en relaci\u00f3 amb els altres i amb l\u2019entorn.<\/span><\/p>\n<p style=\"text-align: justify;\"><span style=\"font-weight: 400;\">Reconeixem els infants com a persones competents, amb veu pr\u00f2pia, capaces de pensar, sentir, crear i participar activament en la vida de l\u2019escola. <\/span><b>Cada<\/b> <b>infant \u00e9s \u00fanic, amb el seu ritme, les seves pregu<a style=\"font-size: 16px; font-style: normal; font-weight: 400; transition-property: all; color: #3a3a3a;\" href=\"https:\/\/agora.xtec.cat\/escolamontbui\/wp-content\/uploads\/usu116\/2026\/01\/infant.jpg\"><img loading=\"lazy\" decoding=\"async\" class=\"wp-image-11744 alignright\" src=\"https:\/\/agora.xtec.cat\/escolamontbui\/wp-content\/uploads\/usu116\/2026\/01\/infant-225x300.jpg\" alt=\"\" width=\"257\" height=\"342\" srcset=\"https:\/\/agora.xtec.cat\/escolamontbui\/wp-content\/uploads\/usu116\/2026\/01\/infant-225x300.jpg 225w, https:\/\/agora.xtec.cat\/escolamontbui\/wp-content\/uploads\/usu116\/2026\/01\/infant-768x1024.jpg 768w, https:\/\/agora.xtec.cat\/escolamontbui\/wp-content\/uploads\/usu116\/2026\/01\/infant-1152x1536.jpg 1152w, https:\/\/agora.xtec.cat\/escolamontbui\/wp-content\/uploads\/usu116\/2026\/01\/infant.jpg 1200w\" sizes=\"auto, (max-width: 257px) 100vw, 257px\" \/><\/a>ntes i la seva manera d\u2019estar al m\u00f3n<\/b><span style=\"font-weight: 400;\">, i aquesta diversitat \u00e9s una riquesa que cuidem i celebrem.<\/span><\/p>\n<p><span style=\"font-weight: 400;\">Som una escola inclusiva perqu\u00e8 creiem profundament que <\/span><b>cada infant t\u00e9 un lloc, una veu i un valor \u00fanic dins la comunitat<\/b><span style=\"font-weight: 400;\">. Mirem cada hist\u00f2ria amb respecte, cada ritme amb paci\u00e8ncia i cada difer\u00e8ncia com una oportunitat per cr\u00e9ixer plegats. Incloure \u00e9s <\/span><b>acollir sense condicions<\/b><span style=\"font-weight: 400;\">, \u00e9s sostenir quan cal, confiar sempre i no deixar ning\u00fa al marge. \u00c9s construir, dia a dia, un espai on tots els infants se sentin vistos, reconeguts i estimats, i on aprendre no sigui adaptar-se a un model, sin\u00f3 trobar el propi cam\u00ed per ser i estar al m\u00f3n.<\/span><\/p>\n<p style=\"text-align: justify;\"><span style=\"font-weight: 400;\">Com a adults, assumim la responsabilitat d\u2019acompanyar la inf\u00e0ncia des del respecte i l\u2019escolta atenta. Oferim temps, espais ipropostes que permetin als infants <\/span><b>expressar-se, experimentar i aprendre amb sentit, tot creant un entorn segur, acollidor i estimulant.<\/b><span style=\"font-weight: 400;\"> Acompanyar no \u00e9s dirigir, sin\u00f3 caminar al costat, sostenir, observar i confiar.<\/span><\/p>\n<p style=\"text-align: justify;\"><span style=\"font-weight: 400;\">Creiem en una cultura d\u2019inf\u00e0ncia basada en els drets, les llibertats i les responsabilitats compartides, on els <\/span><b>infants se sentin escoltats, valorats i part activa del projecte col\u00b7lectiu.<\/b><span style=\"font-weight: 400;\"> Una escola que cuida la inf\u00e0ncia \u00e9s una escola que construeix futur, des del present.<\/span><\/p>\n","protected":false},"excerpt":{"rendered":"<p>A l\u2019Escola Montbui entenem la inf\u00e0ncia com una etapa plena en si mateixa, valuosa i significativa: com un present viu. Ser infant vol dir explorar el m\u00f3n amb curiositat, construir sentit a trav\u00e9s del joc, del moviment, de la paraula i de les emocions, i cr\u00e9ixer en relaci\u00f3 amb els altres i amb l\u2019entorn. Reconeixem [&hellip;]<\/p>\n","protected":false},"author":1,"featured_media":0,"parent":22,"menu_order":0,"comment_status":"closed","ping_status":"closed","template":"","meta":{"_bbp_topic_count":0,"_bbp_reply_count":0,"_bbp_total_topic_count":0,"_bbp_total_reply_count":0,"_bbp_voice_count":0,"_bbp_anonymous_reply_count":0,"_bbp_topic_count_hidden":0,"_bbp_reply_count_hidden":0,"_bbp_forum_subforum_count":0,"site-sidebar-layout":"default","site-content-layout":"","ast-site-content-layout":"default","site-content-style":"default","site-sidebar-style":"default","ast-global-header-display":"","ast-banner-title-visibility":"","ast-main-header-display":"","ast-hfb-above-header-display":"","ast-hfb-below-header-display":"","ast-hfb-mobile-header-display":"","site-post-title":"","ast-breadcrumbs-content":"","ast-featured-img":"","footer-sml-layout":"","theme-transparent-header-meta":"default","adv-header-id-meta":"","stick-header-meta":"","header-above-stick-meta":"","header-main-stick-meta":"","header-below-stick-meta":"","astra-migrate-meta-layouts":"set","ast-page-background-enabled":"default","ast-page-background-meta":{"desktop":{"background-color":"var(--ast-global-color-4)","background-image":"","background-repeat":"repeat","background-position":"center center","background-size":"auto","background-attachment":"scroll","background-type":"","background-media":"","overlay-type":"","overlay-color":"","overlay-opacity":"","overlay-gradient":""},"tablet":{"background-color":"","background-image":"","background-repeat":"repeat","background-position":"center center","background-size":"auto","background-attachment":"scroll","background-type":"","background-media":"","overlay-type":"","overlay-color":"","overlay-opacity":"","overlay-gradient":""},"mobile":{"background-color":"","background-image":"","background-repeat":"repeat","background-position":"center center","background-size":"auto","background-attachment":"scroll","background-type":"","background-media":"","overlay-type":"","overlay-color":"","overlay-opacity":"","overlay-gradient":""}},"ast-content-background-meta":{"desktop":{"background-color":"var(--ast-global-color-5)","background-image":"","background-repeat":"repeat","background-position":"center center","background-size":"auto","background-attachment":"scroll","background-type":"","background-media":"","overlay-type":"","overlay-color":"","overlay-opacity":"","overlay-gradient":""},"tablet":{"background-color":"var(--ast-global-color-5)","background-image":"","background-repeat":"repeat","background-position":"center center","background-size":"auto","background-attachment":"scroll","background-type":"","background-media":"","overlay-type":"","overlay-color":"","overlay-opacity":"","overlay-gradient":""},"mobile":{"background-color":"var(--ast-global-color-5)","background-image":"","background-repeat":"repeat","background-position":"center center","background-size":"auto","background-attachment":"scroll","background-type":"","background-media":"","overlay-type":"","overlay-color":"","overlay-opacity":"","overlay-gradient":""}},"footnotes":""},"class_list":["post-11670","page","type-page","status-publish","hentry"],"post_mailing_queue_ids":[],"_links":{"self":[{"href":"https:\/\/agora.xtec.cat\/escolamontbui\/wp-json\/wp\/v2\/pages\/11670","targetHints":{"allow":["GET"]}}],"collection":[{"href":"https:\/\/agora.xtec.cat\/escolamontbui\/wp-json\/wp\/v2\/pages"}],"about":[{"href":"https:\/\/agora.xtec.cat\/escolamontbui\/wp-json\/wp\/v2\/types\/page"}],"author":[{"embeddable":true,"href":"https:\/\/agora.xtec.cat\/escolamontbui\/wp-json\/wp\/v2\/users\/1"}],"replies":[{"embeddable":true,"href":"https:\/\/agora.xtec.cat\/escolamontbui\/wp-json\/wp\/v2\/comments?post=11670"}],"version-history":[{"count":6,"href":"https:\/\/agora.xtec.cat\/escolamontbui\/wp-json\/wp\/v2\/pages\/11670\/revisions"}],"predecessor-version":[{"id":11757,"href":"https:\/\/agora.xtec.cat\/escolamontbui\/wp-json\/wp\/v2\/pages\/11670\/revisions\/11757"}],"up":[{"embeddable":true,"href":"https:\/\/agora.xtec.cat\/escolamontbui\/wp-json\/wp\/v2\/pages\/22"}],"wp:attachment":[{"href":"https:\/\/agora.xtec.cat\/escolamontbui\/wp-json\/wp\/v2\/media?parent=11670"}],"curies":[{"name":"wp","href":"https:\/\/api.w.org\/{rel}","templated":true}]}}