{"id":669,"date":"2018-01-04T22:29:33","date_gmt":"2018-01-04T21:29:33","guid":{"rendered":"http:\/\/agora.xtec.cat\/escolamontbrio\/?page_id=669"},"modified":"2023-09-20T18:24:33","modified_gmt":"2023-09-20T16:24:33","slug":"pati","status":"publish","type":"page","link":"https:\/\/agora.xtec.cat\/escolamontbrio\/lescola\/projectes\/pati\/","title":{"rendered":"Jocs al pati"},"content":{"rendered":"<p>El projecte <em><strong>Jocs al Pati<\/strong><\/em> neix de la necessitat detectada, a l\u2019hora de l\u2019esbarjo, d\u2019ampliar el <strong>ventall de jocs i activitats<\/strong> que hi havia fins aleshores. La grand\u00e0ria i polival\u00e8ncia del pati ens oferia la possibilitat d\u2019organitzar activitats en <strong>diferents zones<\/strong>, cosa que ens va esperonar a muntar al projecte.<\/p>\n<p><img loading=\"lazy\" decoding=\"async\" class=\"alignright \" src=\"https:\/\/lh3.googleusercontent.com\/8qdg3R236X-F-MyLI2k3OYABylUrS9l6oWd1cvoNdept4YGYzh1QXCV3YxvaUeSh-VEx42C8vz6HiCPqbk62n-b02YTMA_OCqoehQkVPYjgifmR4GQlM4NpgztsigWgAgpUp8o9zdRm3MCVOQbegJfom354-TEDGiOn005Jg0tog4oO3Y0IlAb71Qaoyn2cBOtMgUEUdIQfZV7EIFebfgocncwAaJxgI13rklyWd6Qnmfeo4V1WBel5UiIVKarYf_0se6Q-uoPPv8cM66wIaMyge2XQ5ZNXAUl1J83p_8EgoDsrM1RqHhYvfDywv4SdicCS5uCECISd3q0t4m--GRUExFQnhAN7IPPpHBaTjoo68giPlAGBXZkt5CNIhkNkkB88xgbY9iNSRk3kaN-SRA0l9w5kdMDixC289gTAKIeCaxR1bHkgYeUlYVGxeYWD9s4zCyeV7kPg7nItCrUDp6LIZl0ax5uWChm-JCh9fjD4UhkiFwA68X48NqF3cnghehoIG3fKeIrY3xRzbyNTyHJZ0GLyGi93nyJVbJQAzUGwT76ZBVILX-PUCeE9TNfsBsv6Bkoi2uDSI02P51pAK2h_yi-R0eH6SQcgSzVJ7065Xl_v4W6u6pZyezlv6ECDAYlMWv6FXA0dUtktwSwxl9lZP1W9fb3t6sKwiB_r_sNpLHmiXEUqvs0_MCaHZOlJ9elVlli711GH6NqNFWM6J2WP0qg6aPqvp3vXzZqviXUotwvaF=w876-h657-no\" width=\"283\" height=\"212\" \/>\u00c9s en aquest moment quan alguns mestres de l\u2019escola, motivats per la idea del canvi que hi havia en ment, assisteixen a un grup de treball sobre una concepci\u00f3 del pati totalment innovadora. Enriquits amb l\u2019exemple i l\u2019experi\u00e8ncia d\u2019altres escoles i amb la possibilitat de poder visitar els seus patis, engeguem l\u2019elaboraci\u00f3 i l\u2019aplicaci\u00f3 del nostre projecte.<\/p>\n<p>Aquest canvi s\u2019inicia en el curs 2016-17, durant tres anys ha sofert diferents modificacions aprofitant els recursos dels quals dispos\u00e0vem. \u00c9s en el curs 2019-20 quan s\u2019aplica el nou model de pati gr\u00e0cies a la reestructuraci\u00f3 global que ha sofert l\u2019espai. D&#8217;aleshores en\u00e7\u00e0, l\u2019organitzaci\u00f3 i el ventall d\u2019activitats han anat canviant en funci\u00f3 de les necessitats detectades.<\/p>\n<p><strong>Actualment<\/strong>, el pati \u00e9s de lliure circulaci\u00f3, deixant la pista com a \u00fanic espai que es regula la seva utilitzaci\u00f3 (cada dia de la setmana el gaudeix un dels cicles).<\/p>\n<p>Els objectius que perseguim en aquest projecte s\u00f3n els seg\u00fcents:<\/p>\n<ul>\n<li>Potenciar la socialitzaci\u00f3 i conviv\u00e8ncia entre tot l\u2019alumnat d\u2019educaci\u00f3 infantil i prim\u00e0ria.<\/li>\n<li>Afavorir l\u2019exercici f\u00edsic i intel\u00b7lectual a l\u2019hora de l\u2019esbarjo.<\/li>\n<li>Ampliar el ventall d\u2019activitats.<\/li>\n<li>Satisfer els diferents interessos i motivacions dels nens i nenes envers el joc l\u00fadic.<\/li>\n<li>Utilitzar el pati com un espai m\u00e9s d\u2019aprenentatge.<\/li>\n<\/ul>\n<p>Aspectes organitzatius:<\/p>\n<ul>\n<li>Eliminaci\u00f3 de les barreres arquitect\u00f2niques.<\/li>\n<li>Lliure circulaci\u00f3 de l\u2019alumnat d\u2019educaci\u00f3 infantil i prim\u00e0ria per les diferents zones de joc, exceptuant la pista.<\/li>\n<li>Vigil\u00e0ncia continua de les diferents zones per part de les persones del claustre.<\/li>\n<li>Material divers adequat a cada zona i activitat.<\/li>\n<li>Autonomia de l\u2019alumnat per decidir quina activitat vol fer. Tamb\u00e9 per anar a buscar i recollir el material a l\u2019armari del vest\u00edbul de l\u2019escola.<\/li>\n<\/ul>\n<p>A m\u00e9s, a l\u2019escola existeix una comissi\u00f3 del pati integrada per diverses persones (fam\u00edlies, AFA, mestres&#8230;) que organitzen jornades de manteniment del pati a principi i a final de curs. En aquestes jornades tamb\u00e9 es parla de com millorar els diversos espais del pati. <strong>Animem a tota la comunitat educativa a participar d\u2019aquestes jornades.<\/strong><\/p>\n<p>&nbsp;<\/p>\n","protected":false},"excerpt":{"rendered":"<p>El projecte Jocs al Pati neix de la necessitat detectada, a l\u2019hora de l\u2019esbarjo, d\u2019ampliar el ventall de jocs i activitats que hi havia fins aleshores. La grand\u00e0ria i polival\u00e8ncia del pati ens oferia la possibilitat d\u2019organitzar activitats en diferents zones, cosa que ens va&hellip;  <a href=\"https:\/\/agora.xtec.cat\/escolamontbrio\/lescola\/projectes\/pati\/\" title=\"Read Jocs al pati\">Llegeix m\u00e9s\u00bb<\/a><\/p>\n","protected":false},"author":1,"featured_media":0,"parent":559,"menu_order":100,"comment_status":"closed","ping_status":"closed","template":"page-templates\/side-menu.php","meta":{"_bbp_topic_count":0,"_bbp_reply_count":0,"_bbp_total_topic_count":0,"_bbp_total_reply_count":0,"_bbp_voice_count":0,"_bbp_anonymous_reply_count":0,"_bbp_topic_count_hidden":0,"_bbp_reply_count_hidden":0,"_bbp_forum_subforum_count":0,"footnotes":""},"class_list":["post-669","page","type-page","status-publish","hentry"],"post_mailing_queue_ids":[],"_links":{"self":[{"href":"https:\/\/agora.xtec.cat\/escolamontbrio\/wp-json\/wp\/v2\/pages\/669","targetHints":{"allow":["GET"]}}],"collection":[{"href":"https:\/\/agora.xtec.cat\/escolamontbrio\/wp-json\/wp\/v2\/pages"}],"about":[{"href":"https:\/\/agora.xtec.cat\/escolamontbrio\/wp-json\/wp\/v2\/types\/page"}],"author":[{"embeddable":true,"href":"https:\/\/agora.xtec.cat\/escolamontbrio\/wp-json\/wp\/v2\/users\/1"}],"replies":[{"embeddable":true,"href":"https:\/\/agora.xtec.cat\/escolamontbrio\/wp-json\/wp\/v2\/comments?post=669"}],"version-history":[{"count":3,"href":"https:\/\/agora.xtec.cat\/escolamontbrio\/wp-json\/wp\/v2\/pages\/669\/revisions"}],"predecessor-version":[{"id":5116,"href":"https:\/\/agora.xtec.cat\/escolamontbrio\/wp-json\/wp\/v2\/pages\/669\/revisions\/5116"}],"up":[{"embeddable":true,"href":"https:\/\/agora.xtec.cat\/escolamontbrio\/wp-json\/wp\/v2\/pages\/559"}],"wp:attachment":[{"href":"https:\/\/agora.xtec.cat\/escolamontbrio\/wp-json\/wp\/v2\/media?parent=669"}],"curies":[{"name":"wp","href":"https:\/\/api.w.org\/{rel}","templated":true}]}}