{"id":608,"date":"2018-01-04T19:47:00","date_gmt":"2018-01-04T18:47:00","guid":{"rendered":"http:\/\/agora.xtec.cat\/escolamontbrio\/?page_id=608"},"modified":"2025-10-10T13:40:28","modified_gmt":"2025-10-10T11:40:28","slug":"altres-documents","status":"publish","type":"page","link":"https:\/\/agora.xtec.cat\/escolamontbrio\/lescola\/altres-documents\/","title":{"rendered":"Autoritzacions i informacions"},"content":{"rendered":"<p><strong>Autoritzacions i altra documentaci\u00f3<\/strong><\/p>\n<p>Els documents estan en format PDF i permeten l&#8217;escriptura.<br \/>\nEls podeu imprimir, omplir i fer arribar a l&#8217;escola o b\u00e9 omplir-los i signar-los digitalment i enviar per correu electr\u00f2nic a l&#8217;escola.<\/p>\n<ul>\n<li><img loading=\"lazy\" decoding=\"async\" class=\"wp-image-4408 alignright\" src=\"https:\/\/agora.xtec.cat\/escolamontbrio\/wp-content\/uploads\/usu1765\/2022\/10\/folder-gdac8092c9_640.png\" alt=\"\" width=\"218\" height=\"218\" srcset=\"https:\/\/agora.xtec.cat\/escolamontbrio\/wp-content\/uploads\/usu1765\/2022\/10\/folder-gdac8092c9_640.png 640w, https:\/\/agora.xtec.cat\/escolamontbrio\/wp-content\/uploads\/usu1765\/2022\/10\/folder-gdac8092c9_640-300x300.png 300w, https:\/\/agora.xtec.cat\/escolamontbrio\/wp-content\/uploads\/usu1765\/2022\/10\/folder-gdac8092c9_640-150x150.png 150w\" sizes=\"auto, (max-width: 218px) 100vw, 218px\" \/><a href=\"https:\/\/drive.google.com\/file\/d\/1mp_-pIW0BJaGvddBXsA90nnQc-7bGjic\/view?usp=sharing\" target=\"_blank\" rel=\"noopener\"><strong>Autoritzaci\u00f3 d&#8217;administraci\u00f3 de medicaments<\/strong><\/a><br \/>\nAquest document cal que vagi acompanyat del certificat m\u00e8dic o recepta del metge.<\/li>\n<li><a href=\"https:\/\/drive.google.com\/file\/d\/1ioh4XZPTxAxnE69DbPj-dJFlyZyA2drb\/view?usp=sharing\" target=\"_blank\" rel=\"noopener\"><strong>Autoritzaci\u00f3 perqu\u00e8 l&#8217;alumnat sigui recollit pel seu germ\u00e0 o germana gran<\/strong><\/a><br \/>\nNom\u00e9s per l&#8217;alumnat d&#8217;I3 a 2n de prim\u00e0ria.<\/li>\n<li><a href=\"https:\/\/drive.google.com\/file\/d\/1SPdk35IRvpMVbl8bWRZJap30HEpHi60l\/view?usp=sharing\" target=\"_blank\" rel=\"noopener\"><strong>Comunicaci\u00f3 del llistat d&#8217;adults autoritzats a recollir un alumne<\/strong><\/a><br \/>\nNom\u00e9s per l&#8217;alumnat d&#8217;I3 a 2n de prim\u00e0ria.<\/li>\n<\/ul>\n<p><strong><br \/>\nInformacions d&#8217;inter\u00e8s<\/strong><\/p>\n<ul>\n<li><a href=\"https:\/\/drive.google.com\/file\/d\/1hwgCHBZTuE_pgg5nyrv1rspVLa8IT9lO\/view?usp=sharing\" target=\"_blank\" rel=\"noopener\"><strong>Criteris de no assist\u00e8ncia de l\u2019alumnat a l\u2019escola<\/strong><\/a><br \/>\nCriteris de no assist\u00e8ncia de l&#8217;alumnat a l&#8217;escola o a la llar d&#8217;infants durant un per\u00edode de temps determinat a causa de malalties transmissibles.<br \/>\nFont: Ag\u00e8ncia de Salut P\u00fablica de Catalunya. Generalitat de Catalunya.<br \/>\n<a href=\"https:\/\/scientiasalut.gencat.cat\/handle\/11351\/3061.4\" target=\"_blank\" rel=\"noopener\">M\u00e9s informaci\u00f3<\/a>.<\/li>\n<\/ul>\n<p>&nbsp;<\/p>\n<p>.<\/p>\n","protected":false},"excerpt":{"rendered":"<p>Autoritzacions i altra documentaci\u00f3<br \/>\nEls documents estan en format PDF i permeten l&#8217;escriptura.<br \/>\nEls podeu imprimir, omplir i fer arribar a l&#8217;escola o b\u00e9 omplir-los i signar-los digitalment i enviar per correu electr\u00f2nic a l&#8217;escola.<\/p>\n<ul>\n<li><a href=\"https:\/\/drive.google.com\/file\/d\/1mp_-pIW0BJaGvddBXsA90nnQc-7bGjic\/view?usp=sharing\" target=\"_blank\" rel=\"noopener\">Autoritzaci\u00f3 d&#8217;administraci\u00f3 de medicaments<\/a><br \/>\nAquest document cal que vagi acompanyat del&hellip;  <a href=\"https:\/\/agora.xtec.cat\/escolamontbrio\/lescola\/altres-documents\/\" title=\"Read Autoritzacions i informacions\">Llegeix m\u00e9s\u00bb<\/a><\/p>\n","protected":false},"author":1,"featured_media":0,"parent":22,"menu_order":70,"comment_status":"closed","ping_status":"closed","template":"page-templates\/side-menu.php","meta":{"_bbp_topic_count":0,"_bbp_reply_count":0,"_bbp_total_topic_count":0,"_bbp_total_reply_count":0,"_bbp_voice_count":0,"_bbp_anonymous_reply_count":0,"_bbp_topic_count_hidden":0,"_bbp_reply_count_hidden":0,"_bbp_forum_subforum_count":0,"footnotes":""},"class_list":["post-608","page","type-page","status-publish","hentry"],"post_mailing_queue_ids":[],"_links":{"self":[{"href":"https:\/\/agora.xtec.cat\/escolamontbrio\/wp-json\/wp\/v2\/pages\/608","targetHints":{"allow":["GET"]}}],"collection":[{"href":"https:\/\/agora.xtec.cat\/escolamontbrio\/wp-json\/wp\/v2\/pages"}],"about":[{"href":"https:\/\/agora.xtec.cat\/escolamontbrio\/wp-json\/wp\/v2\/types\/page"}],"author":[{"embeddable":true,"href":"https:\/\/agora.xtec.cat\/escolamontbrio\/wp-json\/wp\/v2\/users\/1"}],"replies":[{"embeddable":true,"href":"https:\/\/agora.xtec.cat\/escolamontbrio\/wp-json\/wp\/v2\/comments?post=608"}],"version-history":[{"count":7,"href":"https:\/\/agora.xtec.cat\/escolamontbrio\/wp-json\/wp\/v2\/pages\/608\/revisions"}],"predecessor-version":[{"id":6194,"href":"https:\/\/agora.xtec.cat\/escolamontbrio\/wp-json\/wp\/v2\/pages\/608\/revisions\/6194"}],"up":[{"embeddable":true,"href":"https:\/\/agora.xtec.cat\/escolamontbrio\/wp-json\/wp\/v2\/pages\/22"}],"wp:attachment":[{"href":"https:\/\/agora.xtec.cat\/escolamontbrio\/wp-json\/wp\/v2\/media?parent=608"}],"curies":[{"name":"wp","href":"https:\/\/api.w.org\/{rel}","templated":true}]}}