{"id":8665,"date":"2024-02-06T10:30:25","date_gmt":"2024-02-06T09:30:25","guid":{"rendered":"https:\/\/agora.xtec.cat\/escolammanent\/?page_id=8665"},"modified":"2025-10-01T11:30:09","modified_gmt":"2025-10-01T09:30:09","slug":"science","status":"publish","type":"page","link":"https:\/\/agora.xtec.cat\/escolammanent\/projectes-de-lescola\/science\/","title":{"rendered":"Science"},"content":{"rendered":"\n<figure class=\"wp-block-image alignleft\"><img loading=\"lazy\" decoding=\"async\" width=\"300\" height=\"244\" src=\"https:\/\/agora.xtec.cat\/escolammanent\/wp-content\/uploads\/usu1443\/2024\/02\/dinosaur-4373602_1280-300x244.png\" alt=\"\" class=\"wp-image-8796\" srcset=\"https:\/\/agora.xtec.cat\/escolammanent\/wp-content\/uploads\/usu1443\/2024\/02\/dinosaur-4373602_1280-300x244.png 300w, https:\/\/agora.xtec.cat\/escolammanent\/wp-content\/uploads\/usu1443\/2024\/02\/dinosaur-4373602_1280-1024x834.png 1024w, https:\/\/agora.xtec.cat\/escolammanent\/wp-content\/uploads\/usu1443\/2024\/02\/dinosaur-4373602_1280-768x626.png 768w, https:\/\/agora.xtec.cat\/escolammanent\/wp-content\/uploads\/usu1443\/2024\/02\/dinosaur-4373602_1280.png 1280w\" sizes=\"auto, (max-width: 300px) 100vw, 300px\" \/><\/figure>\n\n\n\n<p class=\"has-text-align-left\">Aquest \u00e9s el segon curs que l&#8217;escola ha incorporat el <strong>projecte de Science<\/strong> a cicle inicial. Es duu a terme un cop a la setmana i es treballa en grup redu\u00eft per tal d&#8217;afavorir l&#8217;adquisici\u00f3 dels aprenentatges de l&#8217;<strong>\u00e0rea de medi<\/strong> i de la <strong>llengua anglesa<\/strong>.<\/p>\n\n\n\n<p>L&#8217;alumnat de 1r treballa en tres projectes al llarg del curs relacionats&nbsp;amb els animals, l&#8217;alimentaci\u00f3 saludable i el cicle de l&#8217;aigua i les plantes, que se centren en l&#8217;aprenentatge del medi natural mentre fan \u00fas de diferents estructures ling\u00fc\u00edstiques adequades al seu nivell. Al final de cada projecte, hi ha una activitat de tancament que recopila tot all\u00f2 que s&#8217;ha treballat al llarg del trimestre. Es visita el Zoo del Pirineu per tal de descobrir animals protegits que viuen a la muntanya, fem una recreaci\u00f3 d&#8217;un men\u00fa saludable que despr\u00e9s portem a concursar i, finalment, duem a terme una petita plantaci\u00f3 per tal de veure com funciona el cicle de creixement de les plantes i quines condicions s\u00f3n necess\u00e0ries perqu\u00e8 aix\u00f2 passi.<\/p>\n\n\n\n<p>L&#8217;alumnat de 2n treballa la ciutat\/el barri, i les diferents etapes de la hist\u00f2ria recopilant tota la informaci\u00f3 en flipbooks i tamb\u00e9 gaudint d&#8217;activitats manipulatives com fer pintures rupestres a classe, investigar restes de dinosaures o recrear maquetes d&#8217;antigues&nbsp;civilitzacions.<\/p>\n\n\n\n<p>Tots aquests projectes tenen un caire molt manipulatiu per tal de fer el proc\u00e9s d&#8217;aprenentatge m\u00e9s motivador i entretingut.<\/p>\n\n\n\n<p>&nbsp;<\/p>\n\n\n\n<p>&nbsp;<\/p>\n\n\n\n<p>&nbsp;<\/p>\n","protected":false},"excerpt":{"rendered":"<p>Aquest \u00e9s el segon curs que l&#8217;escola ha incorporat el projecte de Science a cicle inicial. Es duu a terme un cop a la setmana i es treballa en grup redu\u00eft per tal d&#8217;afavorir l&#8217;adquisici\u00f3 dels aprenentatges de l&#8217;\u00e0rea de medi i de la llengua anglesa. L&#8217;alumnat de 1r treballa en tres projectes al llarg [&hellip;]<\/p>\n","protected":false},"author":26,"featured_media":0,"parent":5624,"menu_order":90,"comment_status":"closed","ping_status":"closed","template":"page-templates\/side-menu.php","meta":{"_bbp_topic_count":0,"_bbp_reply_count":0,"_bbp_total_topic_count":0,"_bbp_total_reply_count":0,"_bbp_voice_count":0,"_bbp_anonymous_reply_count":0,"_bbp_topic_count_hidden":0,"_bbp_reply_count_hidden":0,"_bbp_forum_subforum_count":0,"site-sidebar-layout":"default","site-content-layout":"","ast-site-content-layout":"","site-content-style":"default","site-sidebar-style":"default","ast-global-header-display":"","ast-banner-title-visibility":"","ast-main-header-display":"","ast-hfb-above-header-display":"","ast-hfb-below-header-display":"","ast-hfb-mobile-header-display":"","site-post-title":"","ast-breadcrumbs-content":"","ast-featured-img":"","footer-sml-layout":"","theme-transparent-header-meta":"","adv-header-id-meta":"","stick-header-meta":"","header-above-stick-meta":"","header-main-stick-meta":"","header-below-stick-meta":"","astra-migrate-meta-layouts":"default","ast-page-background-enabled":"default","ast-page-background-meta":{"desktop":{"background-color":"var(--ast-global-color-4)","background-image":"","background-repeat":"repeat","background-position":"center center","background-size":"auto","background-attachment":"scroll","background-type":"","background-media":"","overlay-type":"","overlay-color":"","overlay-opacity":"","overlay-gradient":""},"tablet":{"background-color":"","background-image":"","background-repeat":"repeat","background-position":"center center","background-size":"auto","background-attachment":"scroll","background-type":"","background-media":"","overlay-type":"","overlay-color":"","overlay-opacity":"","overlay-gradient":""},"mobile":{"background-color":"","background-image":"","background-repeat":"repeat","background-position":"center center","background-size":"auto","background-attachment":"scroll","background-type":"","background-media":"","overlay-type":"","overlay-color":"","overlay-opacity":"","overlay-gradient":""}},"ast-content-background-meta":{"desktop":{"background-color":"var(--ast-global-color-5)","background-image":"","background-repeat":"repeat","background-position":"center center","background-size":"auto","background-attachment":"scroll","background-type":"","background-media":"","overlay-type":"","overlay-color":"","overlay-opacity":"","overlay-gradient":""},"tablet":{"background-color":"var(--ast-global-color-5)","background-image":"","background-repeat":"repeat","background-position":"center center","background-size":"auto","background-attachment":"scroll","background-type":"","background-media":"","overlay-type":"","overlay-color":"","overlay-opacity":"","overlay-gradient":""},"mobile":{"background-color":"var(--ast-global-color-5)","background-image":"","background-repeat":"repeat","background-position":"center center","background-size":"auto","background-attachment":"scroll","background-type":"","background-media":"","overlay-type":"","overlay-color":"","overlay-opacity":"","overlay-gradient":""}},"footnotes":""},"class_list":["post-8665","page","type-page","status-publish","hentry"],"post_mailing_queue_ids":[],"_links":{"self":[{"href":"https:\/\/agora.xtec.cat\/escolammanent\/wp-json\/wp\/v2\/pages\/8665","targetHints":{"allow":["GET"]}}],"collection":[{"href":"https:\/\/agora.xtec.cat\/escolammanent\/wp-json\/wp\/v2\/pages"}],"about":[{"href":"https:\/\/agora.xtec.cat\/escolammanent\/wp-json\/wp\/v2\/types\/page"}],"author":[{"embeddable":true,"href":"https:\/\/agora.xtec.cat\/escolammanent\/wp-json\/wp\/v2\/users\/26"}],"replies":[{"embeddable":true,"href":"https:\/\/agora.xtec.cat\/escolammanent\/wp-json\/wp\/v2\/comments?post=8665"}],"version-history":[{"count":5,"href":"https:\/\/agora.xtec.cat\/escolammanent\/wp-json\/wp\/v2\/pages\/8665\/revisions"}],"predecessor-version":[{"id":12011,"href":"https:\/\/agora.xtec.cat\/escolammanent\/wp-json\/wp\/v2\/pages\/8665\/revisions\/12011"}],"up":[{"embeddable":true,"href":"https:\/\/agora.xtec.cat\/escolammanent\/wp-json\/wp\/v2\/pages\/5624"}],"wp:attachment":[{"href":"https:\/\/agora.xtec.cat\/escolammanent\/wp-json\/wp\/v2\/media?parent=8665"}],"curies":[{"name":"wp","href":"https:\/\/api.w.org\/{rel}","templated":true}]}}