{"id":8658,"date":"2024-02-06T10:26:58","date_gmt":"2024-02-06T09:26:58","guid":{"rendered":"https:\/\/agora.xtec.cat\/escolammanent\/?page_id=8658"},"modified":"2026-03-02T14:53:28","modified_gmt":"2026-03-02T13:53:28","slug":"projectes-musicals","status":"publish","type":"page","link":"https:\/\/agora.xtec.cat\/escolammanent\/projectes-de-lescola\/projectes-musicals\/","title":{"rendered":"Projectes musicals"},"content":{"rendered":"\n<p>A l\u2019escola tenim dos projectes musicals que volem destacar. S\u00f3n la participaci\u00f3 a dues cantates, La Clika i Cant\u00e0nia.<\/p>\n\n\n\n<p>La Cantata de <b>La CLIKA<\/b> est\u00e0 pensada per a fer amb l&#8217;alumnat de 2n de prim\u00e0ria. Aprenem can\u00e7ons que parlen de l&#8217;amistat, la diversitat, l&#8217;autoestima, el respecte al medi ambient, la igualtat de g\u00e8nere&#8230; de la m\u00e0 de La Clika, una colla d&#8217;amics d&#8217;una escola imagin\u00e0ria. Tamb\u00e9 treballem les coreografies d&#8217;aquestes can\u00e7ons. I a final de curs, anem a un teatre a cantar les can\u00e7ons per a les fam\u00edlies.<\/p>\n\n\n\n<p><b>CANTANIA<\/b> \u00e9s un projecte de cantata participativa per a escolars dirigida a alumnes de cicle mitj\u00e0 i superior d\u2019educaci\u00f3 prim\u00e0ria. Nosaltres ens centrem en 5\u00e8. Durant tot un curs escolar els alumnes que hi participen aprenen i assagen les can\u00e7ons, les coreografies i preparen l\u2019atrezzo d\u2019una obra musical, nova cada any, encarregada a compositors i escriptors de reconegut prestigi. Finalment, canten a L\u2019auditori de Barcelona acompanyats per una orquestra professional, actors, cantants l\u00edrics i un director musical reconegut.<\/p>\n\n\n\n<figure class=\"wp-block-image aligncenter\"><img loading=\"lazy\" decoding=\"async\" width=\"300\" height=\"233\" src=\"https:\/\/agora.xtec.cat\/escolammanent\/wp-content\/uploads\/usu1443\/2024\/02\/violin-2412357_1280-300x233.jpg\" alt=\"\" class=\"wp-image-8785\" srcset=\"https:\/\/agora.xtec.cat\/escolammanent\/wp-content\/uploads\/usu1443\/2024\/02\/violin-2412357_1280-300x233.jpg 300w, https:\/\/agora.xtec.cat\/escolammanent\/wp-content\/uploads\/usu1443\/2024\/02\/violin-2412357_1280-1024x796.jpg 1024w, https:\/\/agora.xtec.cat\/escolammanent\/wp-content\/uploads\/usu1443\/2024\/02\/violin-2412357_1280-768x597.jpg 768w, https:\/\/agora.xtec.cat\/escolammanent\/wp-content\/uploads\/usu1443\/2024\/02\/violin-2412357_1280.jpg 1280w\" sizes=\"auto, (max-width: 300px) 100vw, 300px\" \/><\/figure>\n","protected":false},"excerpt":{"rendered":"<p>A l\u2019escola tenim dos projectes musicals que volem destacar. S\u00f3n la participaci\u00f3 a dues cantates, La Clika i Cant\u00e0nia. La Cantata de La CLIKA est\u00e0 pensada per a fer amb l&#8217;alumnat de 2n de prim\u00e0ria. Aprenem can\u00e7ons que parlen de l&#8217;amistat, la diversitat, l&#8217;autoestima, el respecte al medi ambient, la igualtat de g\u00e8nere&#8230; de la [&hellip;]<\/p>\n","protected":false},"author":26,"featured_media":0,"parent":5624,"menu_order":60,"comment_status":"closed","ping_status":"closed","template":"","meta":{"_bbp_topic_count":0,"_bbp_reply_count":0,"_bbp_total_topic_count":0,"_bbp_total_reply_count":0,"_bbp_voice_count":0,"_bbp_anonymous_reply_count":0,"_bbp_topic_count_hidden":0,"_bbp_reply_count_hidden":0,"_bbp_forum_subforum_count":0,"site-sidebar-layout":"default","site-content-layout":"","ast-site-content-layout":"default","site-content-style":"default","site-sidebar-style":"default","ast-global-header-display":"","ast-banner-title-visibility":"","ast-main-header-display":"","ast-hfb-above-header-display":"","ast-hfb-below-header-display":"","ast-hfb-mobile-header-display":"","site-post-title":"","ast-breadcrumbs-content":"","ast-featured-img":"","footer-sml-layout":"","theme-transparent-header-meta":"","adv-header-id-meta":"","stick-header-meta":"","header-above-stick-meta":"","header-main-stick-meta":"","header-below-stick-meta":"","astra-migrate-meta-layouts":"set","ast-page-background-enabled":"default","ast-page-background-meta":{"desktop":{"background-color":"var(--ast-global-color-4)","background-image":"","background-repeat":"repeat","background-position":"center center","background-size":"auto","background-attachment":"scroll","background-type":"","background-media":"","overlay-type":"","overlay-color":"","overlay-opacity":"","overlay-gradient":""},"tablet":{"background-color":"","background-image":"","background-repeat":"repeat","background-position":"center center","background-size":"auto","background-attachment":"scroll","background-type":"","background-media":"","overlay-type":"","overlay-color":"","overlay-opacity":"","overlay-gradient":""},"mobile":{"background-color":"","background-image":"","background-repeat":"repeat","background-position":"center center","background-size":"auto","background-attachment":"scroll","background-type":"","background-media":"","overlay-type":"","overlay-color":"","overlay-opacity":"","overlay-gradient":""}},"ast-content-background-meta":{"desktop":{"background-color":"var(--ast-global-color-5)","background-image":"","background-repeat":"repeat","background-position":"center center","background-size":"auto","background-attachment":"scroll","background-type":"","background-media":"","overlay-type":"","overlay-color":"","overlay-opacity":"","overlay-gradient":""},"tablet":{"background-color":"var(--ast-global-color-5)","background-image":"","background-repeat":"repeat","background-position":"center center","background-size":"auto","background-attachment":"scroll","background-type":"","background-media":"","overlay-type":"","overlay-color":"","overlay-opacity":"","overlay-gradient":""},"mobile":{"background-color":"var(--ast-global-color-5)","background-image":"","background-repeat":"repeat","background-position":"center center","background-size":"auto","background-attachment":"scroll","background-type":"","background-media":"","overlay-type":"","overlay-color":"","overlay-opacity":"","overlay-gradient":""}},"footnotes":""},"class_list":["post-8658","page","type-page","status-publish","hentry"],"post_mailing_queue_ids":[],"_links":{"self":[{"href":"https:\/\/agora.xtec.cat\/escolammanent\/wp-json\/wp\/v2\/pages\/8658","targetHints":{"allow":["GET"]}}],"collection":[{"href":"https:\/\/agora.xtec.cat\/escolammanent\/wp-json\/wp\/v2\/pages"}],"about":[{"href":"https:\/\/agora.xtec.cat\/escolammanent\/wp-json\/wp\/v2\/types\/page"}],"author":[{"embeddable":true,"href":"https:\/\/agora.xtec.cat\/escolammanent\/wp-json\/wp\/v2\/users\/26"}],"replies":[{"embeddable":true,"href":"https:\/\/agora.xtec.cat\/escolammanent\/wp-json\/wp\/v2\/comments?post=8658"}],"version-history":[{"count":6,"href":"https:\/\/agora.xtec.cat\/escolammanent\/wp-json\/wp\/v2\/pages\/8658\/revisions"}],"predecessor-version":[{"id":12531,"href":"https:\/\/agora.xtec.cat\/escolammanent\/wp-json\/wp\/v2\/pages\/8658\/revisions\/12531"}],"up":[{"embeddable":true,"href":"https:\/\/agora.xtec.cat\/escolammanent\/wp-json\/wp\/v2\/pages\/5624"}],"wp:attachment":[{"href":"https:\/\/agora.xtec.cat\/escolammanent\/wp-json\/wp\/v2\/media?parent=8658"}],"curies":[{"name":"wp","href":"https:\/\/api.w.org\/{rel}","templated":true}]}}

<p>A l’escola tenim dos projectes musicals que volem destacar. Són la participació a dues cantates, La Clika i Cantània.</p>



<p>La Cantata de <b>La CLIKA</b> està pensada per a fer amb l&#8217;alumnat de 2n de primària. Aprenem cançons que parlen de l&#8217;amistat, la diversitat, l&#8217;autoestima, el respecte al medi ambient, la igualtat de gènere&#8230; de la mà de La Clika, una colla d&#8217;amics d&#8217;una escola imaginària. També treballem les coreografies d&#8217;aquestes cançons. I a final de curs, anem a un teatre a cantar les cançons per a les famílies.</p>



<p><b>CANTANIA</b> és un projecte de cantata participativa per a escolars dirigida a alumnes de cicle mitjà i superior d’educació primària. Nosaltres ens centrem en 5è. Durant tot un curs escolar els alumnes que hi participen aprenen i assagen les cançons, les coreografies i preparen l’atrezzo d’una obra musical, nova cada any, encarregada a compositors i escriptors de reconegut prestigi. Finalment, canten a L’auditori de Barcelona acompanyats per una orquestra professional, actors, cantants lírics i un director musical reconegut.</p>



<figure class="wp-block-image aligncenter"><img loading="lazy" decoding="async" width="300" height="233" src="https://agora.xtec.cat/escolammanent/wp-content/uploads/usu1443/2024/02/violin-2412357_1280-300x233.jpg" alt="" class="wp-image-8785" srcset="https://agora.xtec.cat/escolammanent/wp-content/uploads/usu1443/2024/02/violin-2412357_1280-300x233.jpg 300w, https://agora.xtec.cat/escolammanent/wp-content/uploads/usu1443/2024/02/violin-2412357_1280-1024x796.jpg 1024w, https://agora.xtec.cat/escolammanent/wp-content/uploads/usu1443/2024/02/violin-2412357_1280-768x597.jpg 768w, https://agora.xtec.cat/escolammanent/wp-content/uploads/usu1443/2024/02/violin-2412357_1280.jpg 1280w" sizes="auto, (max-width: 300px) 100vw, 300px" /></figure>

<p>A l’escola tenim dos projectes musicals que volem destacar. Són la participació a dues cantates, La Clika i Cantània. La Cantata de La CLIKA està pensada per a fer amb l&#8217;alumnat de 2n de primària. Aprenem cançons que parlen de l&#8217;amistat, la diversitat, l&#8217;autoestima, el respecte al medi ambient, la igualtat de gènere&#8230; de la [&hellip;]</p>
