{"id":5708,"date":"2022-05-02T15:52:37","date_gmt":"2022-05-02T13:52:37","guid":{"rendered":"https:\/\/agora.xtec.cat\/escolammanent\/?page_id=5708"},"modified":"2026-02-09T13:10:46","modified_gmt":"2026-02-09T12:10:46","slug":"cultura-digital","status":"publish","type":"page","link":"https:\/\/agora.xtec.cat\/escolammanent\/projectes-de-lescola\/estrategia-digital\/cultura-digital\/","title":{"rendered":"Cultura digital"},"content":{"rendered":"\n<p>S\u00f3n el conjunt d&#8217;accions, procediments, protocols i acords relacionats amb tots els \u00e0mbits digitals del centre, organitzats en forma de recull i posats a disposici\u00f3 de la comunitat educativa.<\/p>\n\n\n\n<div class=\"wp-block-getwid-tabs has-layout-horizontal-center\" data-active-tab=\"0\"><ul class=\"wp-block-getwid-tabs__nav-links\"><\/ul>\n<div class=\"wp-block-getwid-tabs__nav-link\"><span class=\"wp-block-getwid-tabs__title-wrapper\"><a href=\"#\"><span class=\"wp-block-getwid-tabs__title\">Serveis i recursos digitals \ud83d\udda5<\/span><\/a><\/span><\/div><div class=\"wp-block-getwid-tabs__tab-content-wrapper\"><div class=\"wp-block-getwid-tabs__tab-content\">\n<p>La nostra escola disposa de material digital molt variat que permet desenvolupar la tasca docent i potenciar la compet\u00e8ncia digital del nostre alumnat. A m\u00e9s, comptem amb diversitat de recursos, alguns estan assignats de manera fixa a les aules i altres es poden reservar per al seu \u00fas.<\/p>\n\n\n\n<ul class=\"wp-block-list\">\n<li>C\u00e0meres digitals.<\/li>\n\n\n\n<li>Ordinadors d\u2019aula pel treball diari.<\/li>\n\n\n\n<li>Port\u00e0tils per a l\u2019alumnat, de 2n a 6\u00e8 d\u2019Educaci\u00f3 Prim\u00e0ria, i per al personal que hi treballa.<\/li>\n\n\n\n<li>Projectors i pissarres digitals, com tamb\u00e9 panells interactius.<\/li>\n\n\n\n<li>Tauletes per l\u2019Educaci\u00f3 Prim\u00e0ria.<\/li>\n\n\n\n<li>Material de rob\u00f2tica:&nbsp;<em>bee bots \ud83d\udc1d, micro:bit, codey rocky\u2026.<\/em><\/li>\n\n\n\n<li>Impressores i esc\u00e0ners.<\/li>\n<\/ul>\n<\/div><\/div>\n\n\n\n<div class=\"wp-block-getwid-tabs__nav-link\"><span class=\"wp-block-getwid-tabs__title-wrapper\"><a href=\"#\"><span class=\"wp-block-getwid-tabs__title\">Correu corporatiu \u2328<\/span><\/a><\/span><\/div><div class=\"wp-block-getwid-tabs__tab-content-wrapper\"><div class=\"wp-block-getwid-tabs__tab-content\">\n<p>El personal docent i l\u2019alumnat, des de 1r fins a 6\u00e8 de prim\u00e0ria, disposa del seu usuari @escolamariamanent.cat. Aquest \u00e9s personal i intransferible.<br>En el cas de l\u2019alumnat, deixa de tenir-lo en acabar sis\u00e8. Aquest usuari li dona acc\u00e9s a la majoria d\u2019eines disponibles a&nbsp;<em>Google Workspace for education<\/em>.<br>La creaci\u00f3 dels usuaris es duu a terme des de l\u2019Equip Directiu o Coordinaci\u00f3 Digital, i la gesti\u00f3 d\u2019aquests i de les eines recau en els membres de la comissi\u00f3 d\u2019estrat\u00e8gia digital de l\u2019escola.<\/p>\n<\/div><\/div>\n\n\n\n<div class=\"wp-block-getwid-tabs__nav-link\"><span class=\"wp-block-getwid-tabs__title-wrapper\"><a href=\"#\"><span class=\"wp-block-getwid-tabs__title\">Canals de comunicaci\u00f3 \ud83d\udce3<\/span><\/a><\/span><\/div><div class=\"wp-block-getwid-tabs__tab-content-wrapper\"><div class=\"wp-block-getwid-tabs__tab-content\">\n<figure class=\"wp-block-image size-large\"><img loading=\"lazy\" decoding=\"async\" width=\"695\" height=\"1024\" src=\"https:\/\/agora.xtec.cat\/escolammanent\/wp-content\/uploads\/usu1443\/2022\/10\/Comunicacio-escola_web-695x1024.jpg\" alt=\"\" class=\"wp-image-6251\" srcset=\"https:\/\/agora.xtec.cat\/escolammanent\/wp-content\/uploads\/usu1443\/2022\/10\/Comunicacio-escola_web-695x1024.jpg 695w, https:\/\/agora.xtec.cat\/escolammanent\/wp-content\/uploads\/usu1443\/2022\/10\/Comunicacio-escola_web-203x300.jpg 203w, https:\/\/agora.xtec.cat\/escolammanent\/wp-content\/uploads\/usu1443\/2022\/10\/Comunicacio-escola_web-768x1132.jpg 768w, https:\/\/agora.xtec.cat\/escolammanent\/wp-content\/uploads\/usu1443\/2022\/10\/Comunicacio-escola_web.jpg 799w\" sizes=\"auto, (max-width: 695px) 100vw, 695px\" \/><\/figure>\n<\/div><\/div>\n\n\n\n<div class=\"wp-block-getwid-tabs__nav-link\"><span class=\"wp-block-getwid-tabs__title-wrapper\"><a href=\"#\"><span class=\"wp-block-getwid-tabs__title\">Desplegament curricular \ud83c\udf92<\/span><\/a><\/span><\/div><div class=\"wp-block-getwid-tabs__tab-content-wrapper\"><div class=\"wp-block-getwid-tabs__tab-content\">\n<p>El desplegament curricular de la compet\u00e8ncia digital de centre \u00e9s un dels objectius de la nostra EDC.<\/p>\n\n\n\n<p>Actualment, estem desplegant la Compet\u00e8ncia Digital de l&#8217;Alumne per poder assolir i adquirir els sabers b\u00e0sics.<\/p>\n<\/div><\/div>\n<\/div>\n","protected":false},"excerpt":{"rendered":"<p>S\u00f3n el conjunt d&#8217;accions, procediments, protocols i acords relacionats amb tots els \u00e0mbits digitals del centre, organitzats en forma de recull i posats a disposici\u00f3 de la comunitat educativa.<\/p>\n","protected":false},"author":26,"featured_media":0,"parent":5630,"menu_order":30,"comment_status":"closed","ping_status":"closed","template":"","meta":{"_bbp_topic_count":0,"_bbp_reply_count":0,"_bbp_total_topic_count":0,"_bbp_total_reply_count":0,"_bbp_voice_count":0,"_bbp_anonymous_reply_count":0,"_bbp_topic_count_hidden":0,"_bbp_reply_count_hidden":0,"_bbp_forum_subforum_count":0,"site-sidebar-layout":"default","site-content-layout":"","ast-site-content-layout":"default","site-content-style":"default","site-sidebar-style":"default","ast-global-header-display":"","ast-banner-title-visibility":"","ast-main-header-display":"","ast-hfb-above-header-display":"","ast-hfb-below-header-display":"","ast-hfb-mobile-header-display":"","site-post-title":"","ast-breadcrumbs-content":"","ast-featured-img":"","footer-sml-layout":"","theme-transparent-header-meta":"","adv-header-id-meta":"","stick-header-meta":"","header-above-stick-meta":"","header-main-stick-meta":"","header-below-stick-meta":"","astra-migrate-meta-layouts":"set","ast-page-background-enabled":"default","ast-page-background-meta":{"desktop":{"background-color":"var(--ast-global-color-4)","background-image":"","background-repeat":"repeat","background-position":"center center","background-size":"auto","background-attachment":"scroll","background-type":"","background-media":"","overlay-type":"","overlay-color":"","overlay-opacity":"","overlay-gradient":""},"tablet":{"background-color":"","background-image":"","background-repeat":"repeat","background-position":"center center","background-size":"auto","background-attachment":"scroll","background-type":"","background-media":"","overlay-type":"","overlay-color":"","overlay-opacity":"","overlay-gradient":""},"mobile":{"background-color":"","background-image":"","background-repeat":"repeat","background-position":"center center","background-size":"auto","background-attachment":"scroll","background-type":"","background-media":"","overlay-type":"","overlay-color":"","overlay-opacity":"","overlay-gradient":""}},"ast-content-background-meta":{"desktop":{"background-color":"var(--ast-global-color-5)","background-image":"","background-repeat":"repeat","background-position":"center center","background-size":"auto","background-attachment":"scroll","background-type":"","background-media":"","overlay-type":"","overlay-color":"","overlay-opacity":"","overlay-gradient":""},"tablet":{"background-color":"var(--ast-global-color-5)","background-image":"","background-repeat":"repeat","background-position":"center center","background-size":"auto","background-attachment":"scroll","background-type":"","background-media":"","overlay-type":"","overlay-color":"","overlay-opacity":"","overlay-gradient":""},"mobile":{"background-color":"var(--ast-global-color-5)","background-image":"","background-repeat":"repeat","background-position":"center center","background-size":"auto","background-attachment":"scroll","background-type":"","background-media":"","overlay-type":"","overlay-color":"","overlay-opacity":"","overlay-gradient":""}},"footnotes":""},"class_list":["post-5708","page","type-page","status-publish","hentry"],"post_mailing_queue_ids":[],"_links":{"self":[{"href":"https:\/\/agora.xtec.cat\/escolammanent\/wp-json\/wp\/v2\/pages\/5708","targetHints":{"allow":["GET"]}}],"collection":[{"href":"https:\/\/agora.xtec.cat\/escolammanent\/wp-json\/wp\/v2\/pages"}],"about":[{"href":"https:\/\/agora.xtec.cat\/escolammanent\/wp-json\/wp\/v2\/types\/page"}],"author":[{"embeddable":true,"href":"https:\/\/agora.xtec.cat\/escolammanent\/wp-json\/wp\/v2\/users\/26"}],"replies":[{"embeddable":true,"href":"https:\/\/agora.xtec.cat\/escolammanent\/wp-json\/wp\/v2\/comments?post=5708"}],"version-history":[{"count":6,"href":"https:\/\/agora.xtec.cat\/escolammanent\/wp-json\/wp\/v2\/pages\/5708\/revisions"}],"predecessor-version":[{"id":12458,"href":"https:\/\/agora.xtec.cat\/escolammanent\/wp-json\/wp\/v2\/pages\/5708\/revisions\/12458"}],"up":[{"embeddable":true,"href":"https:\/\/agora.xtec.cat\/escolammanent\/wp-json\/wp\/v2\/pages\/5630"}],"wp:attachment":[{"href":"https:\/\/agora.xtec.cat\/escolammanent\/wp-json\/wp\/v2\/media?parent=5708"}],"curies":[{"name":"wp","href":"https:\/\/api.w.org\/{rel}","templated":true}]}}

<p>Són el conjunt d&#8217;accions, procediments, protocols i acords relacionats amb tots els àmbits digitals del centre, organitzats en forma de recull i posats a disposició de la comunitat educativa.</p>



<div class="wp-block-getwid-tabs has-layout-horizontal-center" data-active-tab="0"><ul class="wp-block-getwid-tabs__nav-links"></ul>
<div class="wp-block-getwid-tabs__nav-link"><span class="wp-block-getwid-tabs__title-wrapper"><a href="#"><span class="wp-block-getwid-tabs__title">Serveis i recursos digitals 🖥</span></a></span></div><div class="wp-block-getwid-tabs__tab-content-wrapper"><div class="wp-block-getwid-tabs__tab-content">
<p>La nostra escola disposa de material digital molt variat que permet desenvolupar la tasca docent i potenciar la competència digital del nostre alumnat. A més, comptem amb diversitat de recursos, alguns estan assignats de manera fixa a les aules i altres es poden reservar per al seu ús.</p>



<ul class="wp-block-list">
<li>Càmeres digitals.</li>



<li>Ordinadors d’aula pel treball diari.</li>



<li>Portàtils per a l’alumnat, de 2n a 6è d’Educació Primària, i per al personal que hi treballa.</li>



<li>Projectors i pissarres digitals, com també panells interactius.</li>



<li>Tauletes per l’Educació Primària.</li>



<li>Material de robòtica:&nbsp;<em>bee bots 🐝, micro:bit, codey rocky….</em></li>



<li>Impressores i escàners.</li>
</ul>
</div></div>



<div class="wp-block-getwid-tabs__nav-link"><span class="wp-block-getwid-tabs__title-wrapper"><a href="#"><span class="wp-block-getwid-tabs__title">Correu corporatiu ⌨</span></a></span></div><div class="wp-block-getwid-tabs__tab-content-wrapper"><div class="wp-block-getwid-tabs__tab-content">
<p>El personal docent i l’alumnat, des de 1r fins a 6è de primària, disposa del seu usuari @escolamariamanent.cat. Aquest és personal i intransferible.<br>En el cas de l’alumnat, deixa de tenir-lo en acabar sisè. Aquest usuari li dona accés a la majoria d’eines disponibles a&nbsp;<em>Google Workspace for education</em>.<br>La creació dels usuaris es duu a terme des de l’Equip Directiu o Coordinació Digital, i la gestió d’aquests i de les eines recau en els membres de la comissió d’estratègia digital de l’escola.</p>
</div></div>



<div class="wp-block-getwid-tabs__nav-link"><span class="wp-block-getwid-tabs__title-wrapper"><a href="#"><span class="wp-block-getwid-tabs__title">Canals de comunicació 📣</span></a></span></div><div class="wp-block-getwid-tabs__tab-content-wrapper"><div class="wp-block-getwid-tabs__tab-content">
<figure class="wp-block-image size-large"><img loading="lazy" decoding="async" width="695" height="1024" src="https://agora.xtec.cat/escolammanent/wp-content/uploads/usu1443/2022/10/Comunicacio-escola_web-695x1024.jpg" alt="" class="wp-image-6251" srcset="https://agora.xtec.cat/escolammanent/wp-content/uploads/usu1443/2022/10/Comunicacio-escola_web-695x1024.jpg 695w, https://agora.xtec.cat/escolammanent/wp-content/uploads/usu1443/2022/10/Comunicacio-escola_web-203x300.jpg 203w, https://agora.xtec.cat/escolammanent/wp-content/uploads/usu1443/2022/10/Comunicacio-escola_web-768x1132.jpg 768w, https://agora.xtec.cat/escolammanent/wp-content/uploads/usu1443/2022/10/Comunicacio-escola_web.jpg 799w" sizes="auto, (max-width: 695px) 100vw, 695px" /></figure>
</div></div>



<div class="wp-block-getwid-tabs__nav-link"><span class="wp-block-getwid-tabs__title-wrapper"><a href="#"><span class="wp-block-getwid-tabs__title">Desplegament curricular 🎒</span></a></span></div><div class="wp-block-getwid-tabs__tab-content-wrapper"><div class="wp-block-getwid-tabs__tab-content">
<p>El desplegament curricular de la competència digital de centre és un dels objectius de la nostra EDC.</p>



<p>Actualment, estem desplegant la Competència Digital de l&#8217;Alumne per poder assolir i adquirir els sabers bàsics.</p>
</div></div>
</div>

<p>Són el conjunt d&#8217;accions, procediments, protocols i acords relacionats amb tots els àmbits digitals del centre, organitzats en forma de recull i posats a disposició de la comunitat educativa.</p>
