{"id":28,"date":"2014-09-18T12:29:35","date_gmt":"2014-09-18T11:29:35","guid":{"rendered":"http:\/\/agora.xtec.cat\/escolammanent\/?page_id=28"},"modified":"2025-10-01T10:49:26","modified_gmt":"2025-10-01T08:49:26","slug":"consell-escolar","status":"publish","type":"page","link":"https:\/\/agora.xtec.cat\/escolammanent\/lescola\/consell-escolar\/","title":{"rendered":"Consell escolar"},"content":{"rendered":"\n<p><span style=\"font-family: arial, helvetica, sans-serif;\">El consell escolar del centre \u00e9s l&#8217;<strong>\u00f2rgan col\u00b7legiat de participaci\u00f3<\/strong> de la comunitat escolar en el govern del centre. En el consell escolar hi ha representats tots els col\u00b7lectius que intervenen en la comunitat educativa: directora, professorat, pares i mares,&nbsp; personal d&#8217;administraci\u00f3 i serveis, administraci\u00f3 local etc.<\/span><\/p>\n\n\n\n<p><span style=\"font-family: arial, helvetica, sans-serif;\">En els centres p\u00fablics, la funci\u00f3 principal del consell escolar \u00e9s participar en la presa de decisions en relaci\u00f3 amb aquells temes importants per al funcionament i l&#8217;organitzaci\u00f3 del centre: el projecte educatiu, la programaci\u00f3 general, la gesti\u00f3 econ\u00f2mica, etc.<\/span><\/p>\n\n\n\n<p><span style=\"font-family: arial, helvetica, sans-serif;\">Els membres del Consell Escolar s\u00f3n elegits per un per\u00edode de quatre anys i es renoven per meitats cada dos anys.<\/span><\/p>\n\n\n\n<p><span style=\"font-family: arial, helvetica, sans-serif;\">La composici\u00f3 del consell escolar constitu\u00eft el 19 de desembre de 2023 \u00e9s la seg\u00fcent:<\/span><\/p>\n\n\n\n<figure class=\"wp-block-table\"><table class=\"has-fixed-layout\"><tbody><tr><td><strong><span style=\"font-family: arial, helvetica, sans-serif; font-size: 12pt;\">Presidenta<\/span><\/strong><\/td><td><span style=\"font-family: arial, helvetica, sans-serif; font-size: 12pt;\">\u00c0ngela Ferrer<\/span><\/td><\/tr><tr><td><strong><span style=\"font-family: arial, helvetica, sans-serif; font-size: 12pt;\">Cap d&#8217;estudis<\/span><\/strong><\/td><td><span style=\"font-family: arial, helvetica, sans-serif; font-size: 12pt;\">T\u00e0nia Gilabert<\/span><\/td><\/tr><tr><td><strong><span style=\"font-family: arial, helvetica, sans-serif; font-size: 12pt;\">Secret\u00e0ria<\/span><\/strong><\/td><td><span style=\"font-family: arial, helvetica, sans-serif; font-size: 12pt;\">Noem\u00ed Subirats<\/span><\/td><\/tr><tr><td><strong><span style=\"font-family: arial, helvetica, sans-serif; font-size: 12pt;\">Representants mestres<\/span><\/strong><\/td><td><span style=\"font-family: arial, helvetica, sans-serif; font-size: 12pt;\">Ferran Fuentes\u00a0 &#8211;\u00a0 Marga Gago<\/span><br><p><span style=\"font-family: arial, helvetica, sans-serif; font-size: 12pt;\">S\u00f2nia Herrera\u00a0 &#8211;\u00a0 \u00a0Cristina Laborda<\/span><\/p><p><span style=\"font-family: arial, helvetica, sans-serif; font-size: 12pt;\">Sally N&#8217;Diaye\u00a0 &#8211;\u00a0 \u00a0 Xavier Sim\u00f3<\/span><\/p><\/td><\/tr><tr><td><span style=\"font-family: arial, helvetica, sans-serif; font-size: 12pt;\"><strong>PAE<\/strong> (Personal atenci\u00f3 educativa)<\/span><\/td><td><span style=\"font-family: arial, helvetica, sans-serif; font-size: 12pt;\">Lola Herencia<\/span><\/td><\/tr><tr><td><span style=\"font-family: arial, helvetica, sans-serif; font-size: 12pt;\"><strong>Representant PAS<\/strong> (Personal administraci\u00f3 i serveis)<\/span><\/td><td><span style=\"font-family: arial, helvetica, sans-serif; font-size: 12pt;\">Jordi Benito<\/span><\/td><\/tr><tr><td><strong><span style=\"font-family: arial, helvetica, sans-serif; font-size: 12pt;\">Representants fam\u00edlies<\/span><\/strong><\/td><td><span style=\"font-family: arial, helvetica, sans-serif; font-size: 12pt;\">Sara Cano\u00a0 \u00a0&#8211;\u00a0 \u00a0Roberto Exp\u00f3sito<\/span><br><p><span style=\"font-family: arial, helvetica, sans-serif; font-size: 12pt;\">Betlem Polo\u00a0 &#8211;\u00a0 Raquel Rei<\/span><\/p><p><span style=\"font-family: arial, helvetica, sans-serif; font-size: 12pt;\">Nadia Rodr\u00edguez &#8211;\u00a0 Mathias\u00a0 Rotman<\/span><\/p><\/td><\/tr><tr><td><strong><span style=\"font-family: arial, helvetica, sans-serif; font-size: 12pt;\">Representant AFA<\/span><\/strong><\/td><td><span style=\"font-family: arial, helvetica, sans-serif; font-size: 12pt;\">Beatriz Rodr\u00edguez<\/span><\/td><\/tr><tr><td><strong><span style=\"font-family: arial, helvetica, sans-serif; font-size: 12pt;\">Representant Ajuntament<\/span><\/strong><\/td><td><span style=\"font-family: arial, helvetica, sans-serif; font-size: 12pt;\">Aleix Casanova<\/span><\/td><\/tr><\/tbody><\/table><\/figure>\n","protected":false},"excerpt":{"rendered":"<p>El consell escolar del centre \u00e9s l&#8217;\u00f2rgan col\u00b7legiat de participaci\u00f3 de la comunitat escolar en el govern del centre. En el consell escolar hi ha representats tots els col\u00b7lectius que intervenen en la comunitat educativa: directora, professorat, pares i mares,&nbsp; personal d&#8217;administraci\u00f3 i serveis, administraci\u00f3 local etc. En els centres p\u00fablics, la funci\u00f3 principal del [&hellip;]<\/p>\n","protected":false},"author":1,"featured_media":0,"parent":22,"menu_order":30,"comment_status":"closed","ping_status":"closed","template":"page-templates\/side-menu.php","meta":{"_bbp_topic_count":0,"_bbp_reply_count":0,"_bbp_total_topic_count":0,"_bbp_total_reply_count":0,"_bbp_voice_count":0,"_bbp_anonymous_reply_count":0,"_bbp_topic_count_hidden":0,"_bbp_reply_count_hidden":0,"_bbp_forum_subforum_count":0,"site-sidebar-layout":"default","site-content-layout":"","ast-site-content-layout":"","site-content-style":"default","site-sidebar-style":"default","ast-global-header-display":"","ast-banner-title-visibility":"","ast-main-header-display":"","ast-hfb-above-header-display":"","ast-hfb-below-header-display":"","ast-hfb-mobile-header-display":"","site-post-title":"","ast-breadcrumbs-content":"","ast-featured-img":"","footer-sml-layout":"","theme-transparent-header-meta":"","adv-header-id-meta":"","stick-header-meta":"","header-above-stick-meta":"","header-main-stick-meta":"","header-below-stick-meta":"","astra-migrate-meta-layouts":"default","ast-page-background-enabled":"default","ast-page-background-meta":{"desktop":{"background-color":"var(--ast-global-color-4)","background-image":"","background-repeat":"repeat","background-position":"center center","background-size":"auto","background-attachment":"scroll","background-type":"","background-media":"","overlay-type":"","overlay-color":"","overlay-opacity":"","overlay-gradient":""},"tablet":{"background-color":"","background-image":"","background-repeat":"repeat","background-position":"center center","background-size":"auto","background-attachment":"scroll","background-type":"","background-media":"","overlay-type":"","overlay-color":"","overlay-opacity":"","overlay-gradient":""},"mobile":{"background-color":"","background-image":"","background-repeat":"repeat","background-position":"center center","background-size":"auto","background-attachment":"scroll","background-type":"","background-media":"","overlay-type":"","overlay-color":"","overlay-opacity":"","overlay-gradient":""}},"ast-content-background-meta":{"desktop":{"background-color":"var(--ast-global-color-5)","background-image":"","background-repeat":"repeat","background-position":"center center","background-size":"auto","background-attachment":"scroll","background-type":"","background-media":"","overlay-type":"","overlay-color":"","overlay-opacity":"","overlay-gradient":""},"tablet":{"background-color":"var(--ast-global-color-5)","background-image":"","background-repeat":"repeat","background-position":"center center","background-size":"auto","background-attachment":"scroll","background-type":"","background-media":"","overlay-type":"","overlay-color":"","overlay-opacity":"","overlay-gradient":""},"mobile":{"background-color":"var(--ast-global-color-5)","background-image":"","background-repeat":"repeat","background-position":"center center","background-size":"auto","background-attachment":"scroll","background-type":"","background-media":"","overlay-type":"","overlay-color":"","overlay-opacity":"","overlay-gradient":""}},"footnotes":""},"class_list":["post-28","page","type-page","status-publish","hentry"],"post_mailing_queue_ids":[],"_links":{"self":[{"href":"https:\/\/agora.xtec.cat\/escolammanent\/wp-json\/wp\/v2\/pages\/28","targetHints":{"allow":["GET"]}}],"collection":[{"href":"https:\/\/agora.xtec.cat\/escolammanent\/wp-json\/wp\/v2\/pages"}],"about":[{"href":"https:\/\/agora.xtec.cat\/escolammanent\/wp-json\/wp\/v2\/types\/page"}],"author":[{"embeddable":true,"href":"https:\/\/agora.xtec.cat\/escolammanent\/wp-json\/wp\/v2\/users\/1"}],"replies":[{"embeddable":true,"href":"https:\/\/agora.xtec.cat\/escolammanent\/wp-json\/wp\/v2\/comments?post=28"}],"version-history":[{"count":6,"href":"https:\/\/agora.xtec.cat\/escolammanent\/wp-json\/wp\/v2\/pages\/28\/revisions"}],"predecessor-version":[{"id":11987,"href":"https:\/\/agora.xtec.cat\/escolammanent\/wp-json\/wp\/v2\/pages\/28\/revisions\/11987"}],"up":[{"embeddable":true,"href":"https:\/\/agora.xtec.cat\/escolammanent\/wp-json\/wp\/v2\/pages\/22"}],"wp:attachment":[{"href":"https:\/\/agora.xtec.cat\/escolammanent\/wp-json\/wp\/v2\/media?parent=28"}],"curies":[{"name":"wp","href":"https:\/\/api.w.org\/{rel}","templated":true}]}}

<p><span style="font-family: arial, helvetica, sans-serif;">El consell escolar del centre és l&#8217;<strong>òrgan col·legiat de participació</strong> de la comunitat escolar en el govern del centre. En el consell escolar hi ha representats tots els col·lectius que intervenen en la comunitat educativa: directora, professorat, pares i mares,&nbsp; personal d&#8217;administració i serveis, administració local etc.</span></p>



<p><span style="font-family: arial, helvetica, sans-serif;">En els centres públics, la funció principal del consell escolar és participar en la presa de decisions en relació amb aquells temes importants per al funcionament i l&#8217;organització del centre: el projecte educatiu, la programació general, la gestió econòmica, etc.</span></p>



<p><span style="font-family: arial, helvetica, sans-serif;">Els membres del Consell Escolar són elegits per un període de quatre anys i es renoven per meitats cada dos anys.</span></p>



<p><span style="font-family: arial, helvetica, sans-serif;">La composició del consell escolar constituït el 19 de desembre de 2023 és la següent:</span></p>



<figure class="wp-block-table"><table class="has-fixed-layout"><tbody><tr><td><strong><span style="font-family: arial, helvetica, sans-serif; font-size: 12pt;">Presidenta</span></strong></td><td><span style="font-family: arial, helvetica, sans-serif; font-size: 12pt;">Àngela Ferrer</span></td></tr><tr><td><strong><span style="font-family: arial, helvetica, sans-serif; font-size: 12pt;">Cap d&#8217;estudis</span></strong></td><td><span style="font-family: arial, helvetica, sans-serif; font-size: 12pt;">Tània Gilabert</span></td></tr><tr><td><strong><span style="font-family: arial, helvetica, sans-serif; font-size: 12pt;">Secretària</span></strong></td><td><span style="font-family: arial, helvetica, sans-serif; font-size: 12pt;">Noemí Subirats</span></td></tr><tr><td><strong><span style="font-family: arial, helvetica, sans-serif; font-size: 12pt;">Representants mestres</span></strong></td><td><span style="font-family: arial, helvetica, sans-serif; font-size: 12pt;">Ferran Fuentes  &#8211;  Marga Gago</span><br><p><span style="font-family: arial, helvetica, sans-serif; font-size: 12pt;">Sònia Herrera  &#8211;   Cristina Laborda</span></p><p><span style="font-family: arial, helvetica, sans-serif; font-size: 12pt;">Sally N&#8217;Diaye  &#8211;    Xavier Simó</span></p></td></tr><tr><td><span style="font-family: arial, helvetica, sans-serif; font-size: 12pt;"><strong>PAE</strong> (Personal atenció educativa)</span></td><td><span style="font-family: arial, helvetica, sans-serif; font-size: 12pt;">Lola Herencia</span></td></tr><tr><td><span style="font-family: arial, helvetica, sans-serif; font-size: 12pt;"><strong>Representant PAS</strong> (Personal administració i serveis)</span></td><td><span style="font-family: arial, helvetica, sans-serif; font-size: 12pt;">Jordi Benito</span></td></tr><tr><td><strong><span style="font-family: arial, helvetica, sans-serif; font-size: 12pt;">Representants famílies</span></strong></td><td><span style="font-family: arial, helvetica, sans-serif; font-size: 12pt;">Sara Cano   &#8211;   Roberto Expósito</span><br><p><span style="font-family: arial, helvetica, sans-serif; font-size: 12pt;">Betlem Polo  &#8211;  Raquel Rei</span></p><p><span style="font-family: arial, helvetica, sans-serif; font-size: 12pt;">Nadia Rodríguez &#8211;  Mathias  Rotman</span></p></td></tr><tr><td><strong><span style="font-family: arial, helvetica, sans-serif; font-size: 12pt;">Representant AFA</span></strong></td><td><span style="font-family: arial, helvetica, sans-serif; font-size: 12pt;">Beatriz Rodríguez</span></td></tr><tr><td><strong><span style="font-family: arial, helvetica, sans-serif; font-size: 12pt;">Representant Ajuntament</span></strong></td><td><span style="font-family: arial, helvetica, sans-serif; font-size: 12pt;">Aleix Casanova</span></td></tr></tbody></table></figure>

<p>El consell escolar del centre és l&#8217;òrgan col·legiat de participació de la comunitat escolar en el govern del centre. En el consell escolar hi ha representats tots els col·lectius que intervenen en la comunitat educativa: directora, professorat, pares i mares,&nbsp; personal d&#8217;administració i serveis, administració local etc. En els centres públics, la funció principal del [&hellip;]</p>
