{"id":30,"date":"2014-09-18T12:30:23","date_gmt":"2014-09-18T10:30:23","guid":{"rendered":"http:\/\/agora.xtec.cat\/escolamiramar\/?page_id=30"},"modified":"2023-05-29T18:00:34","modified_gmt":"2023-05-29T16:00:34","slug":"instal%c2%b7lacions","status":"publish","type":"page","link":"https:\/\/agora.xtec.cat\/escolamiramar\/escola\/instal%c2%b7lacions\/","title":{"rendered":"Instal\u00b7lacions"},"content":{"rendered":"<h2>Si vols visitar les instal\u00b7lacions del nostre centre accedeix al seg\u00fcent enlla\u00e7 i veur\u00e0s l&#8217;escola Miramar en 360\u00ba<\/h2>\n<p><a href=\"https:\/\/www.escola360.cat\/escolamiramar\/\"><img loading=\"lazy\" decoding=\"async\" class=\"wp-image-6787 alignleft\" src=\"https:\/\/agora.xtec.cat\/escolamiramar\/wp-content\/uploads\/usu2300\/2022\/04\/recortada_tantaticberritua_360.png\" alt=\"\" width=\"354\" height=\"291\" srcset=\"https:\/\/agora.xtec.cat\/escolamiramar\/wp-content\/uploads\/usu2300\/2022\/04\/recortada_tantaticberritua_360.png 525w, https:\/\/agora.xtec.cat\/escolamiramar\/wp-content\/uploads\/usu2300\/2022\/04\/recortada_tantaticberritua_360-300x247.png 300w\" sizes=\"auto, (max-width: 354px) 100vw, 354px\" \/><\/a><\/p>\n<p>&nbsp;<\/p>\n<p>&nbsp;<\/p>\n<p>&nbsp;<\/p>\n<p>&nbsp;<\/p>\n<p>&nbsp;<\/p>\n<p>&nbsp;<\/p>\n<p>&nbsp;<\/p>\n<h1><strong><span style=\"color: #038594;\">PLANTA BAIXA<\/span><\/strong><\/h1>\n<p><a href=\"https:\/\/agora.xtec.cat\/escolamiramar\/wp-content\/uploads\/usu2300\/2023\/02\/PRIMERA-PLANTA-MIRAMAR.png\"><img loading=\"lazy\" decoding=\"async\" class=\"alignnone wp-image-7120\" src=\"https:\/\/agora.xtec.cat\/escolamiramar\/wp-content\/uploads\/usu2300\/2023\/02\/PRIMERA-PLANTA-MIRAMAR-1024x724.png\" alt=\"\" width=\"351\" height=\"248\" srcset=\"https:\/\/agora.xtec.cat\/escolamiramar\/wp-content\/uploads\/usu2300\/2023\/02\/PRIMERA-PLANTA-MIRAMAR-1024x724.png 1024w, https:\/\/agora.xtec.cat\/escolamiramar\/wp-content\/uploads\/usu2300\/2023\/02\/PRIMERA-PLANTA-MIRAMAR-300x212.png 300w, https:\/\/agora.xtec.cat\/escolamiramar\/wp-content\/uploads\/usu2300\/2023\/02\/PRIMERA-PLANTA-MIRAMAR-768x543.png 768w, https:\/\/agora.xtec.cat\/escolamiramar\/wp-content\/uploads\/usu2300\/2023\/02\/PRIMERA-PLANTA-MIRAMAR-1536x1086.png 1536w, https:\/\/agora.xtec.cat\/escolamiramar\/wp-content\/uploads\/usu2300\/2023\/02\/PRIMERA-PLANTA-MIRAMAR-2048x1448.png 2048w\" sizes=\"auto, (max-width: 351px) 100vw, 351px\" \/><\/a><\/p>\n<h1><strong><span style=\"color: #e9472b;\">PRIMERA PLANTA<\/span><\/strong><\/h1>\n<p><a href=\"https:\/\/agora.xtec.cat\/escolamiramar\/wp-content\/uploads\/usu2300\/2023\/02\/PLANTA-BAIXA-MIRAMAR.png\"><img loading=\"lazy\" decoding=\"async\" class=\"alignnone wp-image-7122\" src=\"https:\/\/agora.xtec.cat\/escolamiramar\/wp-content\/uploads\/usu2300\/2023\/02\/PLANTA-BAIXA-MIRAMAR-1024x724.png\" alt=\"\" width=\"352\" height=\"248\" srcset=\"https:\/\/agora.xtec.cat\/escolamiramar\/wp-content\/uploads\/usu2300\/2023\/02\/PLANTA-BAIXA-MIRAMAR-1024x724.png 1024w, https:\/\/agora.xtec.cat\/escolamiramar\/wp-content\/uploads\/usu2300\/2023\/02\/PLANTA-BAIXA-MIRAMAR-300x212.png 300w, https:\/\/agora.xtec.cat\/escolamiramar\/wp-content\/uploads\/usu2300\/2023\/02\/PLANTA-BAIXA-MIRAMAR-768x543.png 768w, https:\/\/agora.xtec.cat\/escolamiramar\/wp-content\/uploads\/usu2300\/2023\/02\/PLANTA-BAIXA-MIRAMAR-1536x1086.png 1536w, https:\/\/agora.xtec.cat\/escolamiramar\/wp-content\/uploads\/usu2300\/2023\/02\/PLANTA-BAIXA-MIRAMAR-2048x1448.png 2048w\" sizes=\"auto, (max-width: 352px) 100vw, 352px\" \/><\/a><\/p>\n<h1><strong><span style=\"color: #fab426;\">ACC\u00c9S PLANTA BAIXA<\/span><\/strong><\/h1>\n<p><a href=\"https:\/\/agora.xtec.cat\/escolamiramar\/wp-content\/uploads\/usu2300\/2023\/02\/ACCES-PRIMERA-PLANTA-MIRAMAR.png\"><img loading=\"lazy\" decoding=\"async\" class=\"alignnone wp-image-7121\" src=\"https:\/\/agora.xtec.cat\/escolamiramar\/wp-content\/uploads\/usu2300\/2023\/02\/ACCES-PRIMERA-PLANTA-MIRAMAR-1024x724.png\" alt=\"\" width=\"352\" height=\"248\" srcset=\"https:\/\/agora.xtec.cat\/escolamiramar\/wp-content\/uploads\/usu2300\/2023\/02\/ACCES-PRIMERA-PLANTA-MIRAMAR-1024x724.png 1024w, https:\/\/agora.xtec.cat\/escolamiramar\/wp-content\/uploads\/usu2300\/2023\/02\/ACCES-PRIMERA-PLANTA-MIRAMAR-300x212.png 300w, https:\/\/agora.xtec.cat\/escolamiramar\/wp-content\/uploads\/usu2300\/2023\/02\/ACCES-PRIMERA-PLANTA-MIRAMAR-768x543.png 768w, https:\/\/agora.xtec.cat\/escolamiramar\/wp-content\/uploads\/usu2300\/2023\/02\/ACCES-PRIMERA-PLANTA-MIRAMAR-1536x1086.png 1536w, https:\/\/agora.xtec.cat\/escolamiramar\/wp-content\/uploads\/usu2300\/2023\/02\/ACCES-PRIMERA-PLANTA-MIRAMAR-2048x1448.png 2048w\" sizes=\"auto, (max-width: 352px) 100vw, 352px\" \/><\/a><\/p>\n","protected":false},"excerpt":{"rendered":"<p>Si vols visitar les instal\u00b7lacions del nostre centre accedeix al seg\u00fcent enlla\u00e7 i veur\u00e0s l&#8217;escola Miramar en 360\u00ba<br \/>\n<a href=\"https:\/\/www.escola360.cat\/escolamiramar\/\"><\/a><br \/>\n&nbsp;<br \/>\n&nbsp;<br \/>\n&nbsp;<br \/>\n&nbsp;<br \/>\n&nbsp;<br \/>\n&nbsp;<br \/>\n&nbsp;<br \/>\nPLANTA BAIXA<br \/>\n<a href=\"https:\/\/agora.xtec.cat\/escolamiramar\/wp-content\/uploads\/usu2300\/2023\/02\/PRIMERA-PLANTA-MIRAMAR.png\"><\/a><br \/>\nPRIMERA PLANTA<br \/>\n<a href=\"https:\/\/agora.xtec.cat\/escolamiramar\/wp-content\/uploads\/usu2300\/2023\/02\/PLANTA-BAIXA-MIRAMAR.png\"><\/a><br \/>\nACC\u00c9S PLANTA BAIXA<br \/>\n<a href=\"https:\/\/agora.xtec.cat\/escolamiramar\/wp-content\/uploads\/usu2300\/2023\/02\/ACCES-PRIMERA-PLANTA-MIRAMAR.png\"><\/a><\/p>\n","protected":false},"author":1,"featured_media":0,"parent":6708,"menu_order":40,"comment_status":"closed","ping_status":"closed","template":"page-templates\/side-menu.php","meta":{"_bbp_topic_count":0,"_bbp_reply_count":0,"_bbp_total_topic_count":0,"_bbp_total_reply_count":0,"_bbp_voice_count":0,"_bbp_anonymous_reply_count":0,"_bbp_topic_count_hidden":0,"_bbp_reply_count_hidden":0,"_bbp_forum_subforum_count":0,"footnotes":""},"class_list":["post-30","page","type-page","status-publish","hentry"],"post_mailing_queue_ids":[],"_links":{"self":[{"href":"https:\/\/agora.xtec.cat\/escolamiramar\/wp-json\/wp\/v2\/pages\/30","targetHints":{"allow":["GET"]}}],"collection":[{"href":"https:\/\/agora.xtec.cat\/escolamiramar\/wp-json\/wp\/v2\/pages"}],"about":[{"href":"https:\/\/agora.xtec.cat\/escolamiramar\/wp-json\/wp\/v2\/types\/page"}],"author":[{"embeddable":true,"href":"https:\/\/agora.xtec.cat\/escolamiramar\/wp-json\/wp\/v2\/users\/1"}],"replies":[{"embeddable":true,"href":"https:\/\/agora.xtec.cat\/escolamiramar\/wp-json\/wp\/v2\/comments?post=30"}],"version-history":[{"count":3,"href":"https:\/\/agora.xtec.cat\/escolamiramar\/wp-json\/wp\/v2\/pages\/30\/revisions"}],"predecessor-version":[{"id":7300,"href":"https:\/\/agora.xtec.cat\/escolamiramar\/wp-json\/wp\/v2\/pages\/30\/revisions\/7300"}],"up":[{"embeddable":true,"href":"https:\/\/agora.xtec.cat\/escolamiramar\/wp-json\/wp\/v2\/pages\/6708"}],"wp:attachment":[{"href":"https:\/\/agora.xtec.cat\/escolamiramar\/wp-json\/wp\/v2\/media?parent=30"}],"curies":[{"name":"wp","href":"https:\/\/api.w.org\/{rel}","templated":true}]}}