{"id":9989,"date":"2025-10-07T10:53:55","date_gmt":"2025-10-07T08:53:55","guid":{"rendered":"https:\/\/agora.xtec.cat\/escolamestralvilanova\/?page_id=9989"},"modified":"2025-10-07T13:21:26","modified_gmt":"2025-10-07T11:21:26","slug":"els-5-principis","status":"publish","type":"page","link":"https:\/\/agora.xtec.cat\/escolamestralvilanova\/erg-escola-restaurativa\/els-5-principis\/","title":{"rendered":"Els 5 principis"},"content":{"rendered":"<p style=\"text-align: justify;\">La nostra ZER aquest curs s\u2019ha iniciat a la Xarxa d\u2019Escoles Restauratives de Catalunya.<a href=\"https:\/\/agora.xtec.cat\/escolamestralvilanova\/wp-content\/uploads\/usu729\/2025\/10\/5-principis.jpg\"><img loading=\"lazy\" decoding=\"async\" class=\"wp-image-9990 size-medium alignright\" src=\"https:\/\/agora.xtec.cat\/escolamestralvilanova\/wp-content\/uploads\/usu729\/2025\/10\/5-principis-208x300.jpg\" alt=\"\" width=\"208\" height=\"300\" srcset=\"https:\/\/agora.xtec.cat\/escolamestralvilanova\/wp-content\/uploads\/usu729\/2025\/10\/5-principis-208x300.jpg 208w, https:\/\/agora.xtec.cat\/escolamestralvilanova\/wp-content\/uploads\/usu729\/2025\/10\/5-principis.jpg 709w\" sizes=\"auto, (max-width: 208px) 100vw, 208px\" \/><\/a><\/p>\n<p style=\"text-align: justify;\">L\u2019enfocament restauratiu a l\u2019escola es fonamenta en els valors del respecte, la inclusi\u00f3, la participaci\u00f3, la no-viol\u00e8ncia, l\u2019honestedat, la difer\u00e8ncia, la col\u00b7laboraci\u00f3, la responsabilitzaci\u00f3 i la reparaci\u00f3, i s\u2019orienta cap a les necessitats dels infants del nostre centre.<\/p>\n<p style=\"text-align: justify;\">Aquest any al nostre projecte d\u2019escola hem treballat els 5 principis restauratius de Belinda Hopkins que regeixen l\u2019Escola Restaurativa.<\/p>\n<p style=\"text-align: justify;\">La Reviscola \u00e9s una mostra de com hem treballat aquests 5 principis a cada aula i com tenir-los presents per tal de fomentar la conviv\u00e8ncia i el respecte en el nostre dia a dia.<\/p>\n<ul>\n<li><a href=\"https:\/\/www.flipsnack.com\/AFF9C666AED\/la-reviscola-2025\/full-view.html\">LA REVISCOLA: &#8220;Els 5 principis&#8221;<\/a><\/li>\n<\/ul>\n<p>&nbsp;<\/p>\n","protected":false},"excerpt":{"rendered":"<p>La nostra ZER aquest curs s\u2019ha iniciat a la Xarxa d\u2019Escoles Restauratives de Catalunya.<a href=\"https:\/\/agora.xtec.cat\/escolamestralvilanova\/wp-content\/uploads\/usu729\/2025\/10\/5-principis.jpg\"><\/a><br \/>\nL\u2019enfocament restauratiu a l\u2019escola es fonamenta en els valors del respecte, la inclusi\u00f3, la participaci\u00f3, la no-viol\u00e8ncia, l\u2019honestedat, la difer\u00e8ncia, la col\u00b7laboraci\u00f3, la responsabilitzaci\u00f3 i la reparaci\u00f3, i s\u2019orienta cap a&hellip;  <a href=\"https:\/\/agora.xtec.cat\/escolamestralvilanova\/erg-escola-restaurativa\/els-5-principis\/\" title=\"Read Els 5 principis\">Llegeix m\u00e9s\u00bb<\/a><\/p>\n","protected":false},"author":1,"featured_media":0,"parent":9985,"menu_order":1,"comment_status":"closed","ping_status":"closed","template":"page-templates\/side-menu.php","meta":{"_bbp_topic_count":0,"_bbp_reply_count":0,"_bbp_total_topic_count":0,"_bbp_total_reply_count":0,"_bbp_voice_count":0,"_bbp_anonymous_reply_count":0,"_bbp_topic_count_hidden":0,"_bbp_reply_count_hidden":0,"_bbp_forum_subforum_count":0,"footnotes":""},"class_list":["post-9989","page","type-page","status-publish","hentry"],"post_mailing_queue_ids":[],"_links":{"self":[{"href":"https:\/\/agora.xtec.cat\/escolamestralvilanova\/wp-json\/wp\/v2\/pages\/9989","targetHints":{"allow":["GET"]}}],"collection":[{"href":"https:\/\/agora.xtec.cat\/escolamestralvilanova\/wp-json\/wp\/v2\/pages"}],"about":[{"href":"https:\/\/agora.xtec.cat\/escolamestralvilanova\/wp-json\/wp\/v2\/types\/page"}],"author":[{"embeddable":true,"href":"https:\/\/agora.xtec.cat\/escolamestralvilanova\/wp-json\/wp\/v2\/users\/1"}],"replies":[{"embeddable":true,"href":"https:\/\/agora.xtec.cat\/escolamestralvilanova\/wp-json\/wp\/v2\/comments?post=9989"}],"version-history":[{"count":5,"href":"https:\/\/agora.xtec.cat\/escolamestralvilanova\/wp-json\/wp\/v2\/pages\/9989\/revisions"}],"predecessor-version":[{"id":10000,"href":"https:\/\/agora.xtec.cat\/escolamestralvilanova\/wp-json\/wp\/v2\/pages\/9989\/revisions\/10000"}],"up":[{"embeddable":true,"href":"https:\/\/agora.xtec.cat\/escolamestralvilanova\/wp-json\/wp\/v2\/pages\/9985"}],"wp:attachment":[{"href":"https:\/\/agora.xtec.cat\/escolamestralvilanova\/wp-json\/wp\/v2\/media?parent=9989"}],"curies":[{"name":"wp","href":"https:\/\/api.w.org\/{rel}","templated":true}]}}

<p style="text-align: justify;">La nostra ZER aquest curs s’ha iniciat a la Xarxa d’Escoles Restauratives de Catalunya.<a href="https://agora.xtec.cat/escolamestralvilanova/wp-content/uploads/usu729/2025/10/5-principis.jpg"><img loading="lazy" decoding="async" class="wp-image-9990 size-medium alignright" src="https://agora.xtec.cat/escolamestralvilanova/wp-content/uploads/usu729/2025/10/5-principis-208x300.jpg" alt="" width="208" height="300" srcset="https://agora.xtec.cat/escolamestralvilanova/wp-content/uploads/usu729/2025/10/5-principis-208x300.jpg 208w, https://agora.xtec.cat/escolamestralvilanova/wp-content/uploads/usu729/2025/10/5-principis.jpg 709w" sizes="auto, (max-width: 208px) 100vw, 208px" /></a></p>
<p style="text-align: justify;">L’enfocament restauratiu a l’escola es fonamenta en els valors del respecte, la inclusió, la participació, la no-violència, l’honestedat, la diferència, la col·laboració, la responsabilització i la reparació, i s’orienta cap a les necessitats dels infants del nostre centre.</p>
<p style="text-align: justify;">Aquest any al nostre projecte d’escola hem treballat els 5 principis restauratius de Belinda Hopkins que regeixen l’Escola Restaurativa.</p>
<p style="text-align: justify;">La Reviscola és una mostra de com hem treballat aquests 5 principis a cada aula i com tenir-los presents per tal de fomentar la convivència i el respecte en el nostre dia a dia.</p>
<ul>
<li><a href="https://www.flipsnack.com/AFF9C666AED/la-reviscola-2025/full-view.html">LA REVISCOLA: &#8220;Els 5 principis&#8221;</a></li>
</ul>
<p>&nbsp;</p>

<p>La nostra ZER aquest curs s’ha iniciat a la Xarxa d’Escoles Restauratives de Catalunya.<a href="https://agora.xtec.cat/escolamestralvilanova/wp-content/uploads/usu729/2025/10/5-principis.jpg"></a><br />
L’enfocament restauratiu a l’escola es fonamenta en els valors del respecte, la inclusió, la participació, la no-violència, l’honestedat, la diferència, la col·laboració, la responsabilització i la reparació, i s’orienta cap a&hellip;  <a href="https://agora.xtec.cat/escolamestralvilanova/erg-escola-restaurativa/els-5-principis/" title="Read Els 5 principis">Llegeix més»</a></p>
