{"id":9985,"date":"2025-10-07T10:50:03","date_gmt":"2025-10-07T08:50:03","guid":{"rendered":"https:\/\/agora.xtec.cat\/escolamestralvilanova\/?page_id=9985"},"modified":"2025-10-09T13:44:28","modified_gmt":"2025-10-09T11:44:28","slug":"erg-escola-restaurativa","status":"publish","type":"page","link":"https:\/\/agora.xtec.cat\/escolamestralvilanova\/erg-escola-restaurativa\/","title":{"rendered":"ERG Escola Restaurativa"},"content":{"rendered":"<p>La ZER Argelaga va iniciar el projecte d&#8217;innovaci\u00f3 PINNERG el curs 2024-2025.<\/p>\n<p>Per explicar en qu\u00e8 consistia la mirada restaurativa, vam reunir les fam\u00edlies l&#8217;octubre del 2024. Deixem aqu\u00ed la presentaci\u00f3 que vam compartir amb les fam\u00edlies.<\/p>\n<p>Cada escola de la ZER, al seu blog, va recollint les activitats que es fan per fomentar la mirada restaurativa.<\/p>\n<blockquote>\n<p class=\"cvGsUA direction-ltr align-center para-style-body\"><span class=\"a_GcMg font-feature-liga-off font-feature-clig-off font-feature-calt-off text-decoration-none text-strikethrough-none\">\u201cEls pensaments i els sentiments dels infants; les seves necessitats, punts de vista, motivacions i valors s\u00f3n els que generen les seves conductes\u201d<\/span><\/p>\n<p class=\"cvGsUA direction-ltr align-center para-style-body\" style=\"text-align: right;\"><span class=\"a_GcMg font-feature-liga-off font-feature-clig-off font-feature-calt-off text-decoration-none text-strikethrough-none\">Belinda Hopkins<\/span><\/p>\n<\/blockquote>\n<div style=\"position: relative; width: 100%; height: 0; padding-top: 70.7071%; padding-bottom: 0; box-shadow: 0 2px 8px 0 rgba(63,69,81,0.16); margin-top: 1.6em; margin-bottom: 0.9em; overflow: hidden; border-radius: 8px; will-change: transform;\"><iframe style=\"position: absolute; width: 100%; height: 100%; top: 0; left: 0; border: none; padding: 0; margin: 0;\" src=\"https:\/\/www.canva.com\/design\/DAG0oFim3Tc\/mhacS__RwJPvY5Wc9-kVeA\/view?embed\" allowfullscreen=\"allowfullscreen\"><br \/>\n<\/iframe><\/div>\n<p>&nbsp;<\/p>\n","protected":false},"excerpt":{"rendered":"<p>La ZER Argelaga va iniciar el projecte d&#8217;innovaci\u00f3 PINNERG el curs 2024-2025.<br \/>\nPer explicar en qu\u00e8 consistia la mirada restaurativa, vam reunir les fam\u00edlies l&#8217;octubre del 2024. Deixem aqu\u00ed la presentaci\u00f3 que vam compartir amb les fam\u00edlies.<br \/>\nCada escola de la ZER, al seu blog, va recollint&hellip;  <a href=\"https:\/\/agora.xtec.cat\/escolamestralvilanova\/erg-escola-restaurativa\/\" title=\"Read ERG Escola Restaurativa\">Llegeix m\u00e9s\u00bb<\/a><\/p>\n","protected":false},"author":1,"featured_media":0,"parent":0,"menu_order":0,"comment_status":"closed","ping_status":"closed","template":"page-templates\/side-menu.php","meta":{"_bbp_topic_count":0,"_bbp_reply_count":0,"_bbp_total_topic_count":0,"_bbp_total_reply_count":0,"_bbp_voice_count":0,"_bbp_anonymous_reply_count":0,"_bbp_topic_count_hidden":0,"_bbp_reply_count_hidden":0,"_bbp_forum_subforum_count":0,"footnotes":""},"class_list":["post-9985","page","type-page","status-publish","hentry"],"post_mailing_queue_ids":[],"_links":{"self":[{"href":"https:\/\/agora.xtec.cat\/escolamestralvilanova\/wp-json\/wp\/v2\/pages\/9985","targetHints":{"allow":["GET"]}}],"collection":[{"href":"https:\/\/agora.xtec.cat\/escolamestralvilanova\/wp-json\/wp\/v2\/pages"}],"about":[{"href":"https:\/\/agora.xtec.cat\/escolamestralvilanova\/wp-json\/wp\/v2\/types\/page"}],"author":[{"embeddable":true,"href":"https:\/\/agora.xtec.cat\/escolamestralvilanova\/wp-json\/wp\/v2\/users\/1"}],"replies":[{"embeddable":true,"href":"https:\/\/agora.xtec.cat\/escolamestralvilanova\/wp-json\/wp\/v2\/comments?post=9985"}],"version-history":[{"count":3,"href":"https:\/\/agora.xtec.cat\/escolamestralvilanova\/wp-json\/wp\/v2\/pages\/9985\/revisions"}],"predecessor-version":[{"id":10078,"href":"https:\/\/agora.xtec.cat\/escolamestralvilanova\/wp-json\/wp\/v2\/pages\/9985\/revisions\/10078"}],"wp:attachment":[{"href":"https:\/\/agora.xtec.cat\/escolamestralvilanova\/wp-json\/wp\/v2\/media?parent=9985"}],"curies":[{"name":"wp","href":"https:\/\/api.w.org\/{rel}","templated":true}]}}

<p>La ZER Argelaga va iniciar el projecte d&#8217;innovació PINNERG el curs 2024-2025.</p>
<p>Per explicar en què consistia la mirada restaurativa, vam reunir les famílies l&#8217;octubre del 2024. Deixem aquí la presentació que vam compartir amb les famílies.</p>
<p>Cada escola de la ZER, al seu blog, va recollint les activitats que es fan per fomentar la mirada restaurativa.</p>
<blockquote>
<p class="cvGsUA direction-ltr align-center para-style-body"><span class="a_GcMg font-feature-liga-off font-feature-clig-off font-feature-calt-off text-decoration-none text-strikethrough-none">“Els pensaments i els sentiments dels infants; les seves necessitats, punts de vista, motivacions i valors són els que generen les seves conductes”</span></p>
<p class="cvGsUA direction-ltr align-center para-style-body" style="text-align: right;"><span class="a_GcMg font-feature-liga-off font-feature-clig-off font-feature-calt-off text-decoration-none text-strikethrough-none">Belinda Hopkins</span></p>
</blockquote>
<div style="position: relative; width: 100%; height: 0; padding-top: 70.7071%; padding-bottom: 0; box-shadow: 0 2px 8px 0 rgba(63,69,81,0.16); margin-top: 1.6em; margin-bottom: 0.9em; overflow: hidden; border-radius: 8px; will-change: transform;"><iframe style="position: absolute; width: 100%; height: 100%; top: 0; left: 0; border: none; padding: 0; margin: 0;" src="https://www.canva.com/design/DAG0oFim3Tc/mhacS__RwJPvY5Wc9-kVeA/view?embed" allowfullscreen="allowfullscreen"><br />
</iframe></div>
<p>&nbsp;</p>

<p>La ZER Argelaga va iniciar el projecte d&#8217;innovació PINNERG el curs 2024-2025.<br />
Per explicar en què consistia la mirada restaurativa, vam reunir les famílies l&#8217;octubre del 2024. Deixem aquí la presentació que vam compartir amb les famílies.<br />
Cada escola de la ZER, al seu blog, va recollint&hellip;  <a href="https://agora.xtec.cat/escolamestralvilanova/erg-escola-restaurativa/" title="Read ERG Escola Restaurativa">Llegeix més»</a></p>
