{"id":77,"date":"2014-09-18T14:05:08","date_gmt":"2014-09-18T13:05:08","guid":{"rendered":"http:\/\/agora.xtec.cat\/escolamestralvilanova\/?page_id=77"},"modified":"2019-11-22T09:59:52","modified_gmt":"2019-11-22T08:59:52","slug":"acollida","status":"publish","type":"page","link":"https:\/\/agora.xtec.cat\/escolamestralvilanova\/ampa\/acollida\/","title":{"rendered":"Servei d&#8217;acollida"},"content":{"rendered":"<p>L&#8217;escola ofereix el servei d&#8217;acollida obert a tots els infants.<\/p>\n<p>L&#8217;horari d&#8217;aquest \u00e9s:<\/p>\n<ul>\n<li>Mat\u00ed: de 7:45 hores a 9 hores<\/li>\n<li>Tarda: de 16:30 hores a 17:30 hores<\/li>\n<\/ul>\n<p>La gesti\u00f3 del servei est\u00e0 a c\u00e0rrec de l&#8217;Ajuntament<\/p>\n<p style=\"text-align: right;\"><a href=\"https:\/\/agora.xtec.cat\/escolamestralvilanova\/wp-content\/uploads\/usu729\/2019\/11\/2019-08-07_ACOLLIDA-ESCOLA.pdf\">SOL\u00b7LICITUD ACOLLIDA (Deixar-la a l&#8217;Ajuntament)<\/a><\/p>\n","protected":false},"excerpt":{"rendered":"<p>L&#8217;escola ofereix el servei d&#8217;acollida obert a tots els infants.<br \/>\nL&#8217;horari d&#8217;aquest \u00e9s:<\/p>\n<ul>\n<li>Mat\u00ed: de 7:45 hores a 9 hores<\/li>\n<li>Tarda: de 16:30 hores a 17:30 hores<\/li>\n<\/ul>\n<p>La gesti\u00f3 del servei est\u00e0 a c\u00e0rrec de l&#8217;Ajuntament<br \/>\n<a href=\"https:\/\/agora.xtec.cat\/escolamestralvilanova\/wp-content\/uploads\/usu729\/2019\/11\/2019-08-07_ACOLLIDA-ESCOLA.pdf\">SOL\u00b7LICITUD ACOLLIDA (Deixar-la a l&#8217;Ajuntament)<\/a><\/p>\n","protected":false},"author":1,"featured_media":0,"parent":66,"menu_order":20,"comment_status":"closed","ping_status":"closed","template":"page-templates\/side-menu.php","meta":{"_bbp_topic_count":0,"_bbp_reply_count":0,"_bbp_total_topic_count":0,"_bbp_total_reply_count":0,"_bbp_voice_count":0,"_bbp_anonymous_reply_count":0,"_bbp_topic_count_hidden":0,"_bbp_reply_count_hidden":0,"_bbp_forum_subforum_count":0,"footnotes":""},"class_list":["post-77","page","type-page","status-publish","hentry"],"post_mailing_queue_ids":[],"_links":{"self":[{"href":"https:\/\/agora.xtec.cat\/escolamestralvilanova\/wp-json\/wp\/v2\/pages\/77","targetHints":{"allow":["GET"]}}],"collection":[{"href":"https:\/\/agora.xtec.cat\/escolamestralvilanova\/wp-json\/wp\/v2\/pages"}],"about":[{"href":"https:\/\/agora.xtec.cat\/escolamestralvilanova\/wp-json\/wp\/v2\/types\/page"}],"author":[{"embeddable":true,"href":"https:\/\/agora.xtec.cat\/escolamestralvilanova\/wp-json\/wp\/v2\/users\/1"}],"replies":[{"embeddable":true,"href":"https:\/\/agora.xtec.cat\/escolamestralvilanova\/wp-json\/wp\/v2\/comments?post=77"}],"version-history":[{"count":3,"href":"https:\/\/agora.xtec.cat\/escolamestralvilanova\/wp-json\/wp\/v2\/pages\/77\/revisions"}],"predecessor-version":[{"id":1905,"href":"https:\/\/agora.xtec.cat\/escolamestralvilanova\/wp-json\/wp\/v2\/pages\/77\/revisions\/1905"}],"up":[{"embeddable":true,"href":"https:\/\/agora.xtec.cat\/escolamestralvilanova\/wp-json\/wp\/v2\/pages\/66"}],"wp:attachment":[{"href":"https:\/\/agora.xtec.cat\/escolamestralvilanova\/wp-json\/wp\/v2\/media?parent=77"}],"curies":[{"name":"wp","href":"https:\/\/api.w.org\/{rel}","templated":true}]}}

<p>L&#8217;escola ofereix el servei d&#8217;acollida obert a tots els infants.</p>
<p>L&#8217;horari d&#8217;aquest és:</p>
<ul>
<li>Matí: de 7:45 hores a 9 hores</li>
<li>Tarda: de 16:30 hores a 17:30 hores</li>
</ul>
<p>La gestió del servei està a càrrec de l&#8217;Ajuntament</p>
<p style="text-align: right;"><a href="https://agora.xtec.cat/escolamestralvilanova/wp-content/uploads/usu729/2019/11/2019-08-07_ACOLLIDA-ESCOLA.pdf">SOL·LICITUD ACOLLIDA (Deixar-la a l&#8217;Ajuntament)</a></p>

<p>L&#8217;escola ofereix el servei d&#8217;acollida obert a tots els infants.<br />
L&#8217;horari d&#8217;aquest és:</p>
<ul>
<li>Matí: de 7:45 hores a 9 hores</li>
<li>Tarda: de 16:30 hores a 17:30 hores</li>
</ul>
<p>La gestió del servei està a càrrec de l&#8217;Ajuntament<br />
<a href="https://agora.xtec.cat/escolamestralvilanova/wp-content/uploads/usu729/2019/11/2019-08-07_ACOLLIDA-ESCOLA.pdf">SOL·LICITUD ACOLLIDA (Deixar-la a l&#8217;Ajuntament)</a></p>
