{"id":64,"date":"2014-09-18T12:39:08","date_gmt":"2014-09-18T11:39:08","guid":{"rendered":"http:\/\/agora.xtec.cat\/escolamestralvilanova\/?page_id=64"},"modified":"2020-09-12T11:44:20","modified_gmt":"2020-09-12T09:44:20","slug":"projecte-educatiu","status":"publish","type":"page","link":"https:\/\/agora.xtec.cat\/escolamestralvilanova\/projecte-educatiu\/","title":{"rendered":"PROJECTES"},"content":{"rendered":"<p>Els projectes de l&#8217;escola s\u00f3n els seg\u00fcents:<\/p>\n<ul>\n<li>Escoles Verdes<\/li>\n<li>AICLE<\/li>\n<li>Xarxa de Compet\u00e8ncies B\u00e0siques<\/li>\n<li>Emprenedoria<\/li>\n<li>El gust per la lectura<\/li>\n<\/ul>\n<p style=\"text-align: justify;\">Tanmateix, a l&#8217;escola tamb\u00e9 s&#8217;impulsa la sensibilitzaci\u00f3 musical, la pr\u00e0ctica d&#8217;esport i els h\u00e0bits saludables, la lectura, etc.<\/p>\n","protected":false},"excerpt":{"rendered":"<p>Els projectes de l&#8217;escola s\u00f3n els seg\u00fcents:<\/p>\n<ul>\n<li>Escoles Verdes<\/li>\n<li>AICLE<\/li>\n<li>Xarxa de Compet\u00e8ncies B\u00e0siques<\/li>\n<li>Emprenedoria<\/li>\n<li>El gust per la lectura<\/li>\n<\/ul>\n<p>Tanmateix, a l&#8217;escola tamb\u00e9 s&#8217;impulsa la sensibilitzaci\u00f3 musical, la pr\u00e0ctica d&#8217;esport i els h\u00e0bits saludables, la lectura, etc.<\/p>\n","protected":false},"author":1,"featured_media":0,"parent":0,"menu_order":0,"comment_status":"closed","ping_status":"closed","template":"page-templates\/side-menu.php","meta":{"_bbp_topic_count":0,"_bbp_reply_count":0,"_bbp_total_topic_count":0,"_bbp_total_reply_count":0,"_bbp_voice_count":0,"_bbp_anonymous_reply_count":0,"_bbp_topic_count_hidden":0,"_bbp_reply_count_hidden":0,"_bbp_forum_subforum_count":0,"footnotes":""},"class_list":["post-64","page","type-page","status-publish","hentry"],"post_mailing_queue_ids":[],"_links":{"self":[{"href":"https:\/\/agora.xtec.cat\/escolamestralvilanova\/wp-json\/wp\/v2\/pages\/64","targetHints":{"allow":["GET"]}}],"collection":[{"href":"https:\/\/agora.xtec.cat\/escolamestralvilanova\/wp-json\/wp\/v2\/pages"}],"about":[{"href":"https:\/\/agora.xtec.cat\/escolamestralvilanova\/wp-json\/wp\/v2\/types\/page"}],"author":[{"embeddable":true,"href":"https:\/\/agora.xtec.cat\/escolamestralvilanova\/wp-json\/wp\/v2\/users\/1"}],"replies":[{"embeddable":true,"href":"https:\/\/agora.xtec.cat\/escolamestralvilanova\/wp-json\/wp\/v2\/comments?post=64"}],"version-history":[{"count":3,"href":"https:\/\/agora.xtec.cat\/escolamestralvilanova\/wp-json\/wp\/v2\/pages\/64\/revisions"}],"predecessor-version":[{"id":3507,"href":"https:\/\/agora.xtec.cat\/escolamestralvilanova\/wp-json\/wp\/v2\/pages\/64\/revisions\/3507"}],"wp:attachment":[{"href":"https:\/\/agora.xtec.cat\/escolamestralvilanova\/wp-json\/wp\/v2\/media?parent=64"}],"curies":[{"name":"wp","href":"https:\/\/api.w.org\/{rel}","templated":true}]}}

<p>Els projectes de l&#8217;escola són els següents:</p>
<ul>
<li>Escoles Verdes</li>
<li>AICLE</li>
<li>Xarxa de Competències Bàsiques</li>
<li>Emprenedoria</li>
<li>El gust per la lectura</li>
</ul>
<p style="text-align: justify;">Tanmateix, a l&#8217;escola també s&#8217;impulsa la sensibilització musical, la pràctica d&#8217;esport i els hàbits saludables, la lectura, etc.</p>

<p>Els projectes de l&#8217;escola són els següents:</p>
<ul>
<li>Escoles Verdes</li>
<li>AICLE</li>
<li>Xarxa de Competències Bàsiques</li>
<li>Emprenedoria</li>
<li>El gust per la lectura</li>
</ul>
<p>Tanmateix, a l&#8217;escola també s&#8217;impulsa la sensibilització musical, la pràctica d&#8217;esport i els hàbits saludables, la lectura, etc.</p>
