{"id":6302,"date":"2021-12-03T11:26:05","date_gmt":"2021-12-03T10:26:05","guid":{"rendered":"https:\/\/agora.xtec.cat\/escolamestralvilanova\/?page_id=6302"},"modified":"2021-12-08T17:37:23","modified_gmt":"2021-12-08T16:37:23","slug":"fruita-i-hortalisses-a-les-escoles","status":"publish","type":"page","link":"https:\/\/agora.xtec.cat\/escolamestralvilanova\/cursos\/fruita-i-hortalisses-a-les-escoles\/","title":{"rendered":"FRUITA I HORTALISSES A LES ESCOLES"},"content":{"rendered":"<p>L&#8217;escola participa al Programa &#8220;Fruita i hortalisses a les escoles&#8221;<\/p>\n<p>\u00c9s una iniciativa de la Uni\u00f3 Europea amb l&#8217;acci\u00f3 conjunta dels departaments d\u2019Agricultura, Salut i Ensenyament.<\/p>\n<p>Es tracta de distribuir gratu\u00eftament fruita i verdura fresca als escolars de segon cicle d\u2019educaci\u00f3 infantil i de prim\u00e0ria (infants de 3 a 12 anys) de centres educatius que ho demanin.<\/p>\n<p><a href=\"http:\/\/agricultura.gencat.cat\/ca\/ambits\/alimentacio\/promocio-agroalimentaria\/fruita-llet-escoles\/fruita-escoles\/\"><img loading=\"lazy\" decoding=\"async\" class=\"alignnone wp-image-6303 size-medium\" src=\"https:\/\/agora.xtec.cat\/escolamestralvilanova\/wp-content\/uploads\/usu729\/2021\/12\/cartell-programa-consum-fruita-hortalisses-escoles-unio-europea-750.jpg_1332006011-300x300.jpg\" alt=\"\" width=\"300\" height=\"300\" srcset=\"https:\/\/agora.xtec.cat\/escolamestralvilanova\/wp-content\/uploads\/usu729\/2021\/12\/cartell-programa-consum-fruita-hortalisses-escoles-unio-europea-750.jpg_1332006011-300x300.jpg 300w, https:\/\/agora.xtec.cat\/escolamestralvilanova\/wp-content\/uploads\/usu729\/2021\/12\/cartell-programa-consum-fruita-hortalisses-escoles-unio-europea-750.jpg_1332006011-150x150.jpg 150w, https:\/\/agora.xtec.cat\/escolamestralvilanova\/wp-content\/uploads\/usu729\/2021\/12\/cartell-programa-consum-fruita-hortalisses-escoles-unio-europea-750.jpg_1332006011.jpg 750w\" sizes=\"auto, (max-width: 300px) 100vw, 300px\" \/><\/a><\/p>\n<p>D&#8217;aquesta manera, els objectius s\u00f3n:<\/p>\n<ul>\n<li><em>Oferir fruita gratu\u00efta en els esmorzars i berenars dins del centre escolar.<\/em><\/li>\n<li><em>Informar sobre els beneficis de pujar el consum de fruites i verdures, i sobre la seva diversitat, trets, producci\u00f3, estacionalitat, etc.<\/em><\/li>\n<li><em>Proposar el consum de fruites com una alternativa excel\u00b7lent al consum d\u2019altres aliments amb menys qualitat nutricional.<\/em><\/li>\n<\/ul>\n","protected":false},"excerpt":{"rendered":"<p>L&#8217;escola participa al Programa &#8220;Fruita i hortalisses a les escoles&#8221;<br \/>\n\u00c9s una iniciativa de la Uni\u00f3 Europea amb l&#8217;acci\u00f3 conjunta dels departaments d\u2019Agricultura, Salut i Ensenyament.<br \/>\nEs tracta de distribuir gratu\u00eftament fruita i verdura fresca als escolars de segon cicle d\u2019educaci\u00f3 infantil i de prim\u00e0ria (infants de&hellip;  <a href=\"https:\/\/agora.xtec.cat\/escolamestralvilanova\/cursos\/fruita-i-hortalisses-a-les-escoles\/\" title=\"Read FRUITA I HORTALISSES A LES ESCOLES\">Llegeix m\u00e9s\u00bb<\/a><\/p>\n","protected":false},"author":1,"featured_media":0,"parent":636,"menu_order":0,"comment_status":"closed","ping_status":"closed","template":"page-templates\/side-menu.php","meta":{"_bbp_topic_count":0,"_bbp_reply_count":0,"_bbp_total_topic_count":0,"_bbp_total_reply_count":0,"_bbp_voice_count":0,"_bbp_anonymous_reply_count":0,"_bbp_topic_count_hidden":0,"_bbp_reply_count_hidden":0,"_bbp_forum_subforum_count":0,"footnotes":""},"class_list":["post-6302","page","type-page","status-publish","hentry"],"post_mailing_queue_ids":[],"_links":{"self":[{"href":"https:\/\/agora.xtec.cat\/escolamestralvilanova\/wp-json\/wp\/v2\/pages\/6302","targetHints":{"allow":["GET"]}}],"collection":[{"href":"https:\/\/agora.xtec.cat\/escolamestralvilanova\/wp-json\/wp\/v2\/pages"}],"about":[{"href":"https:\/\/agora.xtec.cat\/escolamestralvilanova\/wp-json\/wp\/v2\/types\/page"}],"author":[{"embeddable":true,"href":"https:\/\/agora.xtec.cat\/escolamestralvilanova\/wp-json\/wp\/v2\/users\/1"}],"replies":[{"embeddable":true,"href":"https:\/\/agora.xtec.cat\/escolamestralvilanova\/wp-json\/wp\/v2\/comments?post=6302"}],"version-history":[{"count":3,"href":"https:\/\/agora.xtec.cat\/escolamestralvilanova\/wp-json\/wp\/v2\/pages\/6302\/revisions"}],"predecessor-version":[{"id":6308,"href":"https:\/\/agora.xtec.cat\/escolamestralvilanova\/wp-json\/wp\/v2\/pages\/6302\/revisions\/6308"}],"up":[{"embeddable":true,"href":"https:\/\/agora.xtec.cat\/escolamestralvilanova\/wp-json\/wp\/v2\/pages\/636"}],"wp:attachment":[{"href":"https:\/\/agora.xtec.cat\/escolamestralvilanova\/wp-json\/wp\/v2\/media?parent=6302"}],"curies":[{"name":"wp","href":"https:\/\/api.w.org\/{rel}","templated":true}]}}

<p>L&#8217;escola participa al Programa &#8220;Fruita i hortalisses a les escoles&#8221;</p>
<p>És una iniciativa de la Unió Europea amb l&#8217;acció conjunta dels departaments d’Agricultura, Salut i Ensenyament.</p>
<p>Es tracta de distribuir gratuïtament fruita i verdura fresca als escolars de segon cicle d’educació infantil i de primària (infants de 3 a 12 anys) de centres educatius que ho demanin.</p>
<p><a href="http://agricultura.gencat.cat/ca/ambits/alimentacio/promocio-agroalimentaria/fruita-llet-escoles/fruita-escoles/"><img loading="lazy" decoding="async" class="alignnone wp-image-6303 size-medium" src="https://agora.xtec.cat/escolamestralvilanova/wp-content/uploads/usu729/2021/12/cartell-programa-consum-fruita-hortalisses-escoles-unio-europea-750.jpg_1332006011-300x300.jpg" alt="" width="300" height="300" srcset="https://agora.xtec.cat/escolamestralvilanova/wp-content/uploads/usu729/2021/12/cartell-programa-consum-fruita-hortalisses-escoles-unio-europea-750.jpg_1332006011-300x300.jpg 300w, https://agora.xtec.cat/escolamestralvilanova/wp-content/uploads/usu729/2021/12/cartell-programa-consum-fruita-hortalisses-escoles-unio-europea-750.jpg_1332006011-150x150.jpg 150w, https://agora.xtec.cat/escolamestralvilanova/wp-content/uploads/usu729/2021/12/cartell-programa-consum-fruita-hortalisses-escoles-unio-europea-750.jpg_1332006011.jpg 750w" sizes="auto, (max-width: 300px) 100vw, 300px" /></a></p>
<p>D&#8217;aquesta manera, els objectius són:</p>
<ul>
<li><em>Oferir fruita gratuïta en els esmorzars i berenars dins del centre escolar.</em></li>
<li><em>Informar sobre els beneficis de pujar el consum de fruites i verdures, i sobre la seva diversitat, trets, producció, estacionalitat, etc.</em></li>
<li><em>Proposar el consum de fruites com una alternativa excel·lent al consum d’altres aliments amb menys qualitat nutricional.</em></li>
</ul>

<p>L&#8217;escola participa al Programa &#8220;Fruita i hortalisses a les escoles&#8221;<br />
És una iniciativa de la Unió Europea amb l&#8217;acció conjunta dels departaments d’Agricultura, Salut i Ensenyament.<br />
Es tracta de distribuir gratuïtament fruita i verdura fresca als escolars de segon cicle d’educació infantil i de primària (infants de&hellip;  <a href="https://agora.xtec.cat/escolamestralvilanova/cursos/fruita-i-hortalisses-a-les-escoles/" title="Read FRUITA I HORTALISSES A LES ESCOLES">Llegeix més»</a></p>
