{"id":3494,"date":"2020-09-12T11:27:06","date_gmt":"2020-09-12T09:27:06","guid":{"rendered":"http:\/\/agora.xtec.cat\/escolamestralvilanova\/?page_id=3494"},"modified":"2025-10-09T13:46:00","modified_gmt":"2025-10-09T11:46:00","slug":"qui-som","status":"publish","type":"page","link":"https:\/\/agora.xtec.cat\/escolamestralvilanova\/lescoleta\/qui-som\/","title":{"rendered":"Qui som?"},"content":{"rendered":"<p><strong><img loading=\"lazy\" decoding=\"async\" class=\" wp-image-8883 alignright\" src=\"https:\/\/agora.xtec.cat\/escolamestralvilanova\/wp-content\/uploads\/usu729\/2023\/12\/Escut_de_Vilanova_de_la_Barca.svg_-216x300.png\" alt=\"\" width=\"64\" height=\"89\" srcset=\"https:\/\/agora.xtec.cat\/escolamestralvilanova\/wp-content\/uploads\/usu729\/2023\/12\/Escut_de_Vilanova_de_la_Barca.svg_-216x300.png 216w, https:\/\/agora.xtec.cat\/escolamestralvilanova\/wp-content\/uploads\/usu729\/2023\/12\/Escut_de_Vilanova_de_la_Barca.svg_.png 432w\" sizes=\"auto, (max-width: 64px) 100vw, 64px\" \/>NOTA: El curs 2023-2024 l&#8217;Escoleta no est\u00e0 integrada a l&#8217;escola, per tant tota la seva gesti\u00f3 dep\u00e8n exclusivament de l&#8217;Ajuntament<\/strong><\/p>\n","protected":false},"excerpt":{"rendered":"<p>NOTA: El curs 2023-2024 l&#8217;Escoleta no est\u00e0 integrada a l&#8217;escola, per tant tota la seva gesti\u00f3 dep\u00e8n exclusivament de l&#8217;Ajuntament<\/p>\n","protected":false},"author":1,"featured_media":0,"parent":3489,"menu_order":1,"comment_status":"closed","ping_status":"closed","template":"page-templates\/side-menu.php","meta":{"_bbp_topic_count":0,"_bbp_reply_count":0,"_bbp_total_topic_count":0,"_bbp_total_reply_count":0,"_bbp_voice_count":0,"_bbp_anonymous_reply_count":0,"_bbp_topic_count_hidden":0,"_bbp_reply_count_hidden":0,"_bbp_forum_subforum_count":0,"footnotes":""},"class_list":["post-3494","page","type-page","status-publish","hentry"],"post_mailing_queue_ids":[],"_links":{"self":[{"href":"https:\/\/agora.xtec.cat\/escolamestralvilanova\/wp-json\/wp\/v2\/pages\/3494","targetHints":{"allow":["GET"]}}],"collection":[{"href":"https:\/\/agora.xtec.cat\/escolamestralvilanova\/wp-json\/wp\/v2\/pages"}],"about":[{"href":"https:\/\/agora.xtec.cat\/escolamestralvilanova\/wp-json\/wp\/v2\/types\/page"}],"author":[{"embeddable":true,"href":"https:\/\/agora.xtec.cat\/escolamestralvilanova\/wp-json\/wp\/v2\/users\/1"}],"replies":[{"embeddable":true,"href":"https:\/\/agora.xtec.cat\/escolamestralvilanova\/wp-json\/wp\/v2\/comments?post=3494"}],"version-history":[{"count":6,"href":"https:\/\/agora.xtec.cat\/escolamestralvilanova\/wp-json\/wp\/v2\/pages\/3494\/revisions"}],"predecessor-version":[{"id":10080,"href":"https:\/\/agora.xtec.cat\/escolamestralvilanova\/wp-json\/wp\/v2\/pages\/3494\/revisions\/10080"}],"up":[{"embeddable":true,"href":"https:\/\/agora.xtec.cat\/escolamestralvilanova\/wp-json\/wp\/v2\/pages\/3489"}],"wp:attachment":[{"href":"https:\/\/agora.xtec.cat\/escolamestralvilanova\/wp-json\/wp\/v2\/media?parent=3494"}],"curies":[{"name":"wp","href":"https:\/\/api.w.org\/{rel}","templated":true}]}}

<p><strong><img loading="lazy" decoding="async" class=" wp-image-8883 alignright" src="https://agora.xtec.cat/escolamestralvilanova/wp-content/uploads/usu729/2023/12/Escut_de_Vilanova_de_la_Barca.svg_-216x300.png" alt="" width="64" height="89" srcset="https://agora.xtec.cat/escolamestralvilanova/wp-content/uploads/usu729/2023/12/Escut_de_Vilanova_de_la_Barca.svg_-216x300.png 216w, https://agora.xtec.cat/escolamestralvilanova/wp-content/uploads/usu729/2023/12/Escut_de_Vilanova_de_la_Barca.svg_.png 432w" sizes="auto, (max-width: 64px) 100vw, 64px" />NOTA: El curs 2023-2024 l&#8217;Escoleta no està integrada a l&#8217;escola, per tant tota la seva gestió depèn exclusivament de l&#8217;Ajuntament</strong></p>

<p>NOTA: El curs 2023-2024 l&#8217;Escoleta no està integrada a l&#8217;escola, per tant tota la seva gestió depèn exclusivament de l&#8217;Ajuntament</p>
