{"id":3420,"date":"2020-09-11T13:32:59","date_gmt":"2020-09-11T11:32:59","guid":{"rendered":"http:\/\/agora.xtec.cat\/escolamestralvilanova\/?page_id=3420"},"modified":"2025-09-23T17:56:25","modified_gmt":"2025-09-23T15:56:25","slug":"comunicacions-escola","status":"publish","type":"page","link":"https:\/\/agora.xtec.cat\/escolamestralvilanova\/lescola\/comunicacions-escola\/","title":{"rendered":"Comunicats escola"},"content":{"rendered":"<p><a href=\"https:\/\/agora.xtec.cat\/escolamestralvilanova\/comunicacions-escola\/\"><img loading=\"lazy\" decoding=\"async\" class=\"wp-image-1485 alignright\" src=\"https:\/\/agora.xtec.cat\/escolamestralvilanova\/wp-content\/uploads\/usu729\/2019\/05\/bombeta-288x300.png\" alt=\"\" width=\"132\" height=\"137\" srcset=\"https:\/\/agora.xtec.cat\/escolamestralvilanova\/wp-content\/uploads\/usu729\/2019\/05\/bombeta-288x300.png 288w, https:\/\/agora.xtec.cat\/escolamestralvilanova\/wp-content\/uploads\/usu729\/2019\/05\/bombeta.png 512w\" sizes=\"auto, (max-width: 132px) 100vw, 132px\" \/><\/a>A continuaci\u00f3, adjuntem els diferents comunicats que s&#8217;han realitzat des de l&#8217;escola al llarg del curs 2025-2026:<\/p>\n<ul>\n<li><a href=\"https:\/\/agora.xtec.cat\/escolamestralvilanova\/wp-content\/uploads\/usu729\/2025\/03\/Triptic-Mestral-2025.pdf\">LA NOSTRA ESCOLA<\/a><\/li>\n<li><a href=\"https:\/\/agora.xtec.cat\/escolamestralvilanova\/wp-content\/uploads\/usu729\/2025\/09\/20250901_Informacions-Inici-de-curs.pdf\">INFORMACI\u00d3 INICI DE CURS 25-26<\/a><\/li>\n<li><a href=\"https:\/\/agora.xtec.cat\/escolamestralvilanova\/wp-content\/uploads\/usu729\/2025\/07\/INFOGRAFIA-Curs-2025-2026.pdf\">INFOGRAFIA INICI DE CURS 25-26<\/a><\/li>\n<li><a href=\"https:\/\/agora.xtec.cat\/escolamestralvilanova\/wp-content\/uploads\/usu729\/2025\/09\/DIPTIC-REUNIO-FAMILIES-2526-2_compressed.pdf\">D\u00cdPTIC REUNI\u00d3 FAM\u00cdLIES<\/a><\/li>\n<li><a href=\"https:\/\/agora.xtec.cat\/escolamestralvilanova\/wp-content\/uploads\/usu729\/2025\/09\/CRITERIS-SANITARIS-ASSISTENCIA-ESCOLA-2_compressed.pdf\">INFOGRAFIA CRITERIS SANITARIS D&#8217;ASSIST\u00c8NCIA AL CENTRE<\/a><\/li>\n<\/ul>\n<p>&nbsp;<\/p>\n","protected":false},"excerpt":{"rendered":"<p><a href=\"https:\/\/agora.xtec.cat\/escolamestralvilanova\/comunicacions-escola\/\"><\/a>A continuaci\u00f3, adjuntem els diferents comunicats que s&#8217;han realitzat des de l&#8217;escola al llarg del curs 2025-2026:<\/p>\n<ul>\n<li><a href=\"https:\/\/agora.xtec.cat\/escolamestralvilanova\/wp-content\/uploads\/usu729\/2025\/03\/Triptic-Mestral-2025.pdf\">LA NOSTRA ESCOLA<\/a><\/li>\n<li><a href=\"https:\/\/agora.xtec.cat\/escolamestralvilanova\/wp-content\/uploads\/usu729\/2025\/09\/20250901_Informacions-Inici-de-curs.pdf\">INFORMACI\u00d3 INICI DE CURS 25-26<\/a><\/li>\n<li><a href=\"https:\/\/agora.xtec.cat\/escolamestralvilanova\/wp-content\/uploads\/usu729\/2025\/07\/INFOGRAFIA-Curs-2025-2026.pdf\">INFOGRAFIA INICI DE CURS 25-26<\/a><\/li>\n<li><a href=\"https:\/\/agora.xtec.cat\/escolamestralvilanova\/wp-content\/uploads\/usu729\/2025\/09\/DIPTIC-REUNIO-FAMILIES-2526-2_compressed.pdf\">D\u00cdPTIC REUNI\u00d3 FAM\u00cdLIES<\/a><\/li>\n<li><a href=\"https:\/\/agora.xtec.cat\/escolamestralvilanova\/wp-content\/uploads\/usu729\/2025\/09\/CRITERIS-SANITARIS-ASSISTENCIA-ESCOLA-2_compressed.pdf\">INFOGRAFIA CRITERIS SANITARIS D&#8217;ASSIST\u00c8NCIA AL CENTRE<\/a><\/li>\n<\/ul>\n<p>&nbsp;<\/p>\n","protected":false},"author":1,"featured_media":0,"parent":22,"menu_order":13,"comment_status":"closed","ping_status":"closed","template":"page-templates\/side-menu.php","meta":{"_bbp_topic_count":0,"_bbp_reply_count":0,"_bbp_total_topic_count":0,"_bbp_total_reply_count":0,"_bbp_voice_count":0,"_bbp_anonymous_reply_count":0,"_bbp_topic_count_hidden":0,"_bbp_reply_count_hidden":0,"_bbp_forum_subforum_count":0,"footnotes":""},"class_list":["post-3420","page","type-page","status-publish","hentry"],"post_mailing_queue_ids":[],"_links":{"self":[{"href":"https:\/\/agora.xtec.cat\/escolamestralvilanova\/wp-json\/wp\/v2\/pages\/3420","targetHints":{"allow":["GET"]}}],"collection":[{"href":"https:\/\/agora.xtec.cat\/escolamestralvilanova\/wp-json\/wp\/v2\/pages"}],"about":[{"href":"https:\/\/agora.xtec.cat\/escolamestralvilanova\/wp-json\/wp\/v2\/types\/page"}],"author":[{"embeddable":true,"href":"https:\/\/agora.xtec.cat\/escolamestralvilanova\/wp-json\/wp\/v2\/users\/1"}],"replies":[{"embeddable":true,"href":"https:\/\/agora.xtec.cat\/escolamestralvilanova\/wp-json\/wp\/v2\/comments?post=3420"}],"version-history":[{"count":6,"href":"https:\/\/agora.xtec.cat\/escolamestralvilanova\/wp-json\/wp\/v2\/pages\/3420\/revisions"}],"predecessor-version":[{"id":9970,"href":"https:\/\/agora.xtec.cat\/escolamestralvilanova\/wp-json\/wp\/v2\/pages\/3420\/revisions\/9970"}],"up":[{"embeddable":true,"href":"https:\/\/agora.xtec.cat\/escolamestralvilanova\/wp-json\/wp\/v2\/pages\/22"}],"wp:attachment":[{"href":"https:\/\/agora.xtec.cat\/escolamestralvilanova\/wp-json\/wp\/v2\/media?parent=3420"}],"curies":[{"name":"wp","href":"https:\/\/api.w.org\/{rel}","templated":true}]}}

<p><a href="https://agora.xtec.cat/escolamestralvilanova/comunicacions-escola/"><img loading="lazy" decoding="async" class="wp-image-1485 alignright" src="https://agora.xtec.cat/escolamestralvilanova/wp-content/uploads/usu729/2019/05/bombeta-288x300.png" alt="" width="132" height="137" srcset="https://agora.xtec.cat/escolamestralvilanova/wp-content/uploads/usu729/2019/05/bombeta-288x300.png 288w, https://agora.xtec.cat/escolamestralvilanova/wp-content/uploads/usu729/2019/05/bombeta.png 512w" sizes="auto, (max-width: 132px) 100vw, 132px" /></a>A continuació, adjuntem els diferents comunicats que s&#8217;han realitzat des de l&#8217;escola al llarg del curs 2025-2026:</p>
<ul>
<li><a href="https://agora.xtec.cat/escolamestralvilanova/wp-content/uploads/usu729/2025/03/Triptic-Mestral-2025.pdf">LA NOSTRA ESCOLA</a></li>
<li><a href="https://agora.xtec.cat/escolamestralvilanova/wp-content/uploads/usu729/2025/09/20250901_Informacions-Inici-de-curs.pdf">INFORMACIÓ INICI DE CURS 25-26</a></li>
<li><a href="https://agora.xtec.cat/escolamestralvilanova/wp-content/uploads/usu729/2025/07/INFOGRAFIA-Curs-2025-2026.pdf">INFOGRAFIA INICI DE CURS 25-26</a></li>
<li><a href="https://agora.xtec.cat/escolamestralvilanova/wp-content/uploads/usu729/2025/09/DIPTIC-REUNIO-FAMILIES-2526-2_compressed.pdf">DÍPTIC REUNIÓ FAMÍLIES</a></li>
<li><a href="https://agora.xtec.cat/escolamestralvilanova/wp-content/uploads/usu729/2025/09/CRITERIS-SANITARIS-ASSISTENCIA-ESCOLA-2_compressed.pdf">INFOGRAFIA CRITERIS SANITARIS D&#8217;ASSISTÈNCIA AL CENTRE</a></li>
</ul>
<p>&nbsp;</p>

<p><a href="https://agora.xtec.cat/escolamestralvilanova/comunicacions-escola/"></a>A continuació, adjuntem els diferents comunicats que s&#8217;han realitzat des de l&#8217;escola al llarg del curs 2025-2026:</p>
<ul>
<li><a href="https://agora.xtec.cat/escolamestralvilanova/wp-content/uploads/usu729/2025/03/Triptic-Mestral-2025.pdf">LA NOSTRA ESCOLA</a></li>
<li><a href="https://agora.xtec.cat/escolamestralvilanova/wp-content/uploads/usu729/2025/09/20250901_Informacions-Inici-de-curs.pdf">INFORMACIÓ INICI DE CURS 25-26</a></li>
<li><a href="https://agora.xtec.cat/escolamestralvilanova/wp-content/uploads/usu729/2025/07/INFOGRAFIA-Curs-2025-2026.pdf">INFOGRAFIA INICI DE CURS 25-26</a></li>
<li><a href="https://agora.xtec.cat/escolamestralvilanova/wp-content/uploads/usu729/2025/09/DIPTIC-REUNIO-FAMILIES-2526-2_compressed.pdf">DÍPTIC REUNIÓ FAMÍLIES</a></li>
<li><a href="https://agora.xtec.cat/escolamestralvilanova/wp-content/uploads/usu729/2025/09/CRITERIS-SANITARIS-ASSISTENCIA-ESCOLA-2_compressed.pdf">INFOGRAFIA CRITERIS SANITARIS D&#8217;ASSISTÈNCIA AL CENTRE</a></li>
</ul>
<p>&nbsp;</p>
