{"id":4669,"date":"2023-01-25T13:45:13","date_gmt":"2023-01-25T12:45:13","guid":{"rendered":"https:\/\/agora.xtec.cat\/escolamestralvila-seca\/?page_id=4669"},"modified":"2025-01-14T13:11:47","modified_gmt":"2025-01-14T12:11:47","slug":"pla-catala-de-lesport","status":"publish","type":"page","link":"https:\/\/agora.xtec.cat\/escolamestralvila-seca\/projectes-i-plans-de-centre\/pla-catala-de-lesport\/","title":{"rendered":"Pla Catal\u00e0 de l&#8217;Esport a l&#8217;Escola"},"content":{"rendered":"<p style=\"text-align: center;\"><strong>AQUEST CURS 24-25 HEM INICIAT DINS DEL PLA CATAL\u00c0 DE L&#8217;ESPORT I AMB LA COL\u00b7LABORACI\u00d3 DEL CLUB D&#8217;ATLETISME VILA-SECA L&#8217;ACTIVITAT EXTRAESCOLAR D&#8217;ATLETISME.\u00a0<\/strong><\/p>\n<p>El Pla pret\u00e9n posar a l&#8217;abast de tots els alumnes de prim\u00e0ria i secund\u00e0ria la pr\u00e0ctica d&#8217;activitats f\u00edsiques i esportives, i aprofitar el gran potencial d&#8217;aquestes activitats per contribuir a la formaci\u00f3 personal i c\u00edvica dels nostres infants i joves.<\/p>\n<p>Els seus objectius son:<\/p>\n<ul>\n<li>Incrementar la participaci\u00f3 en activitats f\u00edsiques i esportives en horari no lectiu de l&#8217;alumnat dels centres educatius de prim\u00e0ria i de secund\u00e0ria, amb una incid\u00e8ncia especial en el col\u00b7lectiu de noies.<\/li>\n<li>Aprofitar el gran potencial educatiu i formatiu de les activitats f\u00edsiques i esportives, cercant la participaci\u00f3 per damunt de la competitivitat.<\/li>\n<li>Potenciar la funci\u00f3 integradora i de cohesi\u00f3 social de l&#8217;esport escolar, facilitant l&#8217;acc\u00e9s de tots els nens i nenes a la pr\u00e0ctica esportiva escolar, i en especial dels nouvinguts.<\/li>\n<li>Contribuir mitjan\u00e7ant la pr\u00e0ctica esportiva a la formaci\u00f3 en valors com la toler\u00e0ncia, el respecte als altres i a les regles, la confian\u00e7a en un mateix, l&#8217;esfor\u00e7 de superaci\u00f3, l&#8217;autocr\u00edtica, l&#8217;autonomia, la capacitat de decisi\u00f3, l&#8217;autogesti\u00f3, la cooperaci\u00f3, el treball en equip, entre d&#8217;altres.<\/li>\n<li>Fomentar la pr\u00e0ctica regular d&#8217;activitats f\u00edsiques i esportives i l&#8217;adquisici\u00f3 d&#8217;h\u00e0bits saludables que contribueixin a un millor benestar.<\/li>\n<li>Formar joves en els valors ciutadans mitjan\u00e7ant la seva participaci\u00f3 activa en la gesti\u00f3 de les associacions esportives escolars de nova creaci\u00f3.<\/li>\n<\/ul>\n","protected":false},"excerpt":{"rendered":"<p>AQUEST CURS 24-25 HEM INICIAT DINS DEL PLA CATAL\u00c0 DE L&#8217;ESPORT I AMB LA COL\u00b7LABORACI\u00d3 DEL CLUB D&#8217;ATLETISME VILA-SECA L&#8217;ACTIVITAT EXTRAESCOLAR D&#8217;ATLETISME.\u00a0<br \/>\nEl Pla pret\u00e9n posar a l&#8217;abast de tots els alumnes de prim\u00e0ria i secund\u00e0ria la pr\u00e0ctica d&#8217;activitats f\u00edsiques i esportives, i aprofitar el gran&hellip;  <a href=\"https:\/\/agora.xtec.cat\/escolamestralvila-seca\/projectes-i-plans-de-centre\/pla-catala-de-lesport\/\" title=\"Read Pla Catal\u00e0 de l&#8217;Esport a l&#8217;Escola\">Llegeix m\u00e9s\u00bb<\/a><\/p>\n","protected":false},"author":3,"featured_media":0,"parent":4592,"menu_order":60,"comment_status":"closed","ping_status":"closed","template":"page-templates\/side-menu.php","meta":{"_bbp_topic_count":0,"_bbp_reply_count":0,"_bbp_total_topic_count":0,"_bbp_total_reply_count":0,"_bbp_voice_count":0,"_bbp_anonymous_reply_count":0,"_bbp_topic_count_hidden":0,"_bbp_reply_count_hidden":0,"_bbp_forum_subforum_count":0,"footnotes":""},"class_list":["post-4669","page","type-page","status-publish","hentry"],"post_mailing_queue_ids":[],"_links":{"self":[{"href":"https:\/\/agora.xtec.cat\/escolamestralvila-seca\/wp-json\/wp\/v2\/pages\/4669","targetHints":{"allow":["GET"]}}],"collection":[{"href":"https:\/\/agora.xtec.cat\/escolamestralvila-seca\/wp-json\/wp\/v2\/pages"}],"about":[{"href":"https:\/\/agora.xtec.cat\/escolamestralvila-seca\/wp-json\/wp\/v2\/types\/page"}],"author":[{"embeddable":true,"href":"https:\/\/agora.xtec.cat\/escolamestralvila-seca\/wp-json\/wp\/v2\/users\/3"}],"replies":[{"embeddable":true,"href":"https:\/\/agora.xtec.cat\/escolamestralvila-seca\/wp-json\/wp\/v2\/comments?post=4669"}],"version-history":[{"count":3,"href":"https:\/\/agora.xtec.cat\/escolamestralvila-seca\/wp-json\/wp\/v2\/pages\/4669\/revisions"}],"predecessor-version":[{"id":5149,"href":"https:\/\/agora.xtec.cat\/escolamestralvila-seca\/wp-json\/wp\/v2\/pages\/4669\/revisions\/5149"}],"up":[{"embeddable":true,"href":"https:\/\/agora.xtec.cat\/escolamestralvila-seca\/wp-json\/wp\/v2\/pages\/4592"}],"wp:attachment":[{"href":"https:\/\/agora.xtec.cat\/escolamestralvila-seca\/wp-json\/wp\/v2\/media?parent=4669"}],"curies":[{"name":"wp","href":"https:\/\/api.w.org\/{rel}","templated":true}]}}

Pla Català de l&#8217;Esport a l&#8217;Escola

<p style="text-align: center;"><strong>AQUEST CURS 24-25 HEM INICIAT DINS DEL PLA CATALÀ DE L&#8217;ESPORT I AMB LA COL·LABORACIÓ DEL CLUB D&#8217;ATLETISME VILA-SECA L&#8217;ACTIVITAT EXTRAESCOLAR D&#8217;ATLETISME. </strong></p>
<p>El Pla pretén posar a l&#8217;abast de tots els alumnes de primària i secundària la pràctica d&#8217;activitats físiques i esportives, i aprofitar el gran potencial d&#8217;aquestes activitats per contribuir a la formació personal i cívica dels nostres infants i joves.</p>
<p>Els seus objectius son:</p>
<ul>
<li>Incrementar la participació en activitats físiques i esportives en horari no lectiu de l&#8217;alumnat dels centres educatius de primària i de secundària, amb una incidència especial en el col·lectiu de noies.</li>
<li>Aprofitar el gran potencial educatiu i formatiu de les activitats físiques i esportives, cercant la participació per damunt de la competitivitat.</li>
<li>Potenciar la funció integradora i de cohesió social de l&#8217;esport escolar, facilitant l&#8217;accés de tots els nens i nenes a la pràctica esportiva escolar, i en especial dels nouvinguts.</li>
<li>Contribuir mitjançant la pràctica esportiva a la formació en valors com la tolerància, el respecte als altres i a les regles, la confiança en un mateix, l&#8217;esforç de superació, l&#8217;autocrítica, l&#8217;autonomia, la capacitat de decisió, l&#8217;autogestió, la cooperació, el treball en equip, entre d&#8217;altres.</li>
<li>Fomentar la pràctica regular d&#8217;activitats físiques i esportives i l&#8217;adquisició d&#8217;hàbits saludables que contribueixin a un millor benestar.</li>
<li>Formar joves en els valors ciutadans mitjançant la seva participació activa en la gestió de les associacions esportives escolars de nova creació.</li>
</ul>

<p>AQUEST CURS 24-25 HEM INICIAT DINS DEL PLA CATALÀ DE L&#8217;ESPORT I AMB LA COL·LABORACIÓ DEL CLUB D&#8217;ATLETISME VILA-SECA L&#8217;ACTIVITAT EXTRAESCOLAR D&#8217;ATLETISME. <br />
El Pla pretén posar a l&#8217;abast de tots els alumnes de primària i secundària la pràctica d&#8217;activitats físiques i esportives, i aprofitar el gran&hellip;  <a href="https://agora.xtec.cat/escolamestralvila-seca/projectes-i-plans-de-centre/pla-catala-de-lesport/" title="Read Pla Català de l&#8217;Esport a l&#8217;Escola">Llegeix més»</a></p>
