{"id":4667,"date":"2023-01-25T13:44:35","date_gmt":"2023-01-25T12:44:35","guid":{"rendered":"https:\/\/agora.xtec.cat\/escolamestralvila-seca\/?page_id=4667"},"modified":"2023-02-27T12:23:41","modified_gmt":"2023-02-27T11:23:41","slug":"programa-de-reutilitzacio-de-llibres","status":"publish","type":"page","link":"https:\/\/agora.xtec.cat\/escolamestralvila-seca\/projectes-i-plans-de-centre\/programa-de-reutilitzacio-de-llibres\/","title":{"rendered":"Programa de reutilitzaci\u00f3 de llibres"},"content":{"rendered":"<p>A trav\u00e9s de la subvenci\u00f3 anual de l&#8217;Ajuntament de Vila-seca a l&#8217;escola disposem de llibres de reutilitzaci\u00f3, llic\u00e8ncies digitals i materials did\u00e0ctics curriculars per a tots els nostres infants de prim\u00e0ria. D&#8217;aquestes maneres les nostres fam\u00edlies s&#8217;estalvien aquesta despesa econ\u00f2mica i tots sortim beneficiats.<\/p>\n","protected":false},"excerpt":{"rendered":"<p>A trav\u00e9s de la subvenci\u00f3 anual de l&#8217;Ajuntament de Vila-seca a l&#8217;escola disposem de llibres de reutilitzaci\u00f3, llic\u00e8ncies digitals i materials did\u00e0ctics curriculars per a tots els nostres infants de prim\u00e0ria. D&#8217;aquestes maneres les nostres fam\u00edlies s&#8217;estalvien aquesta despesa econ\u00f2mica i tots sortim beneficiats.<\/p>\n","protected":false},"author":3,"featured_media":0,"parent":4592,"menu_order":130,"comment_status":"closed","ping_status":"closed","template":"page-templates\/side-menu.php","meta":{"_bbp_topic_count":0,"_bbp_reply_count":0,"_bbp_total_topic_count":0,"_bbp_total_reply_count":0,"_bbp_voice_count":0,"_bbp_anonymous_reply_count":0,"_bbp_topic_count_hidden":0,"_bbp_reply_count_hidden":0,"_bbp_forum_subforum_count":0,"footnotes":""},"class_list":["post-4667","page","type-page","status-publish","hentry"],"post_mailing_queue_ids":[],"_links":{"self":[{"href":"https:\/\/agora.xtec.cat\/escolamestralvila-seca\/wp-json\/wp\/v2\/pages\/4667","targetHints":{"allow":["GET"]}}],"collection":[{"href":"https:\/\/agora.xtec.cat\/escolamestralvila-seca\/wp-json\/wp\/v2\/pages"}],"about":[{"href":"https:\/\/agora.xtec.cat\/escolamestralvila-seca\/wp-json\/wp\/v2\/types\/page"}],"author":[{"embeddable":true,"href":"https:\/\/agora.xtec.cat\/escolamestralvila-seca\/wp-json\/wp\/v2\/users\/3"}],"replies":[{"embeddable":true,"href":"https:\/\/agora.xtec.cat\/escolamestralvila-seca\/wp-json\/wp\/v2\/comments?post=4667"}],"version-history":[{"count":2,"href":"https:\/\/agora.xtec.cat\/escolamestralvila-seca\/wp-json\/wp\/v2\/pages\/4667\/revisions"}],"predecessor-version":[{"id":5000,"href":"https:\/\/agora.xtec.cat\/escolamestralvila-seca\/wp-json\/wp\/v2\/pages\/4667\/revisions\/5000"}],"up":[{"embeddable":true,"href":"https:\/\/agora.xtec.cat\/escolamestralvila-seca\/wp-json\/wp\/v2\/pages\/4592"}],"wp:attachment":[{"href":"https:\/\/agora.xtec.cat\/escolamestralvila-seca\/wp-json\/wp\/v2\/media?parent=4667"}],"curies":[{"name":"wp","href":"https:\/\/api.w.org\/{rel}","templated":true}]}}

Programa de reutilització de llibres

<p>A través de la subvenció anual de l&#8217;Ajuntament de Vila-seca a l&#8217;escola disposem de llibres de reutilització, llicències digitals i materials didàctics curriculars per a tots els nostres infants de primària. D&#8217;aquestes maneres les nostres famílies s&#8217;estalvien aquesta despesa econòmica i tots sortim beneficiats.</p>
