{"id":4663,"date":"2023-01-25T13:42:41","date_gmt":"2023-01-25T12:42:41","guid":{"rendered":"https:\/\/agora.xtec.cat\/escolamestralvila-seca\/?page_id=4663"},"modified":"2023-02-27T12:04:20","modified_gmt":"2023-02-27T11:04:20","slug":"fem-infants-conscients","status":"publish","type":"page","link":"https:\/\/agora.xtec.cat\/escolamestralvila-seca\/projectes-i-plans-de-centre\/fem-infants-conscients\/","title":{"rendered":"Fem infants conscients"},"content":{"rendered":"<p><span style=\"font-weight: 400;\">Fa temps que sabem que la pr\u00e0ctica d\u2019un sistema com el ioga aporta tranquil\u00b7litat, flexibilitat, coneixement de nosaltres mateixos i pau interior. Tots aquests beneficis de la pr\u00e0ctica habitual, poden donar-se tamb\u00e9 als m\u00e9s petits.<\/span><\/p>\n<p><span style=\"font-weight: 400;\">El ioga \u00e9s una activitat que es pot adaptar a nens de qualsevol edat: des de molt petits, la mare o el pare poden comen\u00e7ar a practicar-lo amb el nad\u00f3 i de mica en mica anar evolucionant amb el nen a mesura que creix. Podem pensar que \u00e9s una activitat per a nens tranquils, per\u00f2 s&#8217;adapta a nens m\u00e9s nerviosos i els pot ajudar molt a tranquil\u00b7litzar-se i fer que es diverteixin alhora.<\/span><\/p>\n<p><span style=\"font-weight: 400;\">El ioga \u00e9s originari de l&#8217;\u00cdndia i vol dir \u201cuni\u00f3\u201d, perqu\u00e8 es produeix una connexi\u00f3 amb el nostre \u00e9sser interior, ja que aprenem a con\u00e8ixer-nos i a estimar-nos, i perqu\u00e8 es d\u00f3na una segona connexi\u00f3 amb l&#8217;exterior, ja que s&#8217;apr\u00e8n a estar en harmonia amb l&#8217;entorn.<\/span><\/p>\n<p><span style=\"font-weight: 400;\">Descobreix el ioga per a nens!<\/span><\/p>\n","protected":false},"excerpt":{"rendered":"<p>Fa temps que sabem que la pr\u00e0ctica d\u2019un sistema com el ioga aporta tranquil\u00b7litat, flexibilitat, coneixement de nosaltres mateixos i pau interior. Tots aquests beneficis de la pr\u00e0ctica habitual, poden donar-se tamb\u00e9 als m\u00e9s petits.<br \/>\nEl ioga \u00e9s una activitat que es pot adaptar a nens&hellip;  <a href=\"https:\/\/agora.xtec.cat\/escolamestralvila-seca\/projectes-i-plans-de-centre\/fem-infants-conscients\/\" title=\"Read Fem infants conscients\">Llegeix m\u00e9s\u00bb<\/a><\/p>\n","protected":false},"author":3,"featured_media":0,"parent":4592,"menu_order":80,"comment_status":"closed","ping_status":"closed","template":"page-templates\/side-menu.php","meta":{"_bbp_topic_count":0,"_bbp_reply_count":0,"_bbp_total_topic_count":0,"_bbp_total_reply_count":0,"_bbp_voice_count":0,"_bbp_anonymous_reply_count":0,"_bbp_topic_count_hidden":0,"_bbp_reply_count_hidden":0,"_bbp_forum_subforum_count":0,"footnotes":""},"class_list":["post-4663","page","type-page","status-publish","hentry"],"post_mailing_queue_ids":[],"_links":{"self":[{"href":"https:\/\/agora.xtec.cat\/escolamestralvila-seca\/wp-json\/wp\/v2\/pages\/4663","targetHints":{"allow":["GET"]}}],"collection":[{"href":"https:\/\/agora.xtec.cat\/escolamestralvila-seca\/wp-json\/wp\/v2\/pages"}],"about":[{"href":"https:\/\/agora.xtec.cat\/escolamestralvila-seca\/wp-json\/wp\/v2\/types\/page"}],"author":[{"embeddable":true,"href":"https:\/\/agora.xtec.cat\/escolamestralvila-seca\/wp-json\/wp\/v2\/users\/3"}],"replies":[{"embeddable":true,"href":"https:\/\/agora.xtec.cat\/escolamestralvila-seca\/wp-json\/wp\/v2\/comments?post=4663"}],"version-history":[{"count":2,"href":"https:\/\/agora.xtec.cat\/escolamestralvila-seca\/wp-json\/wp\/v2\/pages\/4663\/revisions"}],"predecessor-version":[{"id":4996,"href":"https:\/\/agora.xtec.cat\/escolamestralvila-seca\/wp-json\/wp\/v2\/pages\/4663\/revisions\/4996"}],"up":[{"embeddable":true,"href":"https:\/\/agora.xtec.cat\/escolamestralvila-seca\/wp-json\/wp\/v2\/pages\/4592"}],"wp:attachment":[{"href":"https:\/\/agora.xtec.cat\/escolamestralvila-seca\/wp-json\/wp\/v2\/media?parent=4663"}],"curies":[{"name":"wp","href":"https:\/\/api.w.org\/{rel}","templated":true}]}}

<p><span style="font-weight: 400;">Fa temps que sabem que la pràctica d’un sistema com el ioga aporta tranquil·litat, flexibilitat, coneixement de nosaltres mateixos i pau interior. Tots aquests beneficis de la pràctica habitual, poden donar-se també als més petits.</span></p>
<p><span style="font-weight: 400;">El ioga és una activitat que es pot adaptar a nens de qualsevol edat: des de molt petits, la mare o el pare poden començar a practicar-lo amb el nadó i de mica en mica anar evolucionant amb el nen a mesura que creix. Podem pensar que és una activitat per a nens tranquils, però s&#8217;adapta a nens més nerviosos i els pot ajudar molt a tranquil·litzar-se i fer que es diverteixin alhora.</span></p>
<p><span style="font-weight: 400;">El ioga és originari de l&#8217;Índia i vol dir “unió”, perquè es produeix una connexió amb el nostre ésser interior, ja que aprenem a conèixer-nos i a estimar-nos, i perquè es dóna una segona connexió amb l&#8217;exterior, ja que s&#8217;aprèn a estar en harmonia amb l&#8217;entorn.</span></p>
<p><span style="font-weight: 400;">Descobreix el ioga per a nens!</span></p>

<p>Fa temps que sabem que la pràctica d’un sistema com el ioga aporta tranquil·litat, flexibilitat, coneixement de nosaltres mateixos i pau interior. Tots aquests beneficis de la pràctica habitual, poden donar-se també als més petits.<br />
El ioga és una activitat que es pot adaptar a nens&hellip;  <a href="https://agora.xtec.cat/escolamestralvila-seca/projectes-i-plans-de-centre/fem-infants-conscients/" title="Read Fem infants conscients">Llegeix més»</a></p>
