{"id":4658,"date":"2023-01-25T13:38:28","date_gmt":"2023-01-25T12:38:28","guid":{"rendered":"https:\/\/agora.xtec.cat\/escolamestralvila-seca\/?page_id=4658"},"modified":"2023-02-16T18:02:55","modified_gmt":"2023-02-16T17:02:55","slug":"lletra-separada","status":"publish","type":"page","link":"https:\/\/agora.xtec.cat\/escolamestralvila-seca\/projectes-i-plans-de-centre\/lletra-separada\/","title":{"rendered":"Lletra separada"},"content":{"rendered":"<p>A l&#8217;escola Mestral els nens i nenes comencen a aprendre a llegir i escriure amb les lletres de pal (maj\u00fascules) i despr\u00e9s ja passen a la lletra separada. Perqu\u00e8? despr\u00e9s d&#8217;informar-nos i visitar altres escoles que feien servir aquest m\u00e8tode vam arribar a la conclusi\u00f3 que no era obligatori passar per la lletra lligada. A la vida real, a l&#8217;entorn m\u00e9s proper dels nostres alumnes no trobem res escrit en lletra lligada. La lletra separada \u00e9s una lletra m\u00e9s actual. Est\u00e0 a tot arreu: ordinador, diaris&#8230; Es poden escriure gaireb\u00e9 totes les lletres nom\u00e9s aprenent a \u201cdibuixar\u201d un cercle i un pal. \u00c9s la lletra que a llarg termini utilitzaran m\u00e9s. A segon de prim\u00e0ria els llibres ja s\u00f3n amb lletra separada, per tant, aprenen a I5 per utilitzar-la a primer i a partir de segon ja la personalitzen. A m\u00e9s a m\u00e9s, per a molts infants el pas a la lletra lligada era dur i podria causar algun tipus de bloqueig. El que nosaltres volem \u00e9s que \u2019expressin i no tinguin por d\u2019escriure.<\/p>\n<p>Alguns dels autors\/es que corroboren aquest projecte:<\/p>\n<ul>\n<li>L\u2019aprenentatge de la lletra script \u00e9s m\u00e9s f\u00e0cil. Voorhis (Dottrens, 1950)<\/li>\n<li>La lletra script \u00e9s m\u00e9s r\u00edtmica. Voorhis (Dottrens, 1950).<\/li>\n<li>L\u2019escriptura script \u00e9s m\u00e9s llegible que la cursiva. Gray, 1957.<\/li>\n<li>La simplicitat de la forma dels car\u00e0cters script permet satisfer el desig d\u2019escriure dels nens petits. Teberosky, 1991.<\/li>\n<\/ul>\n","protected":false},"excerpt":{"rendered":"<p>A l&#8217;escola Mestral els nens i nenes comencen a aprendre a llegir i escriure amb les lletres de pal (maj\u00fascules) i despr\u00e9s ja passen a la lletra separada. Perqu\u00e8? despr\u00e9s d&#8217;informar-nos i visitar altres escoles que feien servir aquest m\u00e8tode vam arribar a la conclusi\u00f3&hellip;  <a href=\"https:\/\/agora.xtec.cat\/escolamestralvila-seca\/projectes-i-plans-de-centre\/lletra-separada\/\" title=\"Read Lletra separada\">Llegeix m\u00e9s\u00bb<\/a><\/p>\n","protected":false},"author":3,"featured_media":0,"parent":4592,"menu_order":90,"comment_status":"closed","ping_status":"closed","template":"page-templates\/side-menu.php","meta":{"_bbp_topic_count":0,"_bbp_reply_count":0,"_bbp_total_topic_count":0,"_bbp_total_reply_count":0,"_bbp_voice_count":0,"_bbp_anonymous_reply_count":0,"_bbp_topic_count_hidden":0,"_bbp_reply_count_hidden":0,"_bbp_forum_subforum_count":0,"footnotes":""},"class_list":["post-4658","page","type-page","status-publish","hentry"],"post_mailing_queue_ids":[],"_links":{"self":[{"href":"https:\/\/agora.xtec.cat\/escolamestralvila-seca\/wp-json\/wp\/v2\/pages\/4658","targetHints":{"allow":["GET"]}}],"collection":[{"href":"https:\/\/agora.xtec.cat\/escolamestralvila-seca\/wp-json\/wp\/v2\/pages"}],"about":[{"href":"https:\/\/agora.xtec.cat\/escolamestralvila-seca\/wp-json\/wp\/v2\/types\/page"}],"author":[{"embeddable":true,"href":"https:\/\/agora.xtec.cat\/escolamestralvila-seca\/wp-json\/wp\/v2\/users\/3"}],"replies":[{"embeddable":true,"href":"https:\/\/agora.xtec.cat\/escolamestralvila-seca\/wp-json\/wp\/v2\/comments?post=4658"}],"version-history":[{"count":4,"href":"https:\/\/agora.xtec.cat\/escolamestralvila-seca\/wp-json\/wp\/v2\/pages\/4658\/revisions"}],"predecessor-version":[{"id":4968,"href":"https:\/\/agora.xtec.cat\/escolamestralvila-seca\/wp-json\/wp\/v2\/pages\/4658\/revisions\/4968"}],"up":[{"embeddable":true,"href":"https:\/\/agora.xtec.cat\/escolamestralvila-seca\/wp-json\/wp\/v2\/pages\/4592"}],"wp:attachment":[{"href":"https:\/\/agora.xtec.cat\/escolamestralvila-seca\/wp-json\/wp\/v2\/media?parent=4658"}],"curies":[{"name":"wp","href":"https:\/\/api.w.org\/{rel}","templated":true}]}}

<p>A l&#8217;escola Mestral els nens i nenes comencen a aprendre a llegir i escriure amb les lletres de pal (majúscules) i després ja passen a la lletra separada. Perquè? després d&#8217;informar-nos i visitar altres escoles que feien servir aquest mètode vam arribar a la conclusió que no era obligatori passar per la lletra lligada. A la vida real, a l&#8217;entorn més proper dels nostres alumnes no trobem res escrit en lletra lligada. La lletra separada és una lletra més actual. Està a tot arreu: ordinador, diaris&#8230; Es poden escriure gairebé totes les lletres només aprenent a “dibuixar” un cercle i un pal. És la lletra que a llarg termini utilitzaran més. A segon de primària els llibres ja són amb lletra separada, per tant, aprenen a I5 per utilitzar-la a primer i a partir de segon ja la personalitzen. A més a més, per a molts infants el pas a la lletra lligada era dur i podria causar algun tipus de bloqueig. El que nosaltres volem és que ’expressin i no tinguin por d’escriure.</p>
<p>Alguns dels autors/es que corroboren aquest projecte:</p>
<ul>
<li>L’aprenentatge de la lletra script és més fàcil. Voorhis (Dottrens, 1950)</li>
<li>La lletra script és més rítmica. Voorhis (Dottrens, 1950).</li>
<li>L’escriptura script és més llegible que la cursiva. Gray, 1957.</li>
<li>La simplicitat de la forma dels caràcters script permet satisfer el desig d’escriure dels nens petits. Teberosky, 1991.</li>
</ul>

<p>A l&#8217;escola Mestral els nens i nenes comencen a aprendre a llegir i escriure amb les lletres de pal (majúscules) i després ja passen a la lletra separada. Perquè? després d&#8217;informar-nos i visitar altres escoles que feien servir aquest mètode vam arribar a la conclusió&hellip;  <a href="https://agora.xtec.cat/escolamestralvila-seca/projectes-i-plans-de-centre/lletra-separada/" title="Read Lletra separada">Llegeix més»</a></p>
