{"id":4656,"date":"2023-01-25T13:37:55","date_gmt":"2023-01-25T12:37:55","guid":{"rendered":"https:\/\/agora.xtec.cat\/escolamestralvila-seca\/?page_id=4656"},"modified":"2023-02-27T12:16:57","modified_gmt":"2023-02-27T11:16:57","slug":"suport-vital-basic","status":"publish","type":"page","link":"https:\/\/agora.xtec.cat\/escolamestralvila-seca\/projectes-i-plans-de-centre\/suport-vital-basic\/","title":{"rendered":"Suport Vital B\u00e0sic"},"content":{"rendered":"<p>Els nostres nens i nenes aprenen qu\u00e8 poden fer si es troben en una situaci\u00f3 vital on cal ajudar i actuar.<\/p>\n<p>Qu\u00e8 passa si alg\u00fa es desmaia? I si no respon? Respira? On aviso? Qu\u00e8 puc fer?<\/p>\n<p>A l&#8217;escola des de I3 a 6\u00e8 ens entrenem davant d&#8217;aquestes situacions, les representem com petites obres de teatre i aix\u00ed interioritzem qu\u00e8 podem fer.<\/p>\n<p>Tots podem ajudar a salvar una vida!<\/p>\n","protected":false},"excerpt":{"rendered":"<p>Els nostres nens i nenes aprenen qu\u00e8 poden fer si es troben en una situaci\u00f3 vital on cal ajudar i actuar.<br \/>\nQu\u00e8 passa si alg\u00fa es desmaia? I si no respon? Respira? On aviso? Qu\u00e8 puc fer?<br \/>\nA l&#8217;escola des de I3 a 6\u00e8 ens entrenem davant&hellip;  <a href=\"https:\/\/agora.xtec.cat\/escolamestralvila-seca\/projectes-i-plans-de-centre\/suport-vital-basic\/\" title=\"Read Suport Vital B\u00e0sic\">Llegeix m\u00e9s\u00bb<\/a><\/p>\n","protected":false},"author":3,"featured_media":0,"parent":4592,"menu_order":80,"comment_status":"closed","ping_status":"closed","template":"page-templates\/side-menu.php","meta":{"_bbp_topic_count":0,"_bbp_reply_count":0,"_bbp_total_topic_count":0,"_bbp_total_reply_count":0,"_bbp_voice_count":0,"_bbp_anonymous_reply_count":0,"_bbp_topic_count_hidden":0,"_bbp_reply_count_hidden":0,"_bbp_forum_subforum_count":0,"footnotes":""},"class_list":["post-4656","page","type-page","status-publish","hentry"],"post_mailing_queue_ids":[],"_links":{"self":[{"href":"https:\/\/agora.xtec.cat\/escolamestralvila-seca\/wp-json\/wp\/v2\/pages\/4656","targetHints":{"allow":["GET"]}}],"collection":[{"href":"https:\/\/agora.xtec.cat\/escolamestralvila-seca\/wp-json\/wp\/v2\/pages"}],"about":[{"href":"https:\/\/agora.xtec.cat\/escolamestralvila-seca\/wp-json\/wp\/v2\/types\/page"}],"author":[{"embeddable":true,"href":"https:\/\/agora.xtec.cat\/escolamestralvila-seca\/wp-json\/wp\/v2\/users\/3"}],"replies":[{"embeddable":true,"href":"https:\/\/agora.xtec.cat\/escolamestralvila-seca\/wp-json\/wp\/v2\/comments?post=4656"}],"version-history":[{"count":3,"href":"https:\/\/agora.xtec.cat\/escolamestralvila-seca\/wp-json\/wp\/v2\/pages\/4656\/revisions"}],"predecessor-version":[{"id":4998,"href":"https:\/\/agora.xtec.cat\/escolamestralvila-seca\/wp-json\/wp\/v2\/pages\/4656\/revisions\/4998"}],"up":[{"embeddable":true,"href":"https:\/\/agora.xtec.cat\/escolamestralvila-seca\/wp-json\/wp\/v2\/pages\/4592"}],"wp:attachment":[{"href":"https:\/\/agora.xtec.cat\/escolamestralvila-seca\/wp-json\/wp\/v2\/media?parent=4656"}],"curies":[{"name":"wp","href":"https:\/\/api.w.org\/{rel}","templated":true}]}}

Suport Vital Bàsic

<p>Els nostres nens i nenes aprenen què poden fer si es troben en una situació vital on cal ajudar i actuar.</p>
<p>Què passa si algú es desmaia? I si no respon? Respira? On aviso? Què puc fer?</p>
<p>A l&#8217;escola des de I3 a 6è ens entrenem davant d&#8217;aquestes situacions, les representem com petites obres de teatre i així interioritzem què podem fer.</p>
<p>Tots podem ajudar a salvar una vida!</p>

<p>Els nostres nens i nenes aprenen què poden fer si es troben en una situació vital on cal ajudar i actuar.<br />
Què passa si algú es desmaia? I si no respon? Respira? On aviso? Què puc fer?<br />
A l&#8217;escola des de I3 a 6è ens entrenem davant&hellip;  <a href="https://agora.xtec.cat/escolamestralvila-seca/projectes-i-plans-de-centre/suport-vital-basic/" title="Read Suport Vital Bàsic">Llegeix més»</a></p>
