{"id":4648,"date":"2023-01-25T13:34:54","date_gmt":"2023-01-25T12:34:54","guid":{"rendered":"https:\/\/agora.xtec.cat\/escolamestralvila-seca\/?page_id=4648"},"modified":"2023-02-16T16:45:39","modified_gmt":"2023-02-16T15:45:39","slug":"pmoe-proa","status":"publish","type":"page","link":"https:\/\/agora.xtec.cat\/escolamestralvila-seca\/projectes-i-plans-de-centre\/pmoe-proa\/","title":{"rendered":"PMOE &#8211; PROA+"},"content":{"rendered":"<p>El nostre centre participa en el programa PMOE &#8211; PROA+ del Departament d&#8217;Educaci\u00f3.\u00a0 Aquest projecte t\u00e9 com a persones destinat\u00e0ries l&#8217;alumnat d&#8217;educaci\u00f3 infantil, prim\u00e0ria, secund\u00e0ria i formaci\u00f3 professional de grau b\u00e0sic, dels centres del Servei d&#8217;Educaci\u00f3 de Catalunya. El seu objectiu principal es contribuir a la millora de l&#8217;equitat en l&#8217;acc\u00e9s a oportunitats educatives i a l&#8217;\u00e8xit escolar de tot l&#8217;alumnat.<\/p>\n<p>Si en voleu saber m\u00e9s cliqueu al seg\u00fcent enlla\u00e7:<\/p>\n<p><a href=\"https:\/\/educacio.gencat.cat\/ca\/departament\/linies-estrategiques\/pla-millora-oportunitats-educatives\/\">PMOE-PROA+<\/a><\/p>\n","protected":false},"excerpt":{"rendered":"<p>El nostre centre participa en el programa PMOE &#8211; PROA+ del Departament d&#8217;Educaci\u00f3.\u00a0 Aquest projecte t\u00e9 com a persones destinat\u00e0ries l&#8217;alumnat d&#8217;educaci\u00f3 infantil, prim\u00e0ria, secund\u00e0ria i formaci\u00f3 professional de grau b\u00e0sic, dels centres del Servei d&#8217;Educaci\u00f3 de Catalunya. El seu objectiu principal es contribuir a&hellip;  <a href=\"https:\/\/agora.xtec.cat\/escolamestralvila-seca\/projectes-i-plans-de-centre\/pmoe-proa\/\" title=\"Read PMOE &#8211; PROA+\">Llegeix m\u00e9s\u00bb<\/a><\/p>\n","protected":false},"author":3,"featured_media":0,"parent":4592,"menu_order":10,"comment_status":"closed","ping_status":"closed","template":"page-templates\/side-menu.php","meta":{"_bbp_topic_count":0,"_bbp_reply_count":0,"_bbp_total_topic_count":0,"_bbp_total_reply_count":0,"_bbp_voice_count":0,"_bbp_anonymous_reply_count":0,"_bbp_topic_count_hidden":0,"_bbp_reply_count_hidden":0,"_bbp_forum_subforum_count":0,"footnotes":""},"class_list":["post-4648","page","type-page","status-publish","hentry"],"post_mailing_queue_ids":[],"_links":{"self":[{"href":"https:\/\/agora.xtec.cat\/escolamestralvila-seca\/wp-json\/wp\/v2\/pages\/4648","targetHints":{"allow":["GET"]}}],"collection":[{"href":"https:\/\/agora.xtec.cat\/escolamestralvila-seca\/wp-json\/wp\/v2\/pages"}],"about":[{"href":"https:\/\/agora.xtec.cat\/escolamestralvila-seca\/wp-json\/wp\/v2\/types\/page"}],"author":[{"embeddable":true,"href":"https:\/\/agora.xtec.cat\/escolamestralvila-seca\/wp-json\/wp\/v2\/users\/3"}],"replies":[{"embeddable":true,"href":"https:\/\/agora.xtec.cat\/escolamestralvila-seca\/wp-json\/wp\/v2\/comments?post=4648"}],"version-history":[{"count":3,"href":"https:\/\/agora.xtec.cat\/escolamestralvila-seca\/wp-json\/wp\/v2\/pages\/4648\/revisions"}],"predecessor-version":[{"id":4949,"href":"https:\/\/agora.xtec.cat\/escolamestralvila-seca\/wp-json\/wp\/v2\/pages\/4648\/revisions\/4949"}],"up":[{"embeddable":true,"href":"https:\/\/agora.xtec.cat\/escolamestralvila-seca\/wp-json\/wp\/v2\/pages\/4592"}],"wp:attachment":[{"href":"https:\/\/agora.xtec.cat\/escolamestralvila-seca\/wp-json\/wp\/v2\/media?parent=4648"}],"curies":[{"name":"wp","href":"https:\/\/api.w.org\/{rel}","templated":true}]}}

<p>El nostre centre participa en el programa PMOE &#8211; PROA+ del Departament d&#8217;Educació.  Aquest projecte té com a persones destinatàries l&#8217;alumnat d&#8217;educació infantil, primària, secundària i formació professional de grau bàsic, dels centres del Servei d&#8217;Educació de Catalunya. El seu objectiu principal es contribuir a la millora de l&#8217;equitat en l&#8217;accés a oportunitats educatives i a l&#8217;èxit escolar de tot l&#8217;alumnat.</p>
<p>Si en voleu saber més cliqueu al següent enllaç:</p>
<p><a href="https://educacio.gencat.cat/ca/departament/linies-estrategiques/pla-millora-oportunitats-educatives/">PMOE-PROA+</a></p>

<p>El nostre centre participa en el programa PMOE &#8211; PROA+ del Departament d&#8217;Educació.  Aquest projecte té com a persones destinatàries l&#8217;alumnat d&#8217;educació infantil, primària, secundària i formació professional de grau bàsic, dels centres del Servei d&#8217;Educació de Catalunya. El seu objectiu principal es contribuir a&hellip;  <a href="https://agora.xtec.cat/escolamestralvila-seca/projectes-i-plans-de-centre/pmoe-proa/" title="Read PMOE &#8211; PROA+">Llegeix més»</a></p>
