{"id":4628,"date":"2023-01-24T19:10:24","date_gmt":"2023-01-24T18:10:24","guid":{"rendered":"https:\/\/agora.xtec.cat\/escolamestralvila-seca\/?page_id=4628"},"modified":"2023-02-01T16:06:12","modified_gmt":"2023-02-01T15:06:12","slug":"qui-som","status":"publish","type":"page","link":"https:\/\/agora.xtec.cat\/escolamestralvila-seca\/lescola\/qui-som\/","title":{"rendered":"Qui som"},"content":{"rendered":"<p>Som un centre p\u00fablic d&#8217;Educaci\u00f3 infantil i prim\u00e0ria amb m\u00e9s de 40 anys d&#8217;hist\u00f2ria al municipi. Som una escola laica on la llengua vehicular i d&#8217;aprenentatge \u00e9s el catal\u00e0.<\/p>\n<p>Els nostres objectius fonamentals estan relacionats amb a formaci\u00f3 integral de l&#8217;alumnat i integraci\u00f3 acad\u00e8mica, cultural, ling\u00fc\u00edstica, social i personal de tots els\/les membres de la comunitat educativa.<\/p>\n<p>Pretenem fomentar la igualtat de drets i la no discriminaci\u00f3. El treball de valors en la formaci\u00f3 de l&#8217;alumnat: els valors de l&#8217;educaci\u00f3 en l&#8217;esfor\u00e7, la responsabilitat en la sociabilitat, el de la autonomia personal, el de la solidaritat i el respecte, entre d&#8217;altres.<\/p>\n","protected":false},"excerpt":{"rendered":"<p>Som un centre p\u00fablic d&#8217;Educaci\u00f3 infantil i prim\u00e0ria amb m\u00e9s de 40 anys d&#8217;hist\u00f2ria al municipi. Som una escola laica on la llengua vehicular i d&#8217;aprenentatge \u00e9s el catal\u00e0.<br \/>\nEls nostres objectius fonamentals estan relacionats amb a formaci\u00f3 integral de l&#8217;alumnat i integraci\u00f3 acad\u00e8mica, cultural, ling\u00fc\u00edstica,&hellip;  <a href=\"https:\/\/agora.xtec.cat\/escolamestralvila-seca\/lescola\/qui-som\/\" title=\"Read Qui som\">Llegeix m\u00e9s\u00bb<\/a><\/p>\n","protected":false},"author":3,"featured_media":0,"parent":22,"menu_order":10,"comment_status":"closed","ping_status":"closed","template":"page-templates\/side-menu.php","meta":{"_bbp_topic_count":0,"_bbp_reply_count":0,"_bbp_total_topic_count":0,"_bbp_total_reply_count":0,"_bbp_voice_count":0,"_bbp_anonymous_reply_count":0,"_bbp_topic_count_hidden":0,"_bbp_reply_count_hidden":0,"_bbp_forum_subforum_count":0,"footnotes":""},"class_list":["post-4628","page","type-page","status-publish","hentry"],"post_mailing_queue_ids":[],"_links":{"self":[{"href":"https:\/\/agora.xtec.cat\/escolamestralvila-seca\/wp-json\/wp\/v2\/pages\/4628","targetHints":{"allow":["GET"]}}],"collection":[{"href":"https:\/\/agora.xtec.cat\/escolamestralvila-seca\/wp-json\/wp\/v2\/pages"}],"about":[{"href":"https:\/\/agora.xtec.cat\/escolamestralvila-seca\/wp-json\/wp\/v2\/types\/page"}],"author":[{"embeddable":true,"href":"https:\/\/agora.xtec.cat\/escolamestralvila-seca\/wp-json\/wp\/v2\/users\/3"}],"replies":[{"embeddable":true,"href":"https:\/\/agora.xtec.cat\/escolamestralvila-seca\/wp-json\/wp\/v2\/comments?post=4628"}],"version-history":[{"count":2,"href":"https:\/\/agora.xtec.cat\/escolamestralvila-seca\/wp-json\/wp\/v2\/pages\/4628\/revisions"}],"predecessor-version":[{"id":4725,"href":"https:\/\/agora.xtec.cat\/escolamestralvila-seca\/wp-json\/wp\/v2\/pages\/4628\/revisions\/4725"}],"up":[{"embeddable":true,"href":"https:\/\/agora.xtec.cat\/escolamestralvila-seca\/wp-json\/wp\/v2\/pages\/22"}],"wp:attachment":[{"href":"https:\/\/agora.xtec.cat\/escolamestralvila-seca\/wp-json\/wp\/v2\/media?parent=4628"}],"curies":[{"name":"wp","href":"https:\/\/api.w.org\/{rel}","templated":true}]}}

<p>Som un centre públic d&#8217;Educació infantil i primària amb més de 40 anys d&#8217;història al municipi. Som una escola laica on la llengua vehicular i d&#8217;aprenentatge és el català.</p>
<p>Els nostres objectius fonamentals estan relacionats amb a formació integral de l&#8217;alumnat i integració acadèmica, cultural, lingüística, social i personal de tots els/les membres de la comunitat educativa.</p>
<p>Pretenem fomentar la igualtat de drets i la no discriminació. El treball de valors en la formació de l&#8217;alumnat: els valors de l&#8217;educació en l&#8217;esforç, la responsabilitat en la sociabilitat, el de la autonomia personal, el de la solidaritat i el respecte, entre d&#8217;altres.</p>

<p>Som un centre públic d&#8217;Educació infantil i primària amb més de 40 anys d&#8217;història al municipi. Som una escola laica on la llengua vehicular i d&#8217;aprenentatge és el català.<br />
Els nostres objectius fonamentals estan relacionats amb a formació integral de l&#8217;alumnat i integració acadèmica, cultural, lingüística,&hellip;  <a href="https://agora.xtec.cat/escolamestralvila-seca/lescola/qui-som/" title="Read Qui som">Llegeix més»</a></p>
