{"id":4594,"date":"2023-01-24T18:25:46","date_gmt":"2023-01-24T17:25:46","guid":{"rendered":"https:\/\/agora.xtec.cat\/escolamestralvila-seca\/?page_id=4594"},"modified":"2024-01-09T13:09:09","modified_gmt":"2024-01-09T12:09:09","slug":"cicles","status":"publish","type":"page","link":"https:\/\/agora.xtec.cat\/escolamestralvila-seca\/cicles\/","title":{"rendered":"Cicles"},"content":{"rendered":"<p>A l&#8217;escola Mestral ens organitzem en tres cicles: Educaci\u00f3 Infantil (I3, I4 i I5) , 1r cicle (1r, 2n i 3r de prim\u00e0ria) i 2n cicle (4t, 5\u00e8 i 6\u00e8 de prim\u00e0ria).<\/p>\n<p>&nbsp;<\/p>\n","protected":false},"excerpt":{"rendered":"<p>A l&#8217;escola Mestral ens organitzem en tres cicles: Educaci\u00f3 Infantil (I3, I4 i I5) , 1r cicle (1r, 2n i 3r de prim\u00e0ria) i 2n cicle (4t, 5\u00e8 i 6\u00e8 de prim\u00e0ria).<br \/>\n&nbsp;<\/p>\n","protected":false},"author":3,"featured_media":0,"parent":0,"menu_order":0,"comment_status":"closed","ping_status":"closed","template":"page-templates\/side-menu.php","meta":{"_bbp_topic_count":0,"_bbp_reply_count":0,"_bbp_total_topic_count":0,"_bbp_total_reply_count":0,"_bbp_voice_count":0,"_bbp_anonymous_reply_count":0,"_bbp_topic_count_hidden":0,"_bbp_reply_count_hidden":0,"_bbp_forum_subforum_count":0,"footnotes":""},"class_list":["post-4594","page","type-page","status-publish","hentry"],"post_mailing_queue_ids":[],"_links":{"self":[{"href":"https:\/\/agora.xtec.cat\/escolamestralvila-seca\/wp-json\/wp\/v2\/pages\/4594","targetHints":{"allow":["GET"]}}],"collection":[{"href":"https:\/\/agora.xtec.cat\/escolamestralvila-seca\/wp-json\/wp\/v2\/pages"}],"about":[{"href":"https:\/\/agora.xtec.cat\/escolamestralvila-seca\/wp-json\/wp\/v2\/types\/page"}],"author":[{"embeddable":true,"href":"https:\/\/agora.xtec.cat\/escolamestralvila-seca\/wp-json\/wp\/v2\/users\/3"}],"replies":[{"embeddable":true,"href":"https:\/\/agora.xtec.cat\/escolamestralvila-seca\/wp-json\/wp\/v2\/comments?post=4594"}],"version-history":[{"count":4,"href":"https:\/\/agora.xtec.cat\/escolamestralvila-seca\/wp-json\/wp\/v2\/pages\/4594\/revisions"}],"predecessor-version":[{"id":5064,"href":"https:\/\/agora.xtec.cat\/escolamestralvila-seca\/wp-json\/wp\/v2\/pages\/4594\/revisions\/5064"}],"wp:attachment":[{"href":"https:\/\/agora.xtec.cat\/escolamestralvila-seca\/wp-json\/wp\/v2\/media?parent=4594"}],"curies":[{"name":"wp","href":"https:\/\/api.w.org\/{rel}","templated":true}]}}

<p>A l&#8217;escola Mestral ens organitzem en tres cicles: Educació Infantil (I3, I4 i I5) , 1r cicle (1r, 2n i 3r de primària) i 2n cicle (4t, 5è i 6è de primària).</p>
<p>&nbsp;</p>

<p>A l&#8217;escola Mestral ens organitzem en tres cicles: Educació Infantil (I3, I4 i I5) , 1r cicle (1r, 2n i 3r de primària) i 2n cicle (4t, 5è i 6è de primària).<br />
&nbsp;</p>
