{"id":4593,"date":"2023-01-24T18:25:46","date_gmt":"2023-01-24T17:25:46","guid":{"rendered":"https:\/\/agora.xtec.cat\/escolamestralvila-seca\/?page_id=4593"},"modified":"2023-02-16T18:11:30","modified_gmt":"2023-02-16T17:11:30","slug":"organitzacio","status":"publish","type":"page","link":"https:\/\/agora.xtec.cat\/escolamestralvila-seca\/organitzacio\/","title":{"rendered":"Organitzaci\u00f3"},"content":{"rendered":"<p>En el men\u00fa del costat esquerra de la p\u00e0gina podeu trobar informaci\u00f3 sobre l&#8217;organitzaci\u00f3 de la nostra escola. Cliqueu i feu un cop d\u2019ull!<\/p>\n","protected":false},"excerpt":{"rendered":"<p>En el men\u00fa del costat esquerra de la p\u00e0gina podeu trobar informaci\u00f3 sobre l&#8217;organitzaci\u00f3 de la nostra escola. Cliqueu i feu un cop d\u2019ull!<\/p>\n","protected":false},"author":3,"featured_media":0,"parent":0,"menu_order":0,"comment_status":"closed","ping_status":"closed","template":"page-templates\/side-menu.php","meta":{"_bbp_topic_count":0,"_bbp_reply_count":0,"_bbp_total_topic_count":0,"_bbp_total_reply_count":0,"_bbp_voice_count":0,"_bbp_anonymous_reply_count":0,"_bbp_topic_count_hidden":0,"_bbp_reply_count_hidden":0,"_bbp_forum_subforum_count":0,"footnotes":""},"class_list":["post-4593","page","type-page","status-publish","hentry"],"post_mailing_queue_ids":[],"_links":{"self":[{"href":"https:\/\/agora.xtec.cat\/escolamestralvila-seca\/wp-json\/wp\/v2\/pages\/4593","targetHints":{"allow":["GET"]}}],"collection":[{"href":"https:\/\/agora.xtec.cat\/escolamestralvila-seca\/wp-json\/wp\/v2\/pages"}],"about":[{"href":"https:\/\/agora.xtec.cat\/escolamestralvila-seca\/wp-json\/wp\/v2\/types\/page"}],"author":[{"embeddable":true,"href":"https:\/\/agora.xtec.cat\/escolamestralvila-seca\/wp-json\/wp\/v2\/users\/3"}],"replies":[{"embeddable":true,"href":"https:\/\/agora.xtec.cat\/escolamestralvila-seca\/wp-json\/wp\/v2\/comments?post=4593"}],"version-history":[{"count":3,"href":"https:\/\/agora.xtec.cat\/escolamestralvila-seca\/wp-json\/wp\/v2\/pages\/4593\/revisions"}],"predecessor-version":[{"id":4969,"href":"https:\/\/agora.xtec.cat\/escolamestralvila-seca\/wp-json\/wp\/v2\/pages\/4593\/revisions\/4969"}],"wp:attachment":[{"href":"https:\/\/agora.xtec.cat\/escolamestralvila-seca\/wp-json\/wp\/v2\/media?parent=4593"}],"curies":[{"name":"wp","href":"https:\/\/api.w.org\/{rel}","templated":true}]}}

Organització

<p>En el menú del costat esquerra de la pàgina podeu trobar informació sobre l&#8217;organització de la nostra escola. Cliqueu i feu un cop d’ull!</p>
