{"id":3393,"date":"2018-04-11T13:06:56","date_gmt":"2018-04-11T11:06:56","guid":{"rendered":"http:\/\/agora.xtec.cat\/escolamestralvila-seca\/?page_id=3393"},"modified":"2025-01-14T13:24:17","modified_gmt":"2025-01-14T12:24:17","slug":"projecte-una-milla-diaria","status":"publish","type":"page","link":"https:\/\/agora.xtec.cat\/escolamestralvila-seca\/projectes-i-plans-de-centre\/projecte-una-milla-diaria\/","title":{"rendered":"Els ODS a l&#8217;escola"},"content":{"rendered":"<p><span class=\"OYPEnA font-feature-liga-off font-feature-clig-off font-feature-calt-off text-decoration-none text-strikethrough-none\">Els <\/span><span class=\"OYPEnA font-feature-liga-off font-feature-clig-off font-feature-calt-off text-decoration-none text-strikethrough-none\">ODS<\/span><span class=\"OYPEnA font-feature-liga-off font-feature-clig-off font-feature-calt-off text-decoration-none text-strikethrough-none\"> arriben al mestral!<\/span><\/p>\n<p class=\"cvGsUA direction-ltr align-justify para-style-body\"><span class=\"OYPEnA font-feature-liga-off font-feature-clig-off font-feature-calt-off text-decoration-none text-strikethrough-none\">Seguint la normativa actual, la <\/span><span class=\"OYPEnA font-feature-liga-off font-feature-clig-off font-feature-calt-off text-decoration-none text-strikethrough-none\">LOMLOE<\/span><span class=\"OYPEnA font-feature-liga-off font-feature-clig-off font-feature-calt-off text-decoration-none text-strikethrough-none\">, l\u2019educaci\u00f3 \u00e9s fonamental per poder aconseguir els Objectius de desenvolupament sostenible i, a m\u00e9s, l\u2019escola \u00e9s l\u2019espai ideal per promoure i desenvolupar aquests 17 objectius.<\/span><\/p>\n<p class=\"cvGsUA direction-ltr align-justify para-style-body\"><span class=\"OYPEnA font-feature-liga-off font-feature-clig-off font-feature-calt-off text-decoration-none text-strikethrough-none\">Aquests, no s\u00f3n independents els uns dels altres, sin\u00f3 que estan interconnectats. Les intervencions en una \u00e0rea afectaran els resultats de les altres, i \u00e9s per aix\u00f2 que el desenvolupament ha d&#8217;equilibrar la sostenibilitat mediambiental, l&#8217;econ\u00f2mica i la social.<\/span><\/p>\n<p class=\"cvGsUA direction-ltr align-justify para-style-body\"><span class=\"OYPEnA font-feature-liga-off font-feature-clig-off font-feature-calt-off text-decoration-none text-strikethrough-none\">Sabeu quina seria la millor manera de treballar i aprendre d\u2019aquests ODS?<\/span><span class=\"OYPEnA font-feature-liga-off font-feature-clig-off font-feature-calt-off text-decoration-none text-strikethrough-none\"> Doncs que l\u2019escola, les fam\u00edlies i la societat estiguem unides. Sabem que la formaci\u00f3 de l&#8217;alumnat ha de tenir lloc tant dins com fora de l\u2019escola.<\/span><\/p>\n<p><img loading=\"lazy\" decoding=\"async\" class=\"aligncenter size-full wp-image-5156\" src=\"https:\/\/agora.xtec.cat\/escolamestralvila-seca\/wp-content\/uploads\/usu1138\/2025\/01\/ODS.jpg\" alt=\"\" width=\"528\" height=\"481\" srcset=\"https:\/\/agora.xtec.cat\/escolamestralvila-seca\/wp-content\/uploads\/usu1138\/2025\/01\/ODS.jpg 528w, https:\/\/agora.xtec.cat\/escolamestralvila-seca\/wp-content\/uploads\/usu1138\/2025\/01\/ODS-300x273.jpg 300w\" sizes=\"auto, (max-width: 528px) 100vw, 528px\" \/><\/p>\n<p>&nbsp;<\/p>\n<p class=\"cvGsUA direction-ltr align-justify para-style-body\"><span class=\"OYPEnA font-feature-liga-off font-feature-clig-off font-feature-calt-off text-decoration-none text-strikethrough-none\">Enguany hem treballat uns ODS determinats i e<\/span><span class=\"OYPEnA font-feature-liga-off font-feature-clig-off font-feature-calt-off text-decoration-none text-strikethrough-none\">l curs que ve seguirem amb la resta dels objectius.<\/span><\/p>\n<p class=\"cvGsUA direction-ltr align-justify para-style-body\"><span class=\"OYPEnA font-feature-liga-off font-feature-clig-off font-feature-calt-off text-decoration-none text-strikethrough-none\">Per tota la comunitat educativa ha estat un aprenentatge molt profund i innovador.<\/span><\/p>\n<p>&nbsp;<\/p>\n<p><a href=\"http:\/\/creativecommons.org\/licenses\/by-nc-sa\/4.0\/\" rel=\"license\"><img decoding=\"async\" style=\"border-width: 0;\" src=\"https:\/\/i.creativecommons.org\/l\/by-nc-sa\/4.0\/88x31.png\" alt=\"Creative Commons License\" \/><\/a><br \/>\nThis work is licensed under a <a href=\"http:\/\/creativecommons.org\/licenses\/by-nc-sa\/4.0\/\" rel=\"license\">Creative Commons Attribution-NonCommercial-ShareAlike 4.0 International License<\/a>.<\/p>\n","protected":false},"excerpt":{"rendered":"<p>Els ODS arriben al mestral!<br \/>\nSeguint la normativa actual, la LOMLOE, l\u2019educaci\u00f3 \u00e9s fonamental per poder aconseguir els Objectius de desenvolupament sostenible i, a m\u00e9s, l\u2019escola \u00e9s l\u2019espai ideal per promoure i desenvolupar aquests 17 objectius.<br \/>\nAquests, no s\u00f3n independents els uns dels altres, sin\u00f3 que estan&hellip;  <a href=\"https:\/\/agora.xtec.cat\/escolamestralvila-seca\/projectes-i-plans-de-centre\/projecte-una-milla-diaria\/\" title=\"Read Els ODS a l&#8217;escola\">Llegeix m\u00e9s\u00bb<\/a><\/p>\n","protected":false},"author":4,"featured_media":0,"parent":4592,"menu_order":20,"comment_status":"closed","ping_status":"closed","template":"page-templates\/side-menu.php","meta":{"_bbp_topic_count":0,"_bbp_reply_count":0,"_bbp_total_topic_count":0,"_bbp_total_reply_count":0,"_bbp_voice_count":0,"_bbp_anonymous_reply_count":0,"_bbp_topic_count_hidden":0,"_bbp_reply_count_hidden":0,"_bbp_forum_subforum_count":0,"footnotes":""},"class_list":["post-3393","page","type-page","status-publish","hentry"],"post_mailing_queue_ids":[],"_links":{"self":[{"href":"https:\/\/agora.xtec.cat\/escolamestralvila-seca\/wp-json\/wp\/v2\/pages\/3393","targetHints":{"allow":["GET"]}}],"collection":[{"href":"https:\/\/agora.xtec.cat\/escolamestralvila-seca\/wp-json\/wp\/v2\/pages"}],"about":[{"href":"https:\/\/agora.xtec.cat\/escolamestralvila-seca\/wp-json\/wp\/v2\/types\/page"}],"author":[{"embeddable":true,"href":"https:\/\/agora.xtec.cat\/escolamestralvila-seca\/wp-json\/wp\/v2\/users\/4"}],"replies":[{"embeddable":true,"href":"https:\/\/agora.xtec.cat\/escolamestralvila-seca\/wp-json\/wp\/v2\/comments?post=3393"}],"version-history":[{"count":6,"href":"https:\/\/agora.xtec.cat\/escolamestralvila-seca\/wp-json\/wp\/v2\/pages\/3393\/revisions"}],"predecessor-version":[{"id":5157,"href":"https:\/\/agora.xtec.cat\/escolamestralvila-seca\/wp-json\/wp\/v2\/pages\/3393\/revisions\/5157"}],"up":[{"embeddable":true,"href":"https:\/\/agora.xtec.cat\/escolamestralvila-seca\/wp-json\/wp\/v2\/pages\/4592"}],"wp:attachment":[{"href":"https:\/\/agora.xtec.cat\/escolamestralvila-seca\/wp-json\/wp\/v2\/media?parent=3393"}],"curies":[{"name":"wp","href":"https:\/\/api.w.org\/{rel}","templated":true}]}}

<p><span class="OYPEnA font-feature-liga-off font-feature-clig-off font-feature-calt-off text-decoration-none text-strikethrough-none">Els </span><span class="OYPEnA font-feature-liga-off font-feature-clig-off font-feature-calt-off text-decoration-none text-strikethrough-none">ODS</span><span class="OYPEnA font-feature-liga-off font-feature-clig-off font-feature-calt-off text-decoration-none text-strikethrough-none"> arriben al mestral!</span></p>
<p class="cvGsUA direction-ltr align-justify para-style-body"><span class="OYPEnA font-feature-liga-off font-feature-clig-off font-feature-calt-off text-decoration-none text-strikethrough-none">Seguint la normativa actual, la </span><span class="OYPEnA font-feature-liga-off font-feature-clig-off font-feature-calt-off text-decoration-none text-strikethrough-none">LOMLOE</span><span class="OYPEnA font-feature-liga-off font-feature-clig-off font-feature-calt-off text-decoration-none text-strikethrough-none">, l’educació és fonamental per poder aconseguir els Objectius de desenvolupament sostenible i, a més, l’escola és l’espai ideal per promoure i desenvolupar aquests 17 objectius.</span></p>
<p class="cvGsUA direction-ltr align-justify para-style-body"><span class="OYPEnA font-feature-liga-off font-feature-clig-off font-feature-calt-off text-decoration-none text-strikethrough-none">Aquests, no són independents els uns dels altres, sinó que estan interconnectats. Les intervencions en una àrea afectaran els resultats de les altres, i és per això que el desenvolupament ha d&#8217;equilibrar la sostenibilitat mediambiental, l&#8217;econòmica i la social.</span></p>
<p class="cvGsUA direction-ltr align-justify para-style-body"><span class="OYPEnA font-feature-liga-off font-feature-clig-off font-feature-calt-off text-decoration-none text-strikethrough-none">Sabeu quina seria la millor manera de treballar i aprendre d’aquests ODS?</span><span class="OYPEnA font-feature-liga-off font-feature-clig-off font-feature-calt-off text-decoration-none text-strikethrough-none"> Doncs que l’escola, les famílies i la societat estiguem unides. Sabem que la formació de l&#8217;alumnat ha de tenir lloc tant dins com fora de l’escola.</span></p>
<p><img loading="lazy" decoding="async" class="aligncenter size-full wp-image-5156" src="https://agora.xtec.cat/escolamestralvila-seca/wp-content/uploads/usu1138/2025/01/ODS.jpg" alt="" width="528" height="481" srcset="https://agora.xtec.cat/escolamestralvila-seca/wp-content/uploads/usu1138/2025/01/ODS.jpg 528w, https://agora.xtec.cat/escolamestralvila-seca/wp-content/uploads/usu1138/2025/01/ODS-300x273.jpg 300w" sizes="auto, (max-width: 528px) 100vw, 528px" /></p>
<p>&nbsp;</p>
<p class="cvGsUA direction-ltr align-justify para-style-body"><span class="OYPEnA font-feature-liga-off font-feature-clig-off font-feature-calt-off text-decoration-none text-strikethrough-none">Enguany hem treballat uns ODS determinats i e</span><span class="OYPEnA font-feature-liga-off font-feature-clig-off font-feature-calt-off text-decoration-none text-strikethrough-none">l curs que ve seguirem amb la resta dels objectius.</span></p>
<p class="cvGsUA direction-ltr align-justify para-style-body"><span class="OYPEnA font-feature-liga-off font-feature-clig-off font-feature-calt-off text-decoration-none text-strikethrough-none">Per tota la comunitat educativa ha estat un aprenentatge molt profund i innovador.</span></p>
<p>&nbsp;</p>
<p><a href="http://creativecommons.org/licenses/by-nc-sa/4.0/" rel="license"><img decoding="async" style="border-width: 0;" src="https://i.creativecommons.org/l/by-nc-sa/4.0/88x31.png" alt="Creative Commons License" /></a><br />
This work is licensed under a <a href="http://creativecommons.org/licenses/by-nc-sa/4.0/" rel="license">Creative Commons Attribution-NonCommercial-ShareAlike 4.0 International License</a>.</p>

<p>Els ODS arriben al mestral!<br />
Seguint la normativa actual, la LOMLOE, l’educació és fonamental per poder aconseguir els Objectius de desenvolupament sostenible i, a més, l’escola és l’espai ideal per promoure i desenvolupar aquests 17 objectius.<br />
Aquests, no són independents els uns dels altres, sinó que estan&hellip;  <a href="https://agora.xtec.cat/escolamestralvila-seca/projectes-i-plans-de-centre/projecte-una-milla-diaria/" title="Read Els ODS a l&#8217;escola">Llegeix més»</a></p>
