{"id":3122,"date":"2018-10-31T10:14:02","date_gmt":"2018-10-31T09:14:02","guid":{"rendered":"http:\/\/agora.xtec.cat\/escolamercerodoredamartorell\/?page_id=3122"},"modified":"2018-10-31T12:43:21","modified_gmt":"2018-10-31T11:43:21","slug":"cueme","status":"publish","type":"page","link":"https:\/\/agora.xtec.cat\/escolamercerodoredamartorell\/projectes\/cueme\/","title":{"rendered":"CUEME"},"content":{"rendered":"<p style=\"text-align: justify;\"><span style=\"font-weight: 400;\">El projecte <strong>CUEME<\/strong>, \u00e9s un projecte que es desenvolupa amb coordinaci\u00f3 i suport dels ens local i la diputaci\u00f3 de Barcelona.<\/span><\/p>\n<p>El portem a terme els alumnes de<strong> 5\u00e8 de prim\u00e0ria.<\/strong><\/p>\n<p style=\"text-align: justify;\"><span style=\"font-weight: 400;\">Simula la creaci\u00f3, organitzaci\u00f3, gesti\u00f3 i tancament d&#8217;una cooperativa escolar de la qual formen part els\/les alumnes d\u2019una aula.<\/span><\/p>\n<p style=\"text-align: justify;\"><span style=\"font-weight: 400;\">Els seus<strong> objectius<\/strong> m\u00e9s destacats es concreten en:<\/span><\/p>\n<p style=\"text-align: justify;\"><span style=\"font-weight: 400;\">\u2013 Contribuir al desenvolupament de les vuit compet\u00e8ncies b\u00e0siques definides en el\u00a0<\/span><span style=\"font-weight: 400;\">curr\u00edculum escolar, incl\u00f2s en elles l&#8217;esperit emprenedor.<\/span><\/p>\n<p style=\"text-align: justify;\"><span style=\"font-weight: 400;\">\u2013 Adquirir i desenvolupar h\u00e0bits de comportament aut\u00f2nom en relaci\u00f3 amb el\u00a0<\/span><span style=\"font-weight: 400;\">treball i orientats a les relacions interpersonals.<\/span><\/p>\n<p style=\"text-align: justify;\"><span style=\"font-weight: 400;\">\u2013 Iniciar a l&#8217;alumnat en la identificaci\u00f3 i coneixement dels elements i principis\u00a0<\/span><span style=\"font-weight: 400;\">b\u00e0sics de posada en marxa d&#8217;un projecte.<\/span><\/p>\n<p style=\"text-align: justify;\"><span style=\"font-weight: 400;\">Les <strong>capacitats<\/strong> que promou s\u00f3n:<\/span><\/p>\n<ul style=\"text-align: justify;\">\n<li><span style=\"font-weight: 400;\"> Observar i Explorar<\/span><\/li>\n<li><span style=\"font-weight: 400;\"> Creativitat<\/span><\/li>\n<li><span style=\"font-weight: 400;\"> Assumir riscos<\/span><\/li>\n<li><span style=\"font-weight: 400;\"> Prendre (de) decisions i responsabilitats<\/span><\/li>\n<li><span style=\"font-weight: 400;\"> Comunicar<\/span><\/li>\n<li><span style=\"font-weight: 400;\"> Inspirar i motivar<\/span><\/li>\n<li><span style=\"font-weight: 400;\"> Organitzar i planificar<\/span><\/li>\n<li><span style=\"font-weight: 400;\"> Treballar en equip<\/span><\/li>\n<li><span style=\"font-weight: 400;\"> Perseveran\u00e7a<\/span><\/li>\n<\/ul>\n<p style=\"text-align: justify;\"><span style=\"font-weight: 400;\">El projecte <strong>situa a l\u2019alumnat com a centre del proc\u00e9s d\u2019ensenyamen<\/strong>t -aprenentatge.<\/span><\/p>\n<p style=\"text-align: justify;\"><span style=\"font-weight: 400;\">Potencia el desenvolupament de la <strong>compet\u00e8ncia emprenedora.<\/strong><\/span><\/p>\n<p style=\"text-align: justify;\"><span style=\"font-weight: 400;\">Afavoreix el <strong>contacte amb institucions<\/strong>,entitats i empreses de l\u2019 entorn local.<\/span><\/p>\n<p style=\"text-align: justify;\"><span style=\"font-weight: 400;\">Planteja un <strong>enfocament pr\u00e0ctic<\/strong> i una <strong>experi\u00e8ncia real de creaci\u00f3 d\u2019empresa.<\/strong><\/span><\/p>\n<p style=\"text-align: justify;\"><span style=\"font-weight: 400;\">La <strong>metodologia<\/strong> de treball \u00e9s per <strong>projectes<\/strong>. Atorga sentit al treball a l&#8217;aula. Els continguts que es treballen son observables en el seu entorn de manera que es veu la connexi\u00f3 entre l&#8217;acad\u00e8mic, la vida i les compet\u00e8ncies professionals. L&#8217;aprenentatge \u00e9s experi\u00e8ncia<\/span><\/p>\n<p style=\"text-align: justify;\">Resum dels <a href=\"https:\/\/kitcueme-escoles.diba.cat\/documents\/167193110\/181010637\/B3tutor1.jpg\/260c9637-a6b5-47ba-93f3-963867e76167?t=1529406764557\" target=\"_blank\" rel=\"noopener\">passos del projecte<\/a><\/p>\n","protected":false},"excerpt":{"rendered":"<p>El projecte CUEME, \u00e9s un projecte que es desenvolupa amb coordinaci\u00f3 i suport dels ens local i la diputaci\u00f3 de Barcelona.<br \/>\nEl portem a terme els alumnes de 5\u00e8 de prim\u00e0ria.<br \/>\nSimula la creaci\u00f3, organitzaci\u00f3, gesti\u00f3 i tancament d&#8217;una cooperativa escolar de la qual formen part els\/les&hellip;  <a href=\"https:\/\/agora.xtec.cat\/escolamercerodoredamartorell\/projectes\/cueme\/\" title=\"Read CUEME\">Llegeix m\u00e9s\u00bb<\/a><\/p>\n","protected":false},"author":1,"featured_media":0,"parent":381,"menu_order":3,"comment_status":"closed","ping_status":"closed","template":"","meta":{"_bbp_topic_count":0,"_bbp_reply_count":0,"_bbp_total_topic_count":0,"_bbp_total_reply_count":0,"_bbp_voice_count":0,"_bbp_anonymous_reply_count":0,"_bbp_topic_count_hidden":0,"_bbp_reply_count_hidden":0,"_bbp_forum_subforum_count":0,"footnotes":""},"class_list":["post-3122","page","type-page","status-publish","hentry"],"post_mailing_queue_ids":[],"_links":{"self":[{"href":"https:\/\/agora.xtec.cat\/escolamercerodoredamartorell\/wp-json\/wp\/v2\/pages\/3122","targetHints":{"allow":["GET"]}}],"collection":[{"href":"https:\/\/agora.xtec.cat\/escolamercerodoredamartorell\/wp-json\/wp\/v2\/pages"}],"about":[{"href":"https:\/\/agora.xtec.cat\/escolamercerodoredamartorell\/wp-json\/wp\/v2\/types\/page"}],"author":[{"embeddable":true,"href":"https:\/\/agora.xtec.cat\/escolamercerodoredamartorell\/wp-json\/wp\/v2\/users\/1"}],"replies":[{"embeddable":true,"href":"https:\/\/agora.xtec.cat\/escolamercerodoredamartorell\/wp-json\/wp\/v2\/comments?post=3122"}],"version-history":[{"count":4,"href":"https:\/\/agora.xtec.cat\/escolamercerodoredamartorell\/wp-json\/wp\/v2\/pages\/3122\/revisions"}],"predecessor-version":[{"id":3150,"href":"https:\/\/agora.xtec.cat\/escolamercerodoredamartorell\/wp-json\/wp\/v2\/pages\/3122\/revisions\/3150"}],"up":[{"embeddable":true,"href":"https:\/\/agora.xtec.cat\/escolamercerodoredamartorell\/wp-json\/wp\/v2\/pages\/381"}],"wp:attachment":[{"href":"https:\/\/agora.xtec.cat\/escolamercerodoredamartorell\/wp-json\/wp\/v2\/media?parent=3122"}],"curies":[{"name":"wp","href":"https:\/\/api.w.org\/{rel}","templated":true}]}}