{"id":234,"date":"2016-02-03T21:34:41","date_gmt":"2016-02-03T20:34:41","guid":{"rendered":"http:\/\/agora.xtec.cat\/escolamercerodoredamartorell\/?page_id=234"},"modified":"2025-09-03T11:23:01","modified_gmt":"2025-09-03T09:23:01","slug":"professorat","status":"publish","type":"page","link":"https:\/\/agora.xtec.cat\/escolamercerodoredamartorell\/projecte-educatiu\/professorat\/","title":{"rendered":"Professorat"},"content":{"rendered":"<p><strong>EQUIP DIRECTIU:\u00a0 \u00a0 \u00a0 \u00a0 \u00a0 \u00a0 \u00a0 \u00a0\u00a0\u00a0\u00a0\u00a0\u00a0\u00a0\u00a0\u00a0\u00a0\u00a0\u00a0\u00a0\u00a0\u00a0\u00a0\u00a0\u00a0\u00a0\u00a0\u00a0\u00a0\u00a0\u00a0\u00a0\u00a0\u00a0\u00a0\u00a0\u00a0\u00a0\u00a0\u00a0\u00a0\u00a0\u00a0\u00a0\u00a0\u00a0\u00a0\u00a0\u00a0\u00a0\u00a0\u00a0\u00a0\u00a0\u00a0\u00a0\u00a0\u00a0\u00a0\u00a0\u00a0\u00a0\u00a0\u00a0\u00a0\u00a0\u00a0\u00a0\u00a0\u00a0\u00a0\u00a0\u00a0\u00a0\u00a0\u00a0\u00a0\u00a0\u00a0\u00a0\u00a0\u00a0\u00a0\u00a0\u00a0\u00a0\u00a0\u00a0\u00a0\u00a0\u00a0\u00a0\u00a0\u00a0 <a href=\"https:\/\/docs.google.com\/presentation\/d\/1MtRfP52pB7zBDsPUyCOiLrQsSuFFtQT_q2UXWwWLJtQ\/edit?usp=sharing\" target=\"_blank\" rel=\"noopener\">Orla\u00a0 Curs 25-26\u00a0<\/a> \u00a0 \u00a0 \u00a0 \u00a0 \u00a0 \u00a0 \u00a0 \u00a0 \u00a0 \u00a0 \u00a0 \u00a0 \u00a0 \u00a0 \u00a0\u00a0<\/strong><\/p>\n<p><strong>Direcci\u00f3<\/strong>: Gemma Lajarin Adell<br \/>\n<strong>Cap d&#8217;estudis<\/strong>: Annabel Esteve Gonz\u00e1lez<br \/>\n<strong>Secret\u00e0ria<\/strong>: M\u00f2nica Vega<\/p>\n<p><strong><strong>Coordinadores<\/strong>:<\/strong><\/p>\n<p><em>Merc\u00e8 Mart\u00ednez (Petits)<\/em><\/p>\n<p><em>Pili Trigo (Mitjans)<\/em><\/p>\n<p>Eva Cano <em>(Grans)<\/em><\/p>\n<p><strong>TUTORS\/ES:<\/strong><\/p>\n<p><strong>I3A\u00a0 <\/strong>\u00a0Lara Pa\u00edno\u00a0 \u00a0 \u00a0 \u00a0 \u00a0 \u00a0 \u00a0 \u00a0 \u00a0 \u00a0 \u00a0 \u00a0I<strong>3B\u00a0 <\/strong>Maite Rodr\u00edguez<strong><br \/>\n<\/strong><\/p>\n<p><strong>I4A\u00a0 <\/strong> Merc\u00e8 Mart\u00ednez \u00a0 \u00a0 <strong>\u00a0 \u00a0 \u00a0 \u00a0 \u00a0 \u00a0 I4B\u00a0<\/strong> Laura Fabian\u00a0 \u00a0 \u00a0 \u00a0 \u00a0 \u00a0 \u00a0 \u00a0 \u00a0 \u00a0 \u00a0 \u00a0 \u00a0\u00a0<strong><br \/>\n<\/strong><\/p>\n<p><strong>I5A\u00a0<\/strong> S\u00f2nia Garcia \u00a0 \u00a0 \u00a0 \u00a0 \u00a0 \u00a0 \u00a0 \u00a0<strong>\u00a0 \u00a0 \u00a0I5B\u00a0 <\/strong> S\u00edlvia Berg\u00e9\u00a0 \u00a0 \u00a0 \u00a0 \u00a0 \u00a0 \u00a0 \u00a0 \u00a0 \u00a0 \u00a0 \u00a0 \u00a0 \u00a0\u00a0<strong><br \/>\n<\/strong><\/p>\n<p>&nbsp;<\/p>\n<p><strong>1rA\u00a0 <\/strong>V\u00edctor S\u00e1nchez\u00a0 \u00a0 \u00a0 \u00a0 \u00a0 \u00a0 \u00a0 \u00a0 \u00a0 \u00a0 <strong>1rB\u00a0 <\/strong>Pili Trigo\u00a0 \u00a0 \u00a0 \u00a0 \u00a0 \u00a0 \u00a0 \u00a0 \u00a0\u00a0<strong><br \/>\n<\/strong><\/p>\n<p><strong>2nA\u00a0 <\/strong>Gema S\u00e1nchez\u00a0 \u00a0 \u00a0 \u00a0 \u00a0 \u00a0 \u00a0 \u00a0 \u00a0 \u00a0<strong>2nB\u00a0<\/strong>\u00a0 J\u00e8ssica Gonz\u00e1lez<strong><br \/>\n<\/strong><\/p>\n<p><strong>3rA\u00a0<\/strong> A\u00efda Burillo\u00a0 \u00a0 \u00a0 \u00a0 \u00a0 \u00a0 \u00a0 \u00a0 \u00a0 \u00a0 \u00a0 \u00a0 \u00a0 <strong>3rB\u00a0<\/strong> Tere Parra \u00a0 \u00a0 \u00a0 \u00a0 \u00a0 \u00a0 \u00a0 \u00a0 \u00a0 \u00a0 \u00a0 \u00a0<strong><br \/>\n<\/strong><\/p>\n<p><strong>4tA\u00a0 <\/strong> Ana Garc\u00eda\u00a0 \u00a0 \u00a0 \u00a0 \u00a0 \u00a0 \u00a0 \u00a0 \u00a0 \u00a0 \u00a0 \u00a0 \u00a0 <strong>4tB\u00a0<\/strong>\u00a0 Maria Drets\u00a0 \u00a0 \u00a0 \u00a0 \u00a0 \u00a0 \u00a0\u00a0<strong><br \/>\n<\/strong><\/p>\n<p><strong>5\u00e8A<\/strong>\u00a0 Ana Bel\u00e9n Rubio\u00a0 \u00a0 \u00a0 \u00a0 \u00a0 \u00a0 \u00a0 \u00a0 <strong>5\u00e8B<\/strong>\u00a0 Gemma Romero<strong><br \/>\n<\/strong><\/p>\n<p><strong>6\u00e8A\u00a0 <\/strong> Eva Cano\u00a0 \u00a0 \u00a0 \u00a0 \u00a0 \u00a0 \u00a0 \u00a0 \u00a0 \u00a0 \u00a0 \u00a0 \u00a0 \u00a0<strong>6\u00e8B\u00a0 <\/strong>Toni Carvajal<\/p>\n<p>&nbsp;<\/p>\n<p><strong>Angl\u00e8s:<\/strong> M\u00f2nica Vega, Charo Mor\u00f3n, Lidia Morales<\/p>\n<p><strong>Educaci\u00f3 F\u00edsica:<\/strong> Gemma Lajarin, Fernando G\u00f3mez, Toni Carvajal<\/p>\n<p><strong>Educaci\u00f3 Especial:<\/strong> Raquel Cebri\u00e1n, Mireia Rodr\u00edguez, Ruth G\u00f3mez<\/p>\n<p><strong>M\u00fasica<\/strong>: Dav\u00ednia Aunion<\/p>\n<p><strong>Religi\u00f3: <\/strong>Carla Bolt\u00e0<strong><br \/>\n<\/strong><\/p>\n<p><strong>Suport Infantil: <\/strong>\u00a0S\u00edlvia Plaza<\/p>\n<p><strong>Suport Prim\u00e0ria: <\/strong>Annabel Esteve, Anna M\u00aa Martin, Montse G\u00f3mez<\/p>\n<p>&nbsp;<\/p>\n<p><strong>EAP:\u00a0 <\/strong><\/p>\n<p><strong>Vetlladors:\u00a0<\/strong> Laura C\u00e1rdenas, Maribel Fern\u00e1ndez, Marta Rodr\u00edguez.<\/p>\n<p><strong>Educadora d\u2019Educaci\u00f3 Especial:\u00a0 <\/strong>Arantzazu Fuentes<\/p>\n<p><strong>T\u00e8cnic d&#8217;educaci\u00f3 infantil:\u00a0 <\/strong>M\u00aa Jes\u00fas Laguna<\/p>\n<p><strong>Consergeria:\u00a0 <\/strong>Cristina Torres<\/p>\n<p><strong>Auxiliar administrativa:\u00a0 <\/strong>Ana Garc\u00eda<\/p>\n","protected":false},"excerpt":{"rendered":"<p>EQUIP DIRECTIU:\u00a0 \u00a0 \u00a0 \u00a0 \u00a0 \u00a0 \u00a0 \u00a0\u00a0\u00a0\u00a0\u00a0\u00a0\u00a0\u00a0\u00a0\u00a0\u00a0\u00a0\u00a0\u00a0\u00a0\u00a0\u00a0\u00a0\u00a0\u00a0\u00a0\u00a0\u00a0\u00a0\u00a0\u00a0\u00a0\u00a0\u00a0\u00a0\u00a0\u00a0\u00a0\u00a0\u00a0\u00a0\u00a0\u00a0\u00a0\u00a0\u00a0\u00a0\u00a0\u00a0\u00a0\u00a0\u00a0\u00a0\u00a0\u00a0\u00a0\u00a0\u00a0\u00a0\u00a0\u00a0\u00a0\u00a0\u00a0\u00a0\u00a0\u00a0\u00a0\u00a0\u00a0\u00a0\u00a0\u00a0\u00a0\u00a0\u00a0\u00a0\u00a0\u00a0\u00a0\u00a0\u00a0\u00a0\u00a0\u00a0\u00a0\u00a0\u00a0\u00a0\u00a0\u00a0\u00a0 <a href=\"https:\/\/docs.google.com\/presentation\/d\/1MtRfP52pB7zBDsPUyCOiLrQsSuFFtQT_q2UXWwWLJtQ\/edit?usp=sharing\" target=\"_blank\" rel=\"noopener\">Orla\u00a0 Curs 25-26\u00a0<\/a> \u00a0 \u00a0 \u00a0 \u00a0 \u00a0 \u00a0 \u00a0 \u00a0 \u00a0 \u00a0 \u00a0 \u00a0 \u00a0 \u00a0 \u00a0\u00a0<br \/>\nDirecci\u00f3: Gemma Lajarin Adell<br \/>\nCap d&#8217;estudis: Annabel Esteve Gonz\u00e1lez<br \/>\nSecret\u00e0ria: M\u00f2nica Vega<br \/>\nCoordinadores:<br \/>\nMerc\u00e8 Mart\u00ednez (Petits)<br \/>\nPili Trigo (Mitjans)<br \/>\nEva Cano (Grans)<br \/>\nTUTORS\/ES:<br \/>\nI3A\u00a0&hellip;  <a href=\"https:\/\/agora.xtec.cat\/escolamercerodoredamartorell\/projecte-educatiu\/professorat\/\" title=\"Read Professorat\">Llegeix m\u00e9s\u00bb<\/a><\/p>\n","protected":false},"author":3,"featured_media":0,"parent":64,"menu_order":0,"comment_status":"closed","ping_status":"closed","template":"page-templates\/side-menu.php","meta":{"_bbp_topic_count":0,"_bbp_reply_count":0,"_bbp_total_topic_count":0,"_bbp_total_reply_count":0,"_bbp_voice_count":0,"_bbp_anonymous_reply_count":0,"_bbp_topic_count_hidden":0,"_bbp_reply_count_hidden":0,"_bbp_forum_subforum_count":0,"footnotes":""},"class_list":["post-234","page","type-page","status-publish","hentry"],"post_mailing_queue_ids":[],"_links":{"self":[{"href":"https:\/\/agora.xtec.cat\/escolamercerodoredamartorell\/wp-json\/wp\/v2\/pages\/234","targetHints":{"allow":["GET"]}}],"collection":[{"href":"https:\/\/agora.xtec.cat\/escolamercerodoredamartorell\/wp-json\/wp\/v2\/pages"}],"about":[{"href":"https:\/\/agora.xtec.cat\/escolamercerodoredamartorell\/wp-json\/wp\/v2\/types\/page"}],"author":[{"embeddable":true,"href":"https:\/\/agora.xtec.cat\/escolamercerodoredamartorell\/wp-json\/wp\/v2\/users\/3"}],"replies":[{"embeddable":true,"href":"https:\/\/agora.xtec.cat\/escolamercerodoredamartorell\/wp-json\/wp\/v2\/comments?post=234"}],"version-history":[{"count":6,"href":"https:\/\/agora.xtec.cat\/escolamercerodoredamartorell\/wp-json\/wp\/v2\/pages\/234\/revisions"}],"predecessor-version":[{"id":11195,"href":"https:\/\/agora.xtec.cat\/escolamercerodoredamartorell\/wp-json\/wp\/v2\/pages\/234\/revisions\/11195"}],"up":[{"embeddable":true,"href":"https:\/\/agora.xtec.cat\/escolamercerodoredamartorell\/wp-json\/wp\/v2\/pages\/64"}],"wp:attachment":[{"href":"https:\/\/agora.xtec.cat\/escolamercerodoredamartorell\/wp-json\/wp\/v2\/media?parent=234"}],"curies":[{"name":"wp","href":"https:\/\/api.w.org\/{rel}","templated":true}]}}