{"id":11075,"date":"2024-05-06T10:04:59","date_gmt":"2024-05-06T08:04:59","guid":{"rendered":"https:\/\/agora.xtec.cat\/escolamercerodoredamartorell\/?page_id=11075"},"modified":"2025-02-10T13:53:41","modified_gmt":"2025-02-10T12:53:41","slug":"altres-informacions","status":"publish","type":"page","link":"https:\/\/agora.xtec.cat\/escolamercerodoredamartorell\/lescola\/altres-informacions\/","title":{"rendered":"Altres Informacions"},"content":{"rendered":"<p>Segons la normativa en mat\u00e8ria de transpar\u00e8ncia aplicada als centres educatius, els centres educatius han de publicar a la p\u00e0gina web, de forma obligat\u00f2ria i activa, un seguit d\u2019informacions i documents segons el dret d\u2019acc\u00e9s establert per part de la ciutadania.<\/p>\n<h4><span style=\"color: #000000;\"><strong>Acords del Consell Escolar<\/strong><\/span><\/h4>\n<p><a href=\"https:\/\/drive.google.com\/file\/d\/1NdDz0b_zQxJMyGouhG6viNZ3nw40MGhN\/view?usp=drive_link\" target=\"_blank\" rel=\"noopener\">Acords del consell escolar del 5 de mar\u00e7 del 2024<\/a><\/p>\n<p>Acords del consell escolar del 7 d&#8217;octubre del 2024<\/p>\n<h4><span style=\"color: #000000;\"><strong>Execuci\u00f3 i liquidaci\u00f3 del pressupost<\/strong><\/span><\/h4>\n<p><a href=\"https:\/\/drive.google.com\/file\/d\/15rPhrYcNUhJym9oK-Zz9_kKyTjvDEUCp\/view?usp=drive_link\" target=\"_blank\" rel=\"noopener\">Pressupost aprovat de l\u2019exercici 2024<\/a><\/p>\n<p><a href=\"https:\/\/drive.google.com\/file\/d\/1rOSYnlZOQ9B6fkF_wIzSFFfeTpU8DxsS\/view?usp=drive_link\" target=\"_blank\" rel=\"noopener\">Liquidaci\u00f3 econ\u00f2mica de l\u2019exercici 2023<\/a><\/p>\n","protected":false},"excerpt":{"rendered":"<p>Segons la normativa en mat\u00e8ria de transpar\u00e8ncia aplicada als centres educatius, els centres educatius han de publicar a la p\u00e0gina web, de forma obligat\u00f2ria i activa, un seguit d\u2019informacions i documents segons el dret d\u2019acc\u00e9s establert per part de la ciutadania.<br \/>\nAcords del Consell Escolar<br \/>\n<a href=\"https:\/\/drive.google.com\/file\/d\/1NdDz0b_zQxJMyGouhG6viNZ3nw40MGhN\/view?usp=drive_link\"&hellip;  <a href=\"https:\/\/agora.xtec.cat\/escolamercerodoredamartorell\/lescola\/altres-informacions\/\" title=\"Read Altres Informacions\">Llegeix m\u00e9s\u00bb<\/a><\/p>\n","protected":false},"author":1,"featured_media":0,"parent":22,"menu_order":0,"comment_status":"closed","ping_status":"closed","template":"page-templates\/side-menu.php","meta":{"_bbp_topic_count":0,"_bbp_reply_count":0,"_bbp_total_topic_count":0,"_bbp_total_reply_count":0,"_bbp_voice_count":0,"_bbp_anonymous_reply_count":0,"_bbp_topic_count_hidden":0,"_bbp_reply_count_hidden":0,"_bbp_forum_subforum_count":0,"footnotes":""},"class_list":["post-11075","page","type-page","status-publish","hentry"],"post_mailing_queue_ids":[],"_links":{"self":[{"href":"https:\/\/agora.xtec.cat\/escolamercerodoredamartorell\/wp-json\/wp\/v2\/pages\/11075","targetHints":{"allow":["GET"]}}],"collection":[{"href":"https:\/\/agora.xtec.cat\/escolamercerodoredamartorell\/wp-json\/wp\/v2\/pages"}],"about":[{"href":"https:\/\/agora.xtec.cat\/escolamercerodoredamartorell\/wp-json\/wp\/v2\/types\/page"}],"author":[{"embeddable":true,"href":"https:\/\/agora.xtec.cat\/escolamercerodoredamartorell\/wp-json\/wp\/v2\/users\/1"}],"replies":[{"embeddable":true,"href":"https:\/\/agora.xtec.cat\/escolamercerodoredamartorell\/wp-json\/wp\/v2\/comments?post=11075"}],"version-history":[{"count":7,"href":"https:\/\/agora.xtec.cat\/escolamercerodoredamartorell\/wp-json\/wp\/v2\/pages\/11075\/revisions"}],"predecessor-version":[{"id":11379,"href":"https:\/\/agora.xtec.cat\/escolamercerodoredamartorell\/wp-json\/wp\/v2\/pages\/11075\/revisions\/11379"}],"up":[{"embeddable":true,"href":"https:\/\/agora.xtec.cat\/escolamercerodoredamartorell\/wp-json\/wp\/v2\/pages\/22"}],"wp:attachment":[{"href":"https:\/\/agora.xtec.cat\/escolamercerodoredamartorell\/wp-json\/wp\/v2\/media?parent=11075"}],"curies":[{"name":"wp","href":"https:\/\/api.w.org\/{rel}","templated":true}]}}