{"id":1773,"date":"2026-01-25T19:10:08","date_gmt":"2026-01-25T18:10:08","guid":{"rendered":"https:\/\/agora.xtec.cat\/escolamasfalco\/?page_id=1773"},"modified":"2026-03-03T20:35:49","modified_gmt":"2026-03-03T19:35:49","slug":"portes-obertes-2026","status":"publish","type":"page","link":"https:\/\/agora.xtec.cat\/escolamasfalco\/portes-obertes-2026\/","title":{"rendered":"PREINSCRIPCI\u00d3 I MATR\u00cdCULA 2026-2027"},"content":{"rendered":"<h6><strong>Dates de la preinscripci\u00f3 i matr\u00edcula per al curs 2026-2027<\/strong><\/h6>\n<ul>\n<li><strong>Educaci\u00f3 infantil (3-6 anys) i educaci\u00f3 prim\u00e0ria:<\/strong> del 4 al 18 de mar\u00e7 de 2026.<\/li>\n<\/ul>\n<p style=\"text-align: center;\"><a href=\"https:\/\/agora.xtec.cat\/escolamasfalco\/wp-content\/uploads\/usu1723\/2026\/02\/Cartell_I3_preinscripcio-2026_2027-768x1085-1.jpg\"><img loading=\"lazy\" decoding=\"async\" class=\"alignnone wp-image-1787\" src=\"https:\/\/agora.xtec.cat\/escolamasfalco\/wp-content\/uploads\/usu1723\/2026\/02\/Cartell_I3_preinscripcio-2026_2027-768x1085-1-212x300.jpg\" alt=\"\" width=\"294\" height=\"416\" srcset=\"https:\/\/agora.xtec.cat\/escolamasfalco\/wp-content\/uploads\/usu1723\/2026\/02\/Cartell_I3_preinscripcio-2026_2027-768x1085-1-212x300.jpg 212w, https:\/\/agora.xtec.cat\/escolamasfalco\/wp-content\/uploads\/usu1723\/2026\/02\/Cartell_I3_preinscripcio-2026_2027-768x1085-1-725x1024.jpg 725w, https:\/\/agora.xtec.cat\/escolamasfalco\/wp-content\/uploads\/usu1723\/2026\/02\/Cartell_I3_preinscripcio-2026_2027-768x1085-1.jpg 768w\" sizes=\"auto, (max-width: 294px) 100vw, 294px\" \/><\/a><\/p>\n<ul>\n<li>Podeu trobar tota la informaci\u00f3 a la <a href=\"https:\/\/www.edubcn.cat\/ca\/alumnat_i_familia\/informacio_general_matriculacio\/preinscripcio_info\" target=\"_blank\" rel=\"noopener\">web del Consorci d&#8217;educaci\u00f3 de Barcelona.\u00a0<\/a><\/li>\n<\/ul>\n","protected":false},"excerpt":{"rendered":"<p>Dates de la preinscripci\u00f3 i matr\u00edcula per al curs 2026-2027<\/p>\n<ul>\n<li>Educaci\u00f3 infantil (3-6 anys) i educaci\u00f3 prim\u00e0ria: del 4 al 18 de mar\u00e7 de 2026.<\/li>\n<\/ul>\n<p><a href=\"https:\/\/agora.xtec.cat\/escolamasfalco\/wp-content\/uploads\/usu1723\/2026\/02\/Cartell_I3_preinscripcio-2026_2027-768x1085-1.jpg\"><\/a><\/p>\n<ul>\n<li>Podeu trobar tota la informaci\u00f3 a la <a href=\"https:\/\/www.edubcn.cat\/ca\/alumnat_i_familia\/informacio_general_matriculacio\/preinscripcio_info\" target=\"_blank\" rel=\"noopener\">web del Consorci d&#8217;educaci\u00f3 de Barcelona.\u00a0<\/a><\/li>\n<\/ul>\n","protected":false},"author":1,"featured_media":0,"parent":0,"menu_order":0,"comment_status":"closed","ping_status":"closed","template":"","meta":{"_bbp_topic_count":0,"_bbp_reply_count":0,"_bbp_total_topic_count":0,"_bbp_total_reply_count":0,"_bbp_voice_count":0,"_bbp_anonymous_reply_count":0,"_bbp_topic_count_hidden":0,"_bbp_reply_count_hidden":0,"_bbp_forum_subforum_count":0,"footnotes":""},"class_list":["post-1773","page","type-page","status-publish","hentry"],"post_mailing_queue_ids":[],"_links":{"self":[{"href":"https:\/\/agora.xtec.cat\/escolamasfalco\/wp-json\/wp\/v2\/pages\/1773","targetHints":{"allow":["GET"]}}],"collection":[{"href":"https:\/\/agora.xtec.cat\/escolamasfalco\/wp-json\/wp\/v2\/pages"}],"about":[{"href":"https:\/\/agora.xtec.cat\/escolamasfalco\/wp-json\/wp\/v2\/types\/page"}],"author":[{"embeddable":true,"href":"https:\/\/agora.xtec.cat\/escolamasfalco\/wp-json\/wp\/v2\/users\/1"}],"replies":[{"embeddable":true,"href":"https:\/\/agora.xtec.cat\/escolamasfalco\/wp-json\/wp\/v2\/comments?post=1773"}],"version-history":[{"count":6,"href":"https:\/\/agora.xtec.cat\/escolamasfalco\/wp-json\/wp\/v2\/pages\/1773\/revisions"}],"predecessor-version":[{"id":1796,"href":"https:\/\/agora.xtec.cat\/escolamasfalco\/wp-json\/wp\/v2\/pages\/1773\/revisions\/1796"}],"wp:attachment":[{"href":"https:\/\/agora.xtec.cat\/escolamasfalco\/wp-json\/wp\/v2\/media?parent=1773"}],"curies":[{"name":"wp","href":"https:\/\/api.w.org\/{rel}","templated":true}]}}

PREINSCRIPCIÓ I MATRÍCULA 2026-2027

<h6><strong>Dates de la preinscripció i matrícula per al curs 2026-2027</strong></h6>
<ul>
<li><strong>Educació infantil (3-6 anys) i educació primària:</strong> del 4 al 18 de març de 2026.</li>
</ul>
<p style="text-align: center;"><a href="https://agora.xtec.cat/escolamasfalco/wp-content/uploads/usu1723/2026/02/Cartell_I3_preinscripcio-2026_2027-768x1085-1.jpg"><img loading="lazy" decoding="async" class="alignnone wp-image-1787" src="https://agora.xtec.cat/escolamasfalco/wp-content/uploads/usu1723/2026/02/Cartell_I3_preinscripcio-2026_2027-768x1085-1-212x300.jpg" alt="" width="294" height="416" srcset="https://agora.xtec.cat/escolamasfalco/wp-content/uploads/usu1723/2026/02/Cartell_I3_preinscripcio-2026_2027-768x1085-1-212x300.jpg 212w, https://agora.xtec.cat/escolamasfalco/wp-content/uploads/usu1723/2026/02/Cartell_I3_preinscripcio-2026_2027-768x1085-1-725x1024.jpg 725w, https://agora.xtec.cat/escolamasfalco/wp-content/uploads/usu1723/2026/02/Cartell_I3_preinscripcio-2026_2027-768x1085-1.jpg 768w" sizes="auto, (max-width: 294px) 100vw, 294px" /></a></p>
<ul>
<li>Podeu trobar tota la informació a la <a href="https://www.edubcn.cat/ca/alumnat_i_familia/informacio_general_matriculacio/preinscripcio_info" target="_blank" rel="noopener">web del Consorci d&#8217;educació de Barcelona. </a></li>
</ul>

<p>Dates de la preinscripció i matrícula per al curs 2026-2027</p>
<ul>
<li>Educació infantil (3-6 anys) i educació primària: del 4 al 18 de març de 2026.</li>
</ul>
<p><a href="https://agora.xtec.cat/escolamasfalco/wp-content/uploads/usu1723/2026/02/Cartell_I3_preinscripcio-2026_2027-768x1085-1.jpg"></a></p>
<ul>
<li>Podeu trobar tota la informació a la <a href="https://www.edubcn.cat/ca/alumnat_i_familia/informacio_general_matriculacio/preinscripcio_info" target="_blank" rel="noopener">web del Consorci d&#8217;educació de Barcelona. </a></li>
</ul>
