{"id":1757,"date":"2026-01-25T19:08:28","date_gmt":"2026-01-25T18:08:28","guid":{"rendered":"https:\/\/agora.xtec.cat\/escolamasfalco\/?page_id=1757"},"modified":"2026-01-25T19:08:28","modified_gmt":"2026-01-25T18:08:28","slug":"cafe-pedagogic-escola-mas-falco","status":"publish","type":"page","link":"https:\/\/agora.xtec.cat\/escolamasfalco\/cafe-pedagogic-escola-mas-falco\/","title":{"rendered":"Caf\u00e8 pedag\u00f2gic \u2013 Escola Mas Falc\u00f3"},"content":{"rendered":"<p><span style=\"font-weight: 400;\">Convidem les fam\u00edlies a con\u00e8ixer el projecte educatiu de l\u2019Escola Mas Falc\u00f3 en un <\/span><b>caf\u00e8 pedag\u00f2gic<\/b><span style=\"font-weight: 400;\">, que tindr\u00e0 lloc el <\/span><b>24 de febrer a les 14:45 h<\/b><span style=\"font-weight: 400;\">.<\/span><span style=\"font-weight: 400;\"><br \/>\n<\/span><span style=\"font-weight: 400;\">Aquest espai de conversa distesa permet resoldre dubtes, fer preguntes i con\u00e8ixer de prop el nostre projecte i l\u2019equip docent. Aquest format substitueix les tradicionals portes obertes.<\/span><\/p>\n<p><span style=\"font-weight: 400;\">Per organitzar la sessi\u00f3, us demanem que respongueu el <\/span><a href=\"https:\/\/forms.gle\/K2QgXzmDYWk9TDSe7\"><b>q\u00fcestionari<\/b><\/a><span style=\"font-weight: 400;\"> amb les vostres dades i preguntes <\/span><b>abans de divendres 30 de gener<\/b><span style=\"font-weight: 400;\">.<\/span><\/p>\n<p><span style=\"font-weight: 400;\">Gr\u00e0cies per la vostra col\u00b7laboraci\u00f3. Properament us informarem dels temes a tractar.<\/span><\/p>\n<p style=\"text-align: center;\"><a href=\"https:\/\/agora.xtec.cat\/escolamasfalco\/wp-content\/uploads\/usu1723\/2026\/01\/instagram-portes-obertes.jpg\"><img loading=\"lazy\" decoding=\"async\" class=\"alignnone size-medium wp-image-1763\" src=\"https:\/\/agora.xtec.cat\/escolamasfalco\/wp-content\/uploads\/usu1723\/2026\/01\/instagram-portes-obertes-300x300.jpg\" alt=\"\" width=\"300\" height=\"300\" srcset=\"https:\/\/agora.xtec.cat\/escolamasfalco\/wp-content\/uploads\/usu1723\/2026\/01\/instagram-portes-obertes-300x300.jpg 300w, https:\/\/agora.xtec.cat\/escolamasfalco\/wp-content\/uploads\/usu1723\/2026\/01\/instagram-portes-obertes-1024x1024.jpg 1024w, https:\/\/agora.xtec.cat\/escolamasfalco\/wp-content\/uploads\/usu1723\/2026\/01\/instagram-portes-obertes-150x150.jpg 150w, https:\/\/agora.xtec.cat\/escolamasfalco\/wp-content\/uploads\/usu1723\/2026\/01\/instagram-portes-obertes-768x768.jpg 768w, https:\/\/agora.xtec.cat\/escolamasfalco\/wp-content\/uploads\/usu1723\/2026\/01\/instagram-portes-obertes.jpg 1080w\" sizes=\"auto, (max-width: 300px) 100vw, 300px\" \/><\/a><\/p>\n<p><i><span style=\"font-weight: 400;\">L\u2019Equip Directiu de l\u2019Escola Mas Falc\u00f3<\/span><\/i><\/p>\n","protected":false},"excerpt":{"rendered":"<p>Convidem les fam\u00edlies a con\u00e8ixer el projecte educatiu de l\u2019Escola Mas Falc\u00f3 en un caf\u00e8 pedag\u00f2gic, que tindr\u00e0 lloc el 24 de febrer a les 14:45 h.<br \/>\nAquest espai de conversa distesa permet resoldre dubtes, fer preguntes i con\u00e8ixer de prop el nostre projecte i l\u2019equip&hellip;  <a href=\"https:\/\/agora.xtec.cat\/escolamasfalco\/cafe-pedagogic-escola-mas-falco\/\" title=\"Read Caf\u00e8 pedag\u00f2gic \u2013 Escola Mas Falc\u00f3\">Llegeix m\u00e9s\u00bb<\/a><\/p>\n","protected":false},"author":1,"featured_media":0,"parent":0,"menu_order":0,"comment_status":"closed","ping_status":"closed","template":"","meta":{"_bbp_topic_count":0,"_bbp_reply_count":0,"_bbp_total_topic_count":0,"_bbp_total_reply_count":0,"_bbp_voice_count":0,"_bbp_anonymous_reply_count":0,"_bbp_topic_count_hidden":0,"_bbp_reply_count_hidden":0,"_bbp_forum_subforum_count":0,"footnotes":""},"class_list":["post-1757","page","type-page","status-publish","hentry"],"post_mailing_queue_ids":[],"_links":{"self":[{"href":"https:\/\/agora.xtec.cat\/escolamasfalco\/wp-json\/wp\/v2\/pages\/1757","targetHints":{"allow":["GET"]}}],"collection":[{"href":"https:\/\/agora.xtec.cat\/escolamasfalco\/wp-json\/wp\/v2\/pages"}],"about":[{"href":"https:\/\/agora.xtec.cat\/escolamasfalco\/wp-json\/wp\/v2\/types\/page"}],"author":[{"embeddable":true,"href":"https:\/\/agora.xtec.cat\/escolamasfalco\/wp-json\/wp\/v2\/users\/1"}],"replies":[{"embeddable":true,"href":"https:\/\/agora.xtec.cat\/escolamasfalco\/wp-json\/wp\/v2\/comments?post=1757"}],"version-history":[{"count":2,"href":"https:\/\/agora.xtec.cat\/escolamasfalco\/wp-json\/wp\/v2\/pages\/1757\/revisions"}],"predecessor-version":[{"id":1770,"href":"https:\/\/agora.xtec.cat\/escolamasfalco\/wp-json\/wp\/v2\/pages\/1757\/revisions\/1770"}],"wp:attachment":[{"href":"https:\/\/agora.xtec.cat\/escolamasfalco\/wp-json\/wp\/v2\/media?parent=1757"}],"curies":[{"name":"wp","href":"https:\/\/api.w.org\/{rel}","templated":true}]}}

Cafè pedagògic – Escola Mas Falcó

<p><span style="font-weight: 400;">Convidem les famílies a conèixer el projecte educatiu de l’Escola Mas Falcó en un </span><b>cafè pedagògic</b><span style="font-weight: 400;">, que tindrà lloc el </span><b>24 de febrer a les 14:45 h</b><span style="font-weight: 400;">.</span><span style="font-weight: 400;"><br />
</span><span style="font-weight: 400;">Aquest espai de conversa distesa permet resoldre dubtes, fer preguntes i conèixer de prop el nostre projecte i l’equip docent. Aquest format substitueix les tradicionals portes obertes.</span></p>
<p><span style="font-weight: 400;">Per organitzar la sessió, us demanem que respongueu el </span><a href="https://forms.gle/K2QgXzmDYWk9TDSe7"><b>qüestionari</b></a><span style="font-weight: 400;"> amb les vostres dades i preguntes </span><b>abans de divendres 30 de gener</b><span style="font-weight: 400;">.</span></p>
<p><span style="font-weight: 400;">Gràcies per la vostra col·laboració. Properament us informarem dels temes a tractar.</span></p>
<p style="text-align: center;"><a href="https://agora.xtec.cat/escolamasfalco/wp-content/uploads/usu1723/2026/01/instagram-portes-obertes.jpg"><img loading="lazy" decoding="async" class="alignnone size-medium wp-image-1763" src="https://agora.xtec.cat/escolamasfalco/wp-content/uploads/usu1723/2026/01/instagram-portes-obertes-300x300.jpg" alt="" width="300" height="300" srcset="https://agora.xtec.cat/escolamasfalco/wp-content/uploads/usu1723/2026/01/instagram-portes-obertes-300x300.jpg 300w, https://agora.xtec.cat/escolamasfalco/wp-content/uploads/usu1723/2026/01/instagram-portes-obertes-1024x1024.jpg 1024w, https://agora.xtec.cat/escolamasfalco/wp-content/uploads/usu1723/2026/01/instagram-portes-obertes-150x150.jpg 150w, https://agora.xtec.cat/escolamasfalco/wp-content/uploads/usu1723/2026/01/instagram-portes-obertes-768x768.jpg 768w, https://agora.xtec.cat/escolamasfalco/wp-content/uploads/usu1723/2026/01/instagram-portes-obertes.jpg 1080w" sizes="auto, (max-width: 300px) 100vw, 300px" /></a></p>
<p><i><span style="font-weight: 400;">L’Equip Directiu de l’Escola Mas Falcó</span></i></p>

<p>Convidem les famílies a conèixer el projecte educatiu de l’Escola Mas Falcó en un cafè pedagògic, que tindrà lloc el 24 de febrer a les 14:45 h.<br />
Aquest espai de conversa distesa permet resoldre dubtes, fer preguntes i conèixer de prop el nostre projecte i l’equip&hellip;  <a href="https://agora.xtec.cat/escolamasfalco/cafe-pedagogic-escola-mas-falco/" title="Read Cafè pedagògic – Escola Mas Falcó">Llegeix més»</a></p>
