{"id":1706,"date":"2025-10-31T13:12:27","date_gmt":"2025-10-31T12:12:27","guid":{"rendered":"https:\/\/agora.xtec.cat\/escolamasfalco\/?page_id=1706"},"modified":"2025-10-31T13:32:27","modified_gmt":"2025-10-31T12:32:27","slug":"cocobe-convivencia-i-benestar-de-lalumnat","status":"publish","type":"page","link":"https:\/\/agora.xtec.cat\/escolamasfalco\/cocobe-convivencia-i-benestar-de-lalumnat\/","title":{"rendered":"COCOBE- Conviv\u00e8ncia i benestar de l&#8217;alumnat"},"content":{"rendered":"<p>Compartim amb vosaltres tots els protocols, documents i infografies relacionats amb la conviv\u00e8ncia i benestar de l&#8217;alumnat.<\/p>\n<ul>\n<li><a href=\"https:\/\/agora.xtec.cat\/escolamasfalco\/wp-content\/uploads\/usu1723\/2025\/06\/protocol-actuacio-davant-violencia.pdf\" target=\"_blank\" rel=\"noopener\">Protocol d&#8217;actuaci\u00f3 davant de qualsevol tipus de viol\u00e8ncia en l&#8217;\u00e0mbit educatiu<\/a><\/li>\n<li><a href=\"https:\/\/agora.xtec.cat\/escolamasfalco\/wp-content\/uploads\/usu1723\/2025\/06\/circuit-actuacio-protocol.pdf\" target=\"_blank\" rel=\"noopener\">Circuit d&#8217;actuaci\u00f3 davant de qualsevol tipus de viol\u00e8ncia en l&#8217;\u00e0mbit educatiu<\/a><\/li>\n<li><a href=\"https:\/\/agora.xtec.cat\/escolamasfalco\/wp-content\/uploads\/usu1723\/2025\/10\/convivencia-5_page-0001-scaled.jpg\" target=\"_blank\" rel=\"noopener\">Infografia COCOBE\u00a0<\/a><\/li>\n<li><a href=\"https:\/\/agora.xtec.cat\/escolamasfalco\/wp-content\/uploads\/usu1723\/2025\/10\/convivencia-5_page-0002-scaled.jpg\" target=\"_blank\" rel=\"noopener\">Canals de comunicaci\u00f3<\/a><\/li>\n<li><a href=\"https:\/\/agora.xtec.cat\/escolamasfalco\/wp-content\/uploads\/usu1723\/2025\/10\/Plantilla-ESC_Mas_Falco_Carta_blau.docx\" target=\"_blank\" rel=\"noopener\">Plantilla &#8220;Queixa formal a la direcci\u00f3 de l&#8217;Escola Mas Falc\u00f3&#8221;<\/a><\/li>\n<\/ul>\n","protected":false},"excerpt":{"rendered":"<p>Compartim amb vosaltres tots els protocols, documents i infografies relacionats amb la conviv\u00e8ncia i benestar de l&#8217;alumnat.<\/p>\n<ul>\n<li><a href=\"https:\/\/agora.xtec.cat\/escolamasfalco\/wp-content\/uploads\/usu1723\/2025\/06\/protocol-actuacio-davant-violencia.pdf\" target=\"_blank\" rel=\"noopener\">Protocol d&#8217;actuaci\u00f3 davant de qualsevol tipus de viol\u00e8ncia en l&#8217;\u00e0mbit educatiu<\/a><\/li>\n<li><a href=\"https:\/\/agora.xtec.cat\/escolamasfalco\/wp-content\/uploads\/usu1723\/2025\/06\/circuit-actuacio-protocol.pdf\" target=\"_blank\" rel=\"noopener\">Circuit d&#8217;actuaci\u00f3 davant de qualsevol tipus de viol\u00e8ncia en l&#8217;\u00e0mbit educatiu<\/a><\/li>\n<li><a href=\"https:\/\/agora.xtec.cat\/escolamasfalco\/wp-content\/uploads\/usu1723\/2025\/10\/convivencia-5_page-0001-scaled.jpg\" target=\"_blank\"&hellip;  <a href=\"https:\/\/agora.xtec.cat\/escolamasfalco\/cocobe-convivencia-i-benestar-de-lalumnat\/\" title=\"Read COCOBE- Conviv\u00e8ncia i benestar de l&#8217;alumnat\">Llegeix m\u00e9s\u00bb<\/a><br \/>\n","protected":false},"author":1,"featured_media":0,"parent":0,"menu_order":0,"comment_status":"closed","ping_status":"closed","template":"","meta":{"_bbp_topic_count":0,"_bbp_reply_count":0,"_bbp_total_topic_count":0,"_bbp_total_reply_count":0,"_bbp_voice_count":0,"_bbp_anonymous_reply_count":0,"_bbp_topic_count_hidden":0,"_bbp_reply_count_hidden":0,"_bbp_forum_subforum_count":0,"footnotes":""},"class_list":["post-1706","page","type-page","status-publish","hentry"],"post_mailing_queue_ids":[],"_links":{"self":[{"href":"https:\/\/agora.xtec.cat\/escolamasfalco\/wp-json\/wp\/v2\/pages\/1706","targetHints":{"allow":["GET"]}}],"collection":[{"href":"https:\/\/agora.xtec.cat\/escolamasfalco\/wp-json\/wp\/v2\/pages"}],"about":[{"href":"https:\/\/agora.xtec.cat\/escolamasfalco\/wp-json\/wp\/v2\/types\/page"}],"author":[{"embeddable":true,"href":"https:\/\/agora.xtec.cat\/escolamasfalco\/wp-json\/wp\/v2\/users\/1"}],"replies":[{"embeddable":true,"href":"https:\/\/agora.xtec.cat\/escolamasfalco\/wp-json\/wp\/v2\/comments?post=1706"}],"version-history":[{"count":6,"href":"https:\/\/agora.xtec.cat\/escolamasfalco\/wp-json\/wp\/v2\/pages\/1706\/revisions"}],"predecessor-version":[{"id":1717,"href":"https:\/\/agora.xtec.cat\/escolamasfalco\/wp-json\/wp\/v2\/pages\/1706\/revisions\/1717"}],"wp:attachment":[{"href":"https:\/\/agora.xtec.cat\/escolamasfalco\/wp-json\/wp\/v2\/media?parent=1706"}],"curies":[{"name":"wp","href":"https:\/\/api.w.org\/{rel}","templated":true}]}}