{"id":775,"date":"2025-03-06T13:04:54","date_gmt":"2025-03-06T12:04:54","guid":{"rendered":"https:\/\/agora.xtec.cat\/escolamasclariana\/?page_id=775"},"modified":"2025-10-03T13:25:49","modified_gmt":"2025-10-03T11:25:49","slug":"erasmus","status":"publish","type":"page","link":"https:\/\/agora.xtec.cat\/escolamasclariana\/erasmus\/","title":{"rendered":"Erasmus+"},"content":{"rendered":"\n<figure class=\"wp-block-image aligncenter size-full is-resized\"><a href=\"https:\/\/agora.xtec.cat\/escolamasclariana\/wp-content\/uploads\/usu3017\/2025\/03\/EU_flag-Erasmusx.jpg_2063069294.jpg\"><img loading=\"lazy\" decoding=\"async\" width=\"800\" height=\"229\" src=\"https:\/\/agora.xtec.cat\/escolamasclariana\/wp-content\/uploads\/usu3017\/2025\/03\/EU_flag-Erasmusx.jpg_2063069294.jpg\" alt=\"\" class=\"wp-image-814\" style=\"width:800px;height:auto\" srcset=\"https:\/\/agora.xtec.cat\/escolamasclariana\/wp-content\/uploads\/usu3017\/2025\/03\/EU_flag-Erasmusx.jpg_2063069294.jpg 800w, https:\/\/agora.xtec.cat\/escolamasclariana\/wp-content\/uploads\/usu3017\/2025\/03\/EU_flag-Erasmusx.jpg_2063069294-300x86.jpg 300w, https:\/\/agora.xtec.cat\/escolamasclariana\/wp-content\/uploads\/usu3017\/2025\/03\/EU_flag-Erasmusx.jpg_2063069294-768x220.jpg 768w\" sizes=\"auto, (max-width: 800px) 100vw, 800px\" \/><\/a><figcaption class=\"wp-element-caption\">Print<\/figcaption><\/figure>\n\n\n\n<p>Erasmus+ \u00e9s el programa de la UE que dona suport a l&#8217;educaci\u00f3, la formaci\u00f3, la joventut i l&#8217;esport a Europa.<\/p>\n\n\n\n<p>Per al per\u00edode 2021-2027, el programa fa especial atenci\u00f3 en la inclusi\u00f3 social, la doble transici\u00f3 ecol\u00f2gica i digital i el foment de la participaci\u00f3 de les persones joves a la vida democr\u00e0tica.<\/p>\n\n\n\n<p>Erasmus+. Aporta caracter\u00edstiques interessants, com ara oportunitats de mobilitat per als alumnes i acreditacions permanents per a institucions d&#8217;educaci\u00f3 escolar. Erasmus+ ofereix una s\u00e8rie d&#8217;oportunitats perqu\u00e8 els alumnes, els professors i la resta del personal educatiu millorin els seus coneixements, habilitats i compet\u00e8ncies. El programa ofereix a les escoles i altres organitzacions la possibilitat de cooperar amb socis a l&#8217;estranger i ser m\u00e9s oberts, din\u00e0mics i atractius.<\/p>\n\n\n\n<p class=\"has-text-align-center\"><a href=\"https:\/\/agora.xtec.cat\/escolamasclariana\/erasmus-mas-clariana\/\" data-type=\"page\" data-id=\"1291\">Erasmus Mas Clariana<\/a><\/p>\n\n\n\n<figure class=\"wp-block-image size-full\"><a href=\"https:\/\/agora.xtec.cat\/escolamasclariana\/wp-content\/uploads\/usu3017\/2025\/04\/ERASMUS.png\"><img loading=\"lazy\" decoding=\"async\" width=\"912\" height=\"492\" src=\"https:\/\/agora.xtec.cat\/escolamasclariana\/wp-content\/uploads\/usu3017\/2025\/04\/ERASMUS.png\" alt=\"\" class=\"wp-image-1017\" srcset=\"https:\/\/agora.xtec.cat\/escolamasclariana\/wp-content\/uploads\/usu3017\/2025\/04\/ERASMUS.png 912w, https:\/\/agora.xtec.cat\/escolamasclariana\/wp-content\/uploads\/usu3017\/2025\/04\/ERASMUS-300x162.png 300w, https:\/\/agora.xtec.cat\/escolamasclariana\/wp-content\/uploads\/usu3017\/2025\/04\/ERASMUS-768x414.png 768w\" sizes=\"auto, (max-width: 912px) 100vw, 912px\" \/><\/a><\/figure>\n","protected":false},"excerpt":{"rendered":"<p>Erasmus+ \u00e9s el programa de la UE que dona suport a l&#8217;educaci\u00f3, la formaci\u00f3, la joventut i l&#8217;esport a Europa. Per al per\u00edode 2021-2027, el programa fa especial atenci\u00f3 en la inclusi\u00f3 social, la doble transici\u00f3 ecol\u00f2gica i digital i el foment de la participaci\u00f3 de les persones joves a la vida democr\u00e0tica. Erasmus+. Aporta [&hellip;]<\/p>\n","protected":false},"author":1,"featured_media":0,"parent":0,"menu_order":0,"comment_status":"closed","ping_status":"close","template":"","meta":{"site-sidebar-layout":"default","site-content-layout":"","ast-site-content-layout":"default","site-content-style":"default","site-sidebar-style":"default","ast-global-header-display":"","ast-banner-title-visibility":"","ast-main-header-display":"","ast-hfb-above-header-display":"","ast-hfb-below-header-display":"","ast-hfb-mobile-header-display":"","site-post-title":"","ast-breadcrumbs-content":"","ast-featured-img":"","footer-sml-layout":"","theme-transparent-header-meta":"","adv-header-id-meta":"","stick-header-meta":"","header-above-stick-meta":"","header-main-stick-meta":"","header-below-stick-meta":"","astra-migrate-meta-layouts":"set","ast-page-background-enabled":"default","ast-page-background-meta":{"desktop":{"background-color":"var(--ast-global-color-4)","background-image":"","background-repeat":"repeat","background-position":"center center","background-size":"auto","background-attachment":"scroll","background-type":"","background-media":"","overlay-type":"","overlay-color":"","overlay-opacity":"","overlay-gradient":""},"tablet":{"background-color":"","background-image":"","background-repeat":"repeat","background-position":"center center","background-size":"auto","background-attachment":"scroll","background-type":"","background-media":"","overlay-type":"","overlay-color":"","overlay-opacity":"","overlay-gradient":""},"mobile":{"background-color":"","background-image":"","background-repeat":"repeat","background-position":"center center","background-size":"auto","background-attachment":"scroll","background-type":"","background-media":"","overlay-type":"","overlay-color":"","overlay-opacity":"","overlay-gradient":""}},"ast-content-background-meta":{"desktop":{"background-color":"var(--ast-global-color-5)","background-image":"","background-repeat":"repeat","background-position":"center center","background-size":"auto","background-attachment":"scroll","background-type":"","background-media":"","overlay-type":"","overlay-color":"","overlay-opacity":"","overlay-gradient":""},"tablet":{"background-color":"var(--ast-global-color-5)","background-image":"","background-repeat":"repeat","background-position":"center center","background-size":"auto","background-attachment":"scroll","background-type":"","background-media":"","overlay-type":"","overlay-color":"","overlay-opacity":"","overlay-gradient":""},"mobile":{"background-color":"var(--ast-global-color-5)","background-image":"","background-repeat":"repeat","background-position":"center center","background-size":"auto","background-attachment":"scroll","background-type":"","background-media":"","overlay-type":"","overlay-color":"","overlay-opacity":"","overlay-gradient":""}},"footnotes":""},"class_list":["post-775","page","type-page","status-publish","hentry"],"post_mailing_queue_ids":[],"_links":{"self":[{"href":"https:\/\/agora.xtec.cat\/escolamasclariana\/wp-json\/wp\/v2\/pages\/775","targetHints":{"allow":["GET"]}}],"collection":[{"href":"https:\/\/agora.xtec.cat\/escolamasclariana\/wp-json\/wp\/v2\/pages"}],"about":[{"href":"https:\/\/agora.xtec.cat\/escolamasclariana\/wp-json\/wp\/v2\/types\/page"}],"author":[{"embeddable":true,"href":"https:\/\/agora.xtec.cat\/escolamasclariana\/wp-json\/wp\/v2\/users\/1"}],"replies":[{"embeddable":true,"href":"https:\/\/agora.xtec.cat\/escolamasclariana\/wp-json\/wp\/v2\/comments?post=775"}],"version-history":[{"count":6,"href":"https:\/\/agora.xtec.cat\/escolamasclariana\/wp-json\/wp\/v2\/pages\/775\/revisions"}],"predecessor-version":[{"id":1310,"href":"https:\/\/agora.xtec.cat\/escolamasclariana\/wp-json\/wp\/v2\/pages\/775\/revisions\/1310"}],"wp:attachment":[{"href":"https:\/\/agora.xtec.cat\/escolamasclariana\/wp-json\/wp\/v2\/media?parent=775"}],"curies":[{"name":"wp","href":"https:\/\/api.w.org\/{rel}","templated":true}]}}