{"id":24,"date":"2014-09-18T12:23:15","date_gmt":"2014-09-18T11:23:15","guid":{"rendered":"https:\/\/agora.xtec.cat\/escolamasclariana\/?page_id=24"},"modified":"2025-09-29T13:17:40","modified_gmt":"2025-09-29T11:17:40","slug":"on-som","status":"publish","type":"page","link":"https:\/\/agora.xtec.cat\/escolamasclariana\/lescola\/on-som\/","title":{"rendered":"On som?"},"content":{"rendered":"\n<p><strong>Escola Mas Clariana<\/strong><br>Carrer Castell de Siurana n\u00ba1<br>43850 Cambrils<\/p>\n\n\n\n<p>Tel. 977 37 87 22<br>e3010581@xtec.cat@xtec.cat<\/p>\n\n\n\n<p>Horari de contacte de 9:00h a 12:30 i 15:00h a 16:30h<\/p>\n\n\n\n<p><\/p>\n\n\n\n<iframe src=\"https:\/\/www.google.com\/maps\/embed?pb=!1m18!1m12!1m3!1d3571.4653708398323!2d1.1000119765893155!3d41.078830871340834!2m3!1f0!2f0!3f0!3m2!1i1024!2i768!4f13.1!3m3!1m2!1s0x12a15a53fb5f1563%3A0x34385cf50e4a6fb!2sEscola%20Mas%20Clariana!5e1!3m2!1sca!2ses!4v1739277378732!5m2!1sca!2ses\" width=\"800\" height=\"600\" style=\"border:0;\" allowfullscreen=\"\" loading=\"lazy\" referrerpolicy=\"no-referrer-when-downgrade\"><\/iframe>\n\n\n\n<div style=\"height:53px\" aria-hidden=\"true\" class=\"wp-block-spacer\"><\/div>\n\n\n\n<p><\/p>\n\n\n\n<p class=\"has-text-align-left\">Som una escola ubicada al barri de Vilafortuny, al municipi de Cambrils, en un entorn caracteritzat per uns condicionants del medi social i cultural molt enriquidors. L\u2019escola est\u00e0 rodejada de vivendes unifamiliars, aix\u00ed com de diversos parcs infantils en plena natura, un centre c\u00edvic i ben comunicada amb la resta del municipi, el qual ens proporciona altres infraestructures com: la biblioteca municipal, el CAP, el poliesportiu, l\u2019escola de m\u00fasica, el port mar\u00edtim i diferents parcs.\u2028Vam iniciar la nostra traject\u00f2ria el curs 2006-2007, i des d\u2019aleshores hem anat creixent any rere any, fins a arribar a ser una escola de dues l\u00ednies amb nens i nenes des de I3 d\u2019Educaci\u00f3 Infantil fins a 6\u00e8 de prim\u00e0ria.<\/p>\n","protected":false},"excerpt":{"rendered":"<p>Escola Mas ClarianaCarrer Castell de Siurana n\u00ba143850 Cambrils Tel. 977 37 87 22e3010581@xtec.cat@xtec.cat Horari de contacte de 9:00h a 12:30 i 15:00h a 16:30h Som una escola ubicada al barri de Vilafortuny, al municipi de Cambrils, en un entorn caracteritzat per uns condicionants del medi social i cultural molt enriquidors. L\u2019escola est\u00e0 rodejada de vivendes [&hellip;]<\/p>\n","protected":false},"author":1,"featured_media":0,"parent":22,"menu_order":10,"comment_status":"closed","ping_status":"closed","template":"","meta":{"site-sidebar-layout":"default","site-content-layout":"","ast-site-content-layout":"default","site-content-style":"default","site-sidebar-style":"default","ast-global-header-display":"","ast-banner-title-visibility":"","ast-main-header-display":"","ast-hfb-above-header-display":"","ast-hfb-below-header-display":"","ast-hfb-mobile-header-display":"","site-post-title":"","ast-breadcrumbs-content":"","ast-featured-img":"","footer-sml-layout":"","theme-transparent-header-meta":"","adv-header-id-meta":"","stick-header-meta":"","header-above-stick-meta":"","header-main-stick-meta":"","header-below-stick-meta":"","astra-migrate-meta-layouts":"set","ast-page-background-enabled":"default","ast-page-background-meta":{"desktop":{"background-color":"var(--ast-global-color-4)","background-image":"","background-repeat":"repeat","background-position":"center center","background-size":"auto","background-attachment":"scroll","background-type":"","background-media":"","overlay-type":"","overlay-color":"","overlay-opacity":"","overlay-gradient":""},"tablet":{"background-color":"","background-image":"","background-repeat":"repeat","background-position":"center center","background-size":"auto","background-attachment":"scroll","background-type":"","background-media":"","overlay-type":"","overlay-color":"","overlay-opacity":"","overlay-gradient":""},"mobile":{"background-color":"","background-image":"","background-repeat":"repeat","background-position":"center center","background-size":"auto","background-attachment":"scroll","background-type":"","background-media":"","overlay-type":"","overlay-color":"","overlay-opacity":"","overlay-gradient":""}},"ast-content-background-meta":{"desktop":{"background-color":"var(--ast-global-color-5)","background-image":"","background-repeat":"repeat","background-position":"center center","background-size":"auto","background-attachment":"scroll","background-type":"","background-media":"","overlay-type":"","overlay-color":"","overlay-opacity":"","overlay-gradient":""},"tablet":{"background-color":"var(--ast-global-color-5)","background-image":"","background-repeat":"repeat","background-position":"center center","background-size":"auto","background-attachment":"scroll","background-type":"","background-media":"","overlay-type":"","overlay-color":"","overlay-opacity":"","overlay-gradient":""},"mobile":{"background-color":"var(--ast-global-color-5)","background-image":"","background-repeat":"repeat","background-position":"center center","background-size":"auto","background-attachment":"scroll","background-type":"","background-media":"","overlay-type":"","overlay-color":"","overlay-opacity":"","overlay-gradient":""}},"footnotes":""},"class_list":["post-24","page","type-page","status-publish","hentry"],"post_mailing_queue_ids":[],"_links":{"self":[{"href":"https:\/\/agora.xtec.cat\/escolamasclariana\/wp-json\/wp\/v2\/pages\/24","targetHints":{"allow":["GET"]}}],"collection":[{"href":"https:\/\/agora.xtec.cat\/escolamasclariana\/wp-json\/wp\/v2\/pages"}],"about":[{"href":"https:\/\/agora.xtec.cat\/escolamasclariana\/wp-json\/wp\/v2\/types\/page"}],"author":[{"embeddable":true,"href":"https:\/\/agora.xtec.cat\/escolamasclariana\/wp-json\/wp\/v2\/users\/1"}],"replies":[{"embeddable":true,"href":"https:\/\/agora.xtec.cat\/escolamasclariana\/wp-json\/wp\/v2\/comments?post=24"}],"version-history":[{"count":6,"href":"https:\/\/agora.xtec.cat\/escolamasclariana\/wp-json\/wp\/v2\/pages\/24\/revisions"}],"predecessor-version":[{"id":1284,"href":"https:\/\/agora.xtec.cat\/escolamasclariana\/wp-json\/wp\/v2\/pages\/24\/revisions\/1284"}],"up":[{"embeddable":true,"href":"https:\/\/agora.xtec.cat\/escolamasclariana\/wp-json\/wp\/v2\/pages\/22"}],"wp:attachment":[{"href":"https:\/\/agora.xtec.cat\/escolamasclariana\/wp-json\/wp\/v2\/media?parent=24"}],"curies":[{"name":"wp","href":"https:\/\/api.w.org\/{rel}","templated":true}]}}