{"id":791,"date":"2018-09-25T13:33:24","date_gmt":"2018-09-25T11:33:24","guid":{"rendered":"http:\/\/agora.xtec.cat\/escolamartipolsantfeliu\/?page_id=791"},"modified":"2025-12-17T11:20:09","modified_gmt":"2025-12-17T10:20:09","slug":"educacio-fisica","status":"publish","type":"page","link":"https:\/\/agora.xtec.cat\/escolamartipolsantfeliu\/projecte-educatiu\/educacio-fisica\/","title":{"rendered":"Educaci\u00f3 F\u00edsica"},"content":{"rendered":"<div style=\"width: 100%;\">\n<div style=\"position: relative; padding-bottom: 56.25%; padding-top: 0; height: 0;\"><iframe loading=\"lazy\" src=\"https:\/\/view.genial.ly\/5f59d69279626a0d71279a2f\" width=\"700\" height=\"360\" frameborder=\"0\"><\/iframe><\/div>\n<\/div>\n<p>El Pla d\u2019actuaci\u00f3 per aquest curs per a centres educatius en el marc de la pand\u00e8mia recomana que l\u2019educaci\u00f3 f\u00edsica es realitzi a l\u2019aire lliure -a l\u2019espai del pati- sempre que sigui possible, evitant la franja hor\u00e0ria de major exposici\u00f3 solar durant els mesos de calor. Si l\u2019activitat t\u00e9 lloc a l\u2019exterior i\/o es mantenen els grups estables no ser\u00e0 necessari l\u2019\u00fas de mascareta.<\/p>\n<p>Els vestidors en qu\u00e8 es pugui garantir que hi ha neteja i desinfecci\u00f3 entre grups i amb bona ventilaci\u00f3 es podran utilitzar.<\/p>\n<p>D\u2019altra banda, la pand\u00e8mia actual brinda una oportunitat \u00fanica per a consolidar alguns h\u00e0bits i conductes que s\u00f3n imprescindibles en qualsevol context:<\/p>\n<ul>\n<li>Tenir cura d\u2019un mateix i de les persones que envolten.<\/li>\n<li>Actuar amb responsabilitat per protegir els m\u00e9s vulnerables.<\/li>\n<li>Rentar-se les mans de manera freq\u00fcent i sistem\u00e0tica.<\/li>\n<\/ul>\n<p><a href=\"http:\/\/agora.xtec.cat\/escolamartipolsantfeliu\/wp-content\/uploads\/usu1726\/2018\/09\/piramideactivitatf\u00edsica.png\"><img loading=\"lazy\" decoding=\"async\" class=\"aligncenter wp-image-684\" src=\"http:\/\/agora.xtec.cat\/escolamartipolsantfeliu\/wp-content\/uploads\/usu1726\/2018\/09\/piramideactivitatf\u00edsica.png\" alt=\"\" width=\"348\" height=\"314\" srcset=\"https:\/\/agora.xtec.cat\/escolamartipolsantfeliu\/wp-content\/uploads\/usu1726\/2018\/09\/piramideactivitatf\u00edsica.png 574w, https:\/\/agora.xtec.cat\/escolamartipolsantfeliu\/wp-content\/uploads\/usu1726\/2018\/09\/piramideactivitatf\u00edsica-300x271.png 300w\" sizes=\"auto, (max-width: 348px) 100vw, 348px\" \/><\/a>\u26bd\u26be\ud83c\udfc0\ud83c\udfd0\ud83c\udfc8\ud83c\udfc9\ud83c\udfbe<\/p>\n<p>Els alumnes de primer i segon nom\u00e9s han de portar roba esportiva per a realitzar les classes d\u2019educaci\u00f3 f\u00edsica, no es canviaran. Per tal que es puguin hidratar\u00a0 podran portar una ampolla d\u2019aigua amb el seu nom.<\/p>\n<p>Els alumnes de 3r, 4t, 5\u00e8 i 6\u00e8 de prim\u00e0ria han de portar un necesser amb una tovallola petita per rentar-se despr\u00e9s de les classes i una samarreta de recanvi per poder-se canviar. \u00c9s important no oblidar-se per tal de treballar els h\u00e0bits de salut i d\u2019higiene personal en finalitzar les classes d\u2019educaci\u00f3 f\u00edsica.<\/p>\n<p>Al llarg del curs tots els nivells es far\u00e0 una sortida esportiva on els alumnes es trobaran i compartiran activitats amb nens i nenes d\u2019altres escoles de la ciutat.<\/p>\n<p>Des de l\u2019\u00e0rea d\u2019educaci\u00f3 f\u00edsica, ens agrada cuidar el benestar dels nostres infants, i sabem que una alimentaci\u00f3 saludable \u00e9s una pe\u00e7a clau per al seu desenvolupament f\u00edsic, emocional i acad\u00e8mic. Gr\u00e0cies\u00a0 a totes les fam\u00edlies per acompanyar els vostres fills i filles en l\u2019elecci\u00f3 d\u2019aliments saludables cada mat\u00ed. La vostra implicaci\u00f3 \u00e9s clau perqu\u00e8 puguin adquirir h\u00e0bits que els acompanyaran tota la vida.<\/p>\n","protected":false},"excerpt":{"rendered":"<p>El Pla d\u2019actuaci\u00f3 per aquest curs per a centres educatius en el marc de la pand\u00e8mia recomana que l\u2019educaci\u00f3 f\u00edsica es realitzi a l\u2019aire lliure -a l\u2019espai del pati- sempre que sigui possible, evitant la franja hor\u00e0ria de major exposici\u00f3 solar durant els mesos de calor. Si l\u2019activitat t\u00e9 lloc a l\u2019exterior i\/o es mantenen [&hellip;]<\/p>\n","protected":false},"author":1,"featured_media":0,"parent":64,"menu_order":3,"comment_status":"closed","ping_status":"closed","template":"page-templates\/side-menu.php","meta":{"_bbp_topic_count":0,"_bbp_reply_count":0,"_bbp_total_topic_count":0,"_bbp_total_reply_count":0,"_bbp_voice_count":0,"_bbp_anonymous_reply_count":0,"_bbp_topic_count_hidden":0,"_bbp_reply_count_hidden":0,"_bbp_forum_subforum_count":0,"site-sidebar-layout":"default","site-content-layout":"","ast-site-content-layout":"","site-content-style":"default","site-sidebar-style":"default","ast-global-header-display":"","ast-banner-title-visibility":"","ast-main-header-display":"","ast-hfb-above-header-display":"","ast-hfb-below-header-display":"","ast-hfb-mobile-header-display":"","site-post-title":"","ast-breadcrumbs-content":"","ast-featured-img":"","footer-sml-layout":"","theme-transparent-header-meta":"","adv-header-id-meta":"","stick-header-meta":"","header-above-stick-meta":"","header-main-stick-meta":"","header-below-stick-meta":"","astra-migrate-meta-layouts":"default","ast-page-background-enabled":"default","ast-page-background-meta":{"desktop":{"background-color":"var(--ast-global-color-4)","background-image":"","background-repeat":"repeat","background-position":"center center","background-size":"auto","background-attachment":"scroll","background-type":"","background-media":"","overlay-type":"","overlay-color":"","overlay-opacity":"","overlay-gradient":""},"tablet":{"background-color":"","background-image":"","background-repeat":"repeat","background-position":"center center","background-size":"auto","background-attachment":"scroll","background-type":"","background-media":"","overlay-type":"","overlay-color":"","overlay-opacity":"","overlay-gradient":""},"mobile":{"background-color":"","background-image":"","background-repeat":"repeat","background-position":"center center","background-size":"auto","background-attachment":"scroll","background-type":"","background-media":"","overlay-type":"","overlay-color":"","overlay-opacity":"","overlay-gradient":""}},"ast-content-background-meta":{"desktop":{"background-color":"var(--ast-global-color-5)","background-image":"","background-repeat":"repeat","background-position":"center center","background-size":"auto","background-attachment":"scroll","background-type":"","background-media":"","overlay-type":"","overlay-color":"","overlay-opacity":"","overlay-gradient":""},"tablet":{"background-color":"var(--ast-global-color-5)","background-image":"","background-repeat":"repeat","background-position":"center center","background-size":"auto","background-attachment":"scroll","background-type":"","background-media":"","overlay-type":"","overlay-color":"","overlay-opacity":"","overlay-gradient":""},"mobile":{"background-color":"var(--ast-global-color-5)","background-image":"","background-repeat":"repeat","background-position":"center center","background-size":"auto","background-attachment":"scroll","background-type":"","background-media":"","overlay-type":"","overlay-color":"","overlay-opacity":"","overlay-gradient":""}},"footnotes":""},"class_list":["post-791","page","type-page","status-publish","hentry"],"post_mailing_queue_ids":[],"_links":{"self":[{"href":"https:\/\/agora.xtec.cat\/escolamartipolsantfeliu\/wp-json\/wp\/v2\/pages\/791","targetHints":{"allow":["GET"]}}],"collection":[{"href":"https:\/\/agora.xtec.cat\/escolamartipolsantfeliu\/wp-json\/wp\/v2\/pages"}],"about":[{"href":"https:\/\/agora.xtec.cat\/escolamartipolsantfeliu\/wp-json\/wp\/v2\/types\/page"}],"author":[{"embeddable":true,"href":"https:\/\/agora.xtec.cat\/escolamartipolsantfeliu\/wp-json\/wp\/v2\/users\/1"}],"replies":[{"embeddable":true,"href":"https:\/\/agora.xtec.cat\/escolamartipolsantfeliu\/wp-json\/wp\/v2\/comments?post=791"}],"version-history":[{"count":5,"href":"https:\/\/agora.xtec.cat\/escolamartipolsantfeliu\/wp-json\/wp\/v2\/pages\/791\/revisions"}],"predecessor-version":[{"id":4027,"href":"https:\/\/agora.xtec.cat\/escolamartipolsantfeliu\/wp-json\/wp\/v2\/pages\/791\/revisions\/4027"}],"up":[{"embeddable":true,"href":"https:\/\/agora.xtec.cat\/escolamartipolsantfeliu\/wp-json\/wp\/v2\/pages\/64"}],"wp:attachment":[{"href":"https:\/\/agora.xtec.cat\/escolamartipolsantfeliu\/wp-json\/wp\/v2\/media?parent=791"}],"curies":[{"name":"wp","href":"https:\/\/api.w.org\/{rel}","templated":true}]}}