{"id":594,"date":"2018-05-04T12:18:32","date_gmt":"2018-05-04T10:18:32","guid":{"rendered":"http:\/\/agora.xtec.cat\/escolamartipolsantfeliu\/?page_id=594"},"modified":"2025-06-12T12:54:32","modified_gmt":"2025-06-12T10:54:32","slug":"la-veu-dels-nostres-alumnes","status":"publish","type":"page","link":"https:\/\/agora.xtec.cat\/escolamartipolsantfeliu\/projectes-de-lescola\/la-veu-dels-nostres-alumnes\/","title":{"rendered":"La veu dels infants"},"content":{"rendered":"<div class=\"ff6\">\n<h5 style=\"text-align: justify;\"><span style=\"font-size: 12pt; font-family: Arial, sans-serif; color: #000000; font-weight: normal;\"> <img loading=\"lazy\" decoding=\"async\" class=\"aligncenter wp-image-3690\" src=\"https:\/\/agora.xtec.cat\/escolamartipolsantfeliu\/wp-content\/uploads\/usu1726\/2025\/06\/Captura-de-pantalla-2025-06-12-125348.png\" alt=\"\" width=\"382\" height=\"219\" srcset=\"https:\/\/agora.xtec.cat\/escolamartipolsantfeliu\/wp-content\/uploads\/usu1726\/2025\/06\/Captura-de-pantalla-2025-06-12-125348.png 309w, https:\/\/agora.xtec.cat\/escolamartipolsantfeliu\/wp-content\/uploads\/usu1726\/2025\/06\/Captura-de-pantalla-2025-06-12-125348-300x172.png 300w\" sizes=\"auto, (max-width: 382px) 100vw, 382px\" \/><\/span><\/h5>\n<h5 style=\"text-align: justify;\"><span style=\"font-size: 12pt; font-family: Arial, sans-serif; color: #000000; font-weight: normal;\">Tot el que es fa l\u2019escola est\u00e0 pensat per als nostres infants, per tant, \u00e9s imprescindible donar-los veu i escoltar-los per tal que ens puguin fer arribar els neguits, les propostes, les valoracions del que es fa\u2026<\/span><\/h5>\n<h5 style=\"text-align: justify;\"><span style=\"font-size: 12pt; font-family: Arial, sans-serif; color: #000000; font-weight: normal;\">\u00c9s per aix\u00f2 que a partir de 1r (i I5 a l\u2019\u00faltim trimestre) i fins a 6\u00e8, cada classe t\u00e9 un\/a delegat\/da que recull propostes de millora, canvis, opinions, valoracions de festes i activitats\u2026 dels seus companys\/es. Per aix\u00f2, cada setmana tenen una sessi\u00f3 de tutoria grupal on es plantegen tant din\u00e0miques de cohesi\u00f3 com debats on tothom pot fer arribar qu\u00e8 li amo\u00efna, qu\u00e8 vol canviar\u2026<\/span><\/h5>\n<h5 style=\"text-align: justify;\"><span style=\"font-size: 12pt; font-family: Arial, sans-serif; color: #000000; font-weight: normal;\">Un cop al mes, es reuneixen tots els delegats\/des de classe amb l\u2019Equip Directiu per tal de posar en com\u00fa aquestes propostes i fer-les extensives al Claustre de mestres.<\/span><\/h5>\n<h5 style=\"text-align: justify;\"><span style=\"font-size: 12pt; font-family: Arial, sans-serif; color: #000000; font-weight: normal;\">Cada tutor\/a t\u00e9 una sessi\u00f3 setmanal per fer atenci\u00f3 individual a cada infant i poder ajudar-los en all\u00f2 que necessitin.<\/span><\/h5>\n<\/div>\n<div class=\"ff6\"><\/div>\n<div class=\"ff6\"><\/div>\n","protected":false},"excerpt":{"rendered":"<p>Tot el que es fa l\u2019escola est\u00e0 pensat per als nostres infants, per tant, \u00e9s imprescindible donar-los veu i escoltar-los per tal que ens puguin fer arribar els neguits, les propostes, les valoracions del que es fa\u2026 \u00c9s per aix\u00f2 que a partir de 1r (i I5 a l\u2019\u00faltim trimestre) i fins a 6\u00e8, cada [&hellip;]<\/p>\n","protected":false},"author":1,"featured_media":0,"parent":548,"menu_order":5,"comment_status":"closed","ping_status":"closed","template":"page-templates\/side-menu.php","meta":{"_bbp_topic_count":0,"_bbp_reply_count":0,"_bbp_total_topic_count":0,"_bbp_total_reply_count":0,"_bbp_voice_count":0,"_bbp_anonymous_reply_count":0,"_bbp_topic_count_hidden":0,"_bbp_reply_count_hidden":0,"_bbp_forum_subforum_count":0,"site-sidebar-layout":"default","site-content-layout":"","ast-site-content-layout":"","site-content-style":"default","site-sidebar-style":"default","ast-global-header-display":"","ast-banner-title-visibility":"","ast-main-header-display":"","ast-hfb-above-header-display":"","ast-hfb-below-header-display":"","ast-hfb-mobile-header-display":"","site-post-title":"","ast-breadcrumbs-content":"","ast-featured-img":"","footer-sml-layout":"","theme-transparent-header-meta":"","adv-header-id-meta":"","stick-header-meta":"","header-above-stick-meta":"","header-main-stick-meta":"","header-below-stick-meta":"","astra-migrate-meta-layouts":"default","ast-page-background-enabled":"default","ast-page-background-meta":{"desktop":{"background-color":"var(--ast-global-color-4)","background-image":"","background-repeat":"repeat","background-position":"center center","background-size":"auto","background-attachment":"scroll","background-type":"","background-media":"","overlay-type":"","overlay-color":"","overlay-opacity":"","overlay-gradient":""},"tablet":{"background-color":"","background-image":"","background-repeat":"repeat","background-position":"center center","background-size":"auto","background-attachment":"scroll","background-type":"","background-media":"","overlay-type":"","overlay-color":"","overlay-opacity":"","overlay-gradient":""},"mobile":{"background-color":"","background-image":"","background-repeat":"repeat","background-position":"center center","background-size":"auto","background-attachment":"scroll","background-type":"","background-media":"","overlay-type":"","overlay-color":"","overlay-opacity":"","overlay-gradient":""}},"ast-content-background-meta":{"desktop":{"background-color":"var(--ast-global-color-5)","background-image":"","background-repeat":"repeat","background-position":"center center","background-size":"auto","background-attachment":"scroll","background-type":"","background-media":"","overlay-type":"","overlay-color":"","overlay-opacity":"","overlay-gradient":""},"tablet":{"background-color":"var(--ast-global-color-5)","background-image":"","background-repeat":"repeat","background-position":"center center","background-size":"auto","background-attachment":"scroll","background-type":"","background-media":"","overlay-type":"","overlay-color":"","overlay-opacity":"","overlay-gradient":""},"mobile":{"background-color":"var(--ast-global-color-5)","background-image":"","background-repeat":"repeat","background-position":"center center","background-size":"auto","background-attachment":"scroll","background-type":"","background-media":"","overlay-type":"","overlay-color":"","overlay-opacity":"","overlay-gradient":""}},"footnotes":""},"class_list":["post-594","page","type-page","status-publish","hentry"],"post_mailing_queue_ids":[],"_links":{"self":[{"href":"https:\/\/agora.xtec.cat\/escolamartipolsantfeliu\/wp-json\/wp\/v2\/pages\/594","targetHints":{"allow":["GET"]}}],"collection":[{"href":"https:\/\/agora.xtec.cat\/escolamartipolsantfeliu\/wp-json\/wp\/v2\/pages"}],"about":[{"href":"https:\/\/agora.xtec.cat\/escolamartipolsantfeliu\/wp-json\/wp\/v2\/types\/page"}],"author":[{"embeddable":true,"href":"https:\/\/agora.xtec.cat\/escolamartipolsantfeliu\/wp-json\/wp\/v2\/users\/1"}],"replies":[{"embeddable":true,"href":"https:\/\/agora.xtec.cat\/escolamartipolsantfeliu\/wp-json\/wp\/v2\/comments?post=594"}],"version-history":[{"count":5,"href":"https:\/\/agora.xtec.cat\/escolamartipolsantfeliu\/wp-json\/wp\/v2\/pages\/594\/revisions"}],"predecessor-version":[{"id":3691,"href":"https:\/\/agora.xtec.cat\/escolamartipolsantfeliu\/wp-json\/wp\/v2\/pages\/594\/revisions\/3691"}],"up":[{"embeddable":true,"href":"https:\/\/agora.xtec.cat\/escolamartipolsantfeliu\/wp-json\/wp\/v2\/pages\/548"}],"wp:attachment":[{"href":"https:\/\/agora.xtec.cat\/escolamartipolsantfeliu\/wp-json\/wp\/v2\/media?parent=594"}],"curies":[{"name":"wp","href":"https:\/\/api.w.org\/{rel}","templated":true}]}}